{"id":2,"date":"2015-05-07T10:47:31","date_gmt":"2015-05-07T10:47:31","guid":{"rendered":"http:\/\/pubweb.carnet.hr\/uhgf\/?page_id=2"},"modified":"2022-01-28T15:59:06","modified_gmt":"2022-01-28T14:59:06","slug":"primjer-stranice","status":"publish","type":"page","link":"https:\/\/pubweb.carnet.hr\/uhgf\/primjer-stranice\/","title":{"rendered":"O nama"},"content":{"rendered":"<p>Udruga hrvatskih gra\u0111evinskih fakulteta udru\u017eenje je svih gra\u0111evinskih fakulteta koji u obrazovnom ciklusu koriste hrvatski jezik kao slu\u017ebeni jezik i registrirani su u Republici Hrvatskoj ili inozemstvu. Na poticaj osje\u010dkog Gra\u0111evinskog fakulteta, Udruga je utemeljena 20.lipnja 2008.godine u Rijeci, a prvim predsjednikom izabran je\u00a0prof.dr.sc Mladen Radujkovi\u0107 sa zagreba\u010dkog Gra\u0111evinskog fakulteta. Udrugu \u010dine slijede\u0107e \u010dlanice:<\/p>\n<ul>\n<li>Gra\u0111evinski fakultet Sveu\u010dili\u0161ta u Zagrebu<\/li>\n<li>Gra\u0111evinski fakultet Sveu\u010dili\u0161ta u Rijeci<\/li>\n<li>Gra\u0111evinski i arhitektonski fakultet Sveu\u010dili\u0161ta J. J. Strossmayera u Osijeku<\/li>\n<li>Fakultet gra\u0111evinarstva, arhitekture i geodezije Sveu\u010dili\u0161ta u Splitu<\/li>\n<li>Fakultet gra\u0111evinarstva, arhitekture i geodezije Sveu\u010dili\u0161ta u Mostaru.<\/li>\n<\/ul>\n<p>Predsjednik Udruge: prof. dr. sc.\u00a0Damir Varevac,\u00a0Gra\u0111evinski i arhitektonski fakultet Sveu\u010dili\u0161ta J. J. Strossmayera u Osijeku<\/p>\n<p><strong>Misija<\/strong><\/p>\n<p>Misija UHGF je promicanje i unaprije\u0111ivanje gra\u0111evinske struke i njoj srodnih struka, zajedni\u010dkim djelovanjem hrvatskih gra\u0111evinskih fakulteta s ciljem osiguravanja visoke kvalitete znanstvene, obrazovne i stru\u010dne aktivnosti prepoznatljive i uva\u017eene na me\u0111unarodnom tr\u017ei\u0161tu rada i usluga.<\/p>\n<p><strong>Vizija<\/strong><\/p>\n<p>UHGF okupljanjem vode\u0107ih znanstvenika, nastavnika i stru\u010dnjaka s podru\u010dja gra\u0111evinarstva i njemu srodnim znanstvenim i stru\u010dnim podru\u010djima aktivno sudjeluje u razvoju struke kroz zajedni\u010dko promi\u0161ljanje o svima va\u017enim pitanjima, razmjenu znanja i iskustava te suradnju sa sli\u010dnim me\u0111unarodnim udru\u017eenjima. Na taj na\u010din Udruga postaje neizostavan subjekt i mjesto stjecanja relevantnih profesionalnih informacija za sve svoje \u010dlanice ali i druge zainteresiranje organizacije i pojedince.<\/p>\n","protected":false},"excerpt":{"rendered":"<p>Udruga hrvatskih gra\u0111evinskih fakulteta udru\u017eenje je svih gra\u0111evinskih fakulteta koji u obrazovnom ciklusu koriste hrvatski jezik kao slu\u017ebeni jezik i registrirani su u Republici Hrvatskoj ili inozemstvu. Na poticaj osje\u010dkog Gra\u0111evinskog fakulteta, Udruga je utemeljena 20.lipnja 2008.godine u Rijeci, a prvim predsjednikom izabran je\u00a0prof.dr.sc Mladen Radujkovi\u0107 sa zagreba\u010dkog Gra\u0111evinskog fakulteta. Udrugu \u010dine slijede\u0107e \u010dlanice: Gra\u0111evinski [&hellip;]<\/p>\n","protected":false},"author":534,"featured_media":0,"parent":0,"menu_order":0,"comment_status":"closed","ping_status":"closed","template":"","meta":{"footnotes":""},"class_list":["post-2","page","type-page","status-publish","hentry"],"_links":{"self":[{"href":"https:\/\/pubweb.carnet.hr\/uhgf\/wp-json\/wp\/v2\/pages\/2","targetHints":{"allow":["GET"]}}],"collection":[{"href":"https:\/\/pubweb.carnet.hr\/uhgf\/wp-json\/wp\/v2\/pages"}],"about":[{"href":"https:\/\/pubweb.carnet.hr\/uhgf\/wp-json\/wp\/v2\/types\/page"}],"author":[{"embeddable":true,"href":"https:\/\/pubweb.carnet.hr\/uhgf\/wp-json\/wp\/v2\/users\/534"}],"replies":[{"embeddable":true,"href":"https:\/\/pubweb.carnet.hr\/uhgf\/wp-json\/wp\/v2\/comments?post=2"}],"version-history":[{"count":3,"href":"https:\/\/pubweb.carnet.hr\/uhgf\/wp-json\/wp\/v2\/pages\/2\/revisions"}],"predecessor-version":[{"id":265,"href":"https:\/\/pubweb.carnet.hr\/uhgf\/wp-json\/wp\/v2\/pages\/2\/revisions\/265"}],"wp:attachment":[{"href":"https:\/\/pubweb.carnet.hr\/uhgf\/wp-json\/wp\/v2\/media?parent=2"}],"curies":[{"name":"wp","href":"https:\/\/api.w.org\/{rel}","templated":true}]}}