{"id":4,"date":"2015-01-18T21:25:10","date_gmt":"2015-01-18T21:25:10","guid":{"rendered":"http:\/\/pubweb.carnet.hr\/udrugamajstoricacipke\/?page_id=4"},"modified":"2015-02-22T19:40:42","modified_gmt":"2015-02-22T18:40:42","slug":"galerija","status":"publish","type":"page","link":"https:\/\/pubweb.carnet.hr\/udrugamajstoricacipke\/primjer-stranice\/galerija\/","title":{"rendered":"Galerija"},"content":{"rendered":"<p><strong>Radionice<\/strong>: \u010clanice su savladale osnove izrade lepoglavske \u010dipke i ostalih rukotvorina.<\/p>\n<div id=\"metaslider-id-24\" style=\"max-width: 1000px;\" class=\"ml-slider-3-105-0 metaslider metaslider-flex metaslider-24 ml-slider has-dots-nav ms-theme-default\" role=\"region\" aria-label=\"Radionica\" data-height=\"750\" data-width=\"1000\">\n    <div id=\"metaslider_container_24\">\n        <div id=\"metaslider_24\" class=\"flexslider\">\n            <ul class='slides'>\n                <li style=\"display: block; width: 100%;\" class=\"slide-76 ms-image \" aria-roledescription=\"slide\" data-date=\"2015-01-31 12:42:20\" data-filename=\"Radionica-4_resize.jpg\" data-slide-type=\"image\"><img loading=\"lazy\" decoding=\"async\" src=\"https:\/\/pubweb.carnet.hr\/udrugamajstoricacipke\/wp-content\/uploads\/sites\/405\/2015\/01\/Radionica-4_resize.jpg\" height=\"750\" width=\"1000\" alt=\"\" class=\"slider-24 slide-76 msDefaultImage\" title=\"lepoglavska \u010dipka\" \/><\/li>\n                <li style=\"display: none; width: 100%;\" class=\"slide-78 ms-image \" aria-roledescription=\"slide\" data-date=\"2015-01-31 12:42:28\" data-filename=\"Radionica-6_resize.jpg\" data-slide-type=\"image\"><img loading=\"lazy\" decoding=\"async\" src=\"https:\/\/pubweb.carnet.hr\/udrugamajstoricacipke\/wp-content\/uploads\/sites\/405\/2015\/01\/Radionica-6_resize.jpg\" height=\"750\" width=\"1000\" alt=\"\" class=\"slider-24 slide-78 msDefaultImage\" \/><\/li>\n                <li style=\"display: none; width: 100%;\" class=\"slide-79 ms-image \" aria-roledescription=\"slide\" data-date=\"2015-01-31 12:42:31\" data-filename=\"Radionica-8_resize.jpg\" data-slide-type=\"image\"><img loading=\"lazy\" decoding=\"async\" src=\"https:\/\/pubweb.carnet.hr\/udrugamajstoricacipke\/wp-content\/uploads\/sites\/405\/2015\/01\/Radionica-8_resize.jpg\" height=\"750\" width=\"1000\" alt=\"\" class=\"slider-24 slide-79 msDefaultImage\" title=\"Ru\u017ea Leva\u010di\u0107\" \/><\/li>\n                <li style=\"display: none; width: 100%;\" class=\"slide-80 ms-image \" aria-roledescription=\"slide\" data-date=\"2015-01-31 12:42:34\" data-filename=\"Radionica-13_resize.jpg\" data-slide-type=\"image\"><img loading=\"lazy\" decoding=\"async\" src=\"https:\/\/pubweb.carnet.hr\/udrugamajstoricacipke\/wp-content\/uploads\/sites\/405\/2015\/01\/Radionica-13_resize.jpg\" height=\"750\" width=\"1000\" alt=\"\" class=\"slider-24 slide-80 msDefaultImage\" \/><\/li>\n                <li style=\"display: none; width: 100%;\" class=\"slide-83 ms-image \" aria-roledescription=\"slide\" data-date=\"2015-01-31 12:42:46\" data-filename=\"Radionica-18_resize.jpg\" data-slide-type=\"image\"><img loading=\"lazy\" decoding=\"async\" src=\"https:\/\/pubweb.carnet.hr\/udrugamajstoricacipke\/wp-content\/uploads\/sites\/405\/2015\/01\/Radionica-18_resize.jpg\" height=\"750\" width=\"1000\" alt=\"\" class=\"slider-24 slide-83 msDefaultImage\" \/><\/li>\n                <li style=\"display: none; width: 100%;\" class=\"slide-84 ms-image \" aria-roledescription=\"slide\" data-date=\"2015-01-31 12:42:50\" data-filename=\"Radionica-19_resize.jpg\" data-slide-type=\"image\"><img loading=\"lazy\" decoding=\"async\" src=\"https:\/\/pubweb.carnet.hr\/udrugamajstoricacipke\/wp-content\/uploads\/sites\/405\/2015\/01\/Radionica-19_resize.jpg\" height=\"750\" width=\"1000\" alt=\"\" class=\"slider-24 slide-84 msDefaultImage\" \/><\/li>\n                <li style=\"display: none; width: 100%;\" class=\"slide-85 ms-image \" aria-roledescription=\"slide\" data-date=\"2015-01-31 12:42:54\" data-filename=\"Radionica-20_resize.jpg\" data-slide-type=\"image\"><img loading=\"lazy\" decoding=\"async\" src=\"https:\/\/pubweb.carnet.hr\/udrugamajstoricacipke\/wp-content\/uploads\/sites\/405\/2015\/01\/Radionica-20_resize.jpg\" height=\"750\" width=\"1000\" alt=\"\" class=\"slider-24 slide-85 msDefaultImage\" \/><\/li>\n                <li style=\"display: none; width: 100%;\" class=\"slide-87 ms-image \" aria-roledescription=\"slide\" data-date=\"2015-01-31 12:43:01\" data-filename=\"Radionica-22_resize.jpg\" data-slide-type=\"image\"><img loading=\"lazy\" decoding=\"async\" src=\"https:\/\/pubweb.carnet.hr\/udrugamajstoricacipke\/wp-content\/uploads\/sites\/405\/2015\/01\/Radionica-22_resize.jpg\" height=\"750\" width=\"1000\" alt=\"\" class=\"slider-24 slide-87 msDefaultImage\" \/><\/li>\n                <li style=\"display: none; width: 100%;\" class=\"slide-88 ms-image \" aria-roledescription=\"slide\" data-date=\"2015-01-31 12:43:05\" data-filename=\"Radionica-24_resize.jpg\" data-slide-type=\"image\"><img loading=\"lazy\" decoding=\"async\" src=\"https:\/\/pubweb.carnet.hr\/udrugamajstoricacipke\/wp-content\/uploads\/sites\/405\/2015\/01\/Radionica-24_resize.jpg\" height=\"750\" width=\"1000\" alt=\"\" class=\"slider-24 slide-88 msDefaultImage\" title=\"Ru\u017eica Cika\u010d\" \/><\/li>\n                <li style=\"display: none; width: 100%;\" class=\"slide-89 ms-image \" aria-roledescription=\"slide\" data-date=\"2015-01-31 12:43:08\" data-filename=\"Radionica-1_resize-889x667.jpg\" data-slide-type=\"image\"><img loading=\"lazy\" decoding=\"async\" src=\"https:\/\/pubweb.carnet.hr\/udrugamajstoricacipke\/wp-content\/uploads\/sites\/405\/2015\/01\/Radionica-1_resize-889x667.jpg\" height=\"750\" width=\"1000\" alt=\"\" class=\"slider-24 slide-89 msDefaultImage\" \/><\/li>\n            <\/ul>\n        <\/div>\n        \n    <\/div>\n<\/div>\n<p><strong>Izlo\u017ebeni katalog Udruge<\/strong><\/p>\n<div id=\"metaslider-id-25\" style=\"max-width: 1149px;\" class=\"ml-slider-3-105-0 metaslider metaslider-flex metaslider-25 ml-slider has-dots-nav ms-theme-default\" role=\"region\" aria-label=\"Galerija\" data-height=\"1652\" data-width=\"1149\">\n    <div id=\"metaslider_container_25\">\n        <div id=\"metaslider_25\" class=\"flexslider\">\n            <ul class='slides'>\n                <li style=\"display: block; width: 100%;\" class=\"slide-32 ms-image \" aria-roledescription=\"slide\" data-date=\"2015-01-30 18:19:08\" data-filename=\"katalog.gif\" data-slide-type=\"image\"><img loading=\"lazy\" decoding=\"async\" src=\"https:\/\/pubweb.carnet.hr\/udrugamajstoricacipke\/wp-content\/uploads\/sites\/405\/2015\/01\/katalog.gif\" height=\"1652\" width=\"1149\" alt=\"\" class=\"slider-25 slide-32 msDefaultImage\" title=\"Izlo\u017ebeni katalog Udruga majstorica lepoglavske \u010dipke\" \/><\/li>\n                <li style=\"display: none; width: 100%;\" class=\"slide-68 ms-image \" aria-roledescription=\"slide\" data-date=\"2015-01-30 20:01:58\" data-filename=\"strana-1-katalog.jpg\" data-slide-type=\"image\"><img loading=\"lazy\" decoding=\"async\" src=\"https:\/\/pubweb.carnet.hr\/udrugamajstoricacipke\/wp-content\/uploads\/sites\/405\/2015\/01\/strana-1-katalog.jpg\" height=\"1652\" width=\"1149\" alt=\"\" class=\"slider-25 slide-68 msDefaultImage\" title=\"lepoglavska \u010dipka\" \/><\/li>\n                <li style=\"display: none; width: 100%;\" class=\"slide-69 ms-image \" aria-roledescription=\"slide\" data-date=\"2015-01-30 22:00:59\" data-filename=\"strana-2-katalog.jpg\" data-slide-type=\"image\"><img loading=\"lazy\" decoding=\"async\" src=\"https:\/\/pubweb.carnet.hr\/udrugamajstoricacipke\/wp-content\/uploads\/sites\/405\/2015\/01\/strana-2-katalog.jpg\" height=\"1652\" width=\"1149\" alt=\"\" class=\"slider-25 slide-69 msDefaultImage\" title=\"lepoglavska \u010dipka\" \/><\/li>\n                <li style=\"display: none; width: 100%;\" class=\"slide-70 ms-image \" aria-roledescription=\"slide\" data-date=\"2015-01-30 22:58:39\" data-filename=\"strana-3-katalog.jpg\" data-slide-type=\"image\"><img loading=\"lazy\" decoding=\"async\" src=\"https:\/\/pubweb.carnet.hr\/udrugamajstoricacipke\/wp-content\/uploads\/sites\/405\/2015\/01\/strana-3-katalog.jpg\" height=\"1652\" width=\"1149\" alt=\"\" class=\"slider-25 slide-70 msDefaultImage\" title=\"zlatovez\" \/><\/li>\n                <li style=\"display: none; width: 100%;\" class=\"slide-71 ms-image \" aria-roledescription=\"slide\" data-date=\"2015-01-30 23:21:53\" data-filename=\"strana-4-katalog.jpg\" data-slide-type=\"image\"><img loading=\"lazy\" decoding=\"async\" src=\"https:\/\/pubweb.carnet.hr\/udrugamajstoricacipke\/wp-content\/uploads\/sites\/405\/2015\/01\/strana-4-katalog.jpg\" height=\"1652\" width=\"1149\" alt=\"\" class=\"slider-25 slide-71 msDefaultImage\" title=\"heklanje, kralu\u0161, necanje\" \/><\/li>\n                <li style=\"display: none; width: 100%;\" class=\"slide-72 ms-image \" aria-roledescription=\"slide\" data-date=\"2015-01-31 00:14:43\" data-filename=\"strana-5-katalog.jpg\" data-slide-type=\"image\"><img loading=\"lazy\" decoding=\"async\" src=\"https:\/\/pubweb.carnet.hr\/udrugamajstoricacipke\/wp-content\/uploads\/sites\/405\/2015\/01\/strana-5-katalog.jpg\" height=\"1652\" width=\"1149\" alt=\"\" class=\"slider-25 slide-72 msDefaultImage\" title=\"cvije\u0107e od papira, \" \/><\/li>\n            <\/ul>\n        <\/div>\n        \n    <\/div>\n<\/div>\n<p>&nbsp;<\/p>\n<p>&nbsp;<\/p>\n","protected":false},"excerpt":{"rendered":"<p>Radionice: \u010clanice su savladale osnove izrade lepoglavske \u010dipke i ostalih rukotvorina. Izlo\u017ebeni katalog Udruge &nbsp; &nbsp;<\/p>\n","protected":false},"author":445,"featured_media":0,"parent":2,"menu_order":0,"comment_status":"open","ping_status":"open","template":"","meta":{"footnotes":""},"class_list":["post-4","page","type-page","status-publish","hentry"],"_links":{"self":[{"href":"https:\/\/pubweb.carnet.hr\/udrugamajstoricacipke\/wp-json\/wp\/v2\/pages\/4","targetHints":{"allow":["GET"]}}],"collection":[{"href":"https:\/\/pubweb.carnet.hr\/udrugamajstoricacipke\/wp-json\/wp\/v2\/pages"}],"about":[{"href":"https:\/\/pubweb.carnet.hr\/udrugamajstoricacipke\/wp-json\/wp\/v2\/types\/page"}],"author":[{"embeddable":true,"href":"https:\/\/pubweb.carnet.hr\/udrugamajstoricacipke\/wp-json\/wp\/v2\/users\/445"}],"replies":[{"embeddable":true,"href":"https:\/\/pubweb.carnet.hr\/udrugamajstoricacipke\/wp-json\/wp\/v2\/comments?post=4"}],"version-history":[{"count":0,"href":"https:\/\/pubweb.carnet.hr\/udrugamajstoricacipke\/wp-json\/wp\/v2\/pages\/4\/revisions"}],"up":[{"embeddable":true,"href":"https:\/\/pubweb.carnet.hr\/udrugamajstoricacipke\/wp-json\/wp\/v2\/pages\/2"}],"wp:attachment":[{"href":"https:\/\/pubweb.carnet.hr\/udrugamajstoricacipke\/wp-json\/wp\/v2\/media?parent=4"}],"curies":[{"name":"wp","href":"https:\/\/api.w.org\/{rel}","templated":true}]}}