{"id":586,"date":"2016-09-26T16:55:09","date_gmt":"2016-09-26T16:55:09","guid":{"rendered":"http:\/\/pubweb.carnet.hr\/ssszgzup\/?page_id=586"},"modified":"2017-08-22T16:44:39","modified_gmt":"2017-08-22T16:44:39","slug":"natjecanja-2016-2017","status":"publish","type":"page","link":"https:\/\/pubweb.carnet.hr\/ssszgzup\/natjecanja-2016-2017\/","title":{"rendered":"Natjecanja 2016. \/ 2017."},"content":{"rendered":"<p><a href=\"https:\/\/drive.google.com\/file\/d\/0B8sCs45IAEZjWlZIQ2l4cURIWThJdllaYWdWSEJkd3NSMEhj\/view?usp=sharing\">IZVJE\u0161\u0106E  SA NATJECANJA \u0160KOLSKIH SPORTSKIH DRU\u0160TAVA  ZAGREBA\u010cKE \u017dUPANIJE  u \u0161kolskoj 2016.\/2017. godini<\/a><\/p>\n<p><a href=\"https:\/\/drive.google.com\/file\/d\/0B8sCs45IAEZjSHBzQlBhdkJsWmU5VlMtRkdoWm0wZ1h6LU5z\/view?usp=sharing\">SUDJELOVANJE OSNOVNIH I SREDNJIH  \u0160KOLA ZAGREBA\u010cKE \u017dUPANIJE  NA SPORTSKIM NATJECANJIMA U  \u0160KOLSKOJ 2016.\/2017. GODINI<\/a><\/p>\n<p><a href=\"https:\/\/drive.google.com\/file\/d\/0B8sCs45IAEZjUmszUzY2b2FwV2Z5YmFJa3ZiTVVRVklJRm5v\/view?usp=sharing\">SUDJELOVANJE OSNOVNIH \u0160KOLA ZAGREBA\u010cKE \u017dUPANIJE NA SPORTSKIM NATJECANJIMA 5 i 6 razreda U \u0160KOLSKOJ 2016.\/2017. GODINI<\/a><\/p>\n<p><a href=\"https:\/\/drive.google.com\/file\/d\/0B8sCs45IAEZjTGo0WlpJRVJ1VXJON1dkQTkyaUhOeXRsLTdF\/view?usp=sharing\">REDOSLIJED UKUPNOG BROJA NATJECANJA I REZULTATA  \u0160SD OSNOVNIH I SREDNJIH \u0160KOLA  ZAGREBA\u010cKE \u017dUPANIJE  U \u0160KOLSKOJ 2016.\/2017. GODI<\/a>NI<\/p>\n<p><a href=\"https:\/\/drive.google.com\/file\/d\/0B8sCs45IAEZjQWRFV3BCWUhldUNycmZ0a3U1WkhNZUNacVlZ\/view?usp=sharing\">REDOSLIJED UKUPNOG BROJA NATJECANJA I REZULTATA  \u0160SD OSNOVNIH \u0160KOLA ZAGREBA\u010cKE \u017dUPANIJE  U \u0160KOLSKOJ 2016.\/2017. GODINI  &#8211; izvadak za 5. i 6. razrede<\/a><\/p>\n<p><a href=\"https:\/\/drive.google.com\/file\/d\/0B8sCs45IAEZjSEQxU0tPMHRQSFg2N1dUNTBhMkM5UXRfUVpV\/view?usp=sharing\">UKUPAN BROJ NATJECANJA \u0160SD OSNOVNIH I SREDNJIH \u0160KOLA ZAGREBA\u010cKE \u017dUPANIJE U \u0160KOLSKOJ 2016.\/2017. GODINI<\/a><\/p>\n<p><a href=\"https:\/\/drive.google.com\/file\/d\/0B8sCs45IAEZjQ2JucV9lZEdTaFpSR3Z4WkFSQ2I2WHRzNnk4\/view?usp=sharing\">UKUPAN BROJ NATJECANJA \u0160SD OSNOVNIH \u0160KOLA  ZAGREBA\u010cKE \u017dUPANIJE U \u0160KOLSKOJ 2016.\/2017. GODINI  za 5. i 6. razrede<\/a><\/p>\n<p><a href=\"https:\/\/drive.google.com\/file\/d\/0B8sCs45IAEZjUVNrSnJwX0pIbDREWXllOWdlMmhzSHRMX3Fn\/view?usp=sharing\">DOMA\u0106INSTVA POLUZAVR\u0160NIH NATJECANJA DR\u017dAVNOG PRVENSTVA  U KATEGORIJI 5. I 6. RAZREDA O\u0160  U \u0160KOLSKOJ GODINI 2016.\/2017. &#8211; SKUPINA ZAPAD<\/a><\/p>\n<p><a href=\"https:\/\/drive.google.com\/file\/d\/0B8sCs45IAEZjdHhCMzRwUnlsT2RFNVdNRDByWmdBTjg1cThF\/view?usp=sharing\">Vremenik \u017dupanijskih  natjecanja za osnovne \u0161kole u \u0161kolskoj godini 2016.\/2017.<\/a><\/p>\n<p><a href=\"https:\/\/drive.google.com\/file\/d\/0B8sCs45IAEZjT0Y2U1VQNDk3LWVxR2tVZ29vR0hONFFhRmNJ\/view?usp=sharing\">Vremenik \u017dupanijskih natjecanja za 5. i 6. razrede osnovne \u0161kole u \u0161kolskoj godini 2016.\/2017.<\/a><br \/>\n<a href=\"https:\/\/drive.google.com\/file\/d\/0B8sCs45IAEZjbUZBSXIxWHJDQmRDVV9sTHBNWUZ6VWtGTmRB\/view?usp=sharing\">Vremenik \u017dupanijskih natjecanja za srednje \u0161kole u \u0161kolskoj godini 2016.\/2017.<\/a><\/p>\n<p><a href=\"https:\/\/drive.google.com\/file\/d\/0B8sCs45IAEZjWHI3OU44eE9QbGFtRzZvX0RoZjZtMHN3OGpV\/view?usp=sharing\">Vremenik \u0161kolskih sportskih natjecanja u \u0161kolskoj godini 2016.\/2017.<\/a><\/p>\n<p><a href=\"https:\/\/drive.google.com\/open?id=0B8sCs45IAEZjX2NXTHgyWlY1THZZYkZJN1h0aEg0VkZnNElB\">B I LJ E \u0160 K A  SA 08. SJEDNICE UPRAVNOG ODBORA \u017dUPANIJSKOG \u0160KOLSKOG  \u0160PORTSKOG SAVEZA ZAGREBA\u010cKE \u017dUPANIJE  odr\u017eane 15. rujna 2016. godine<\/a><\/p>\n<p><strong>Broj ekipa na pojedinim natjecanjima: <\/strong><br \/>\n<a href=\"https:\/\/drive.google.com\/file\/d\/0B8sCs45IAEZjYVBWSTJjamhQdWh1NHBpUDFyLTlDNnk1eGdN\/view?usp=sharing\">Srednja \u0161kola- mladi\u0107i<\/a><br \/>\n<a href=\"https:\/\/drive.google.com\/file\/d\/0B8sCs45IAEZjd19IUmpSV0lWcC13eThNNlBoaWkzSF93emxV\/view?usp=sharing\">Srednja \u0161kola &#8211; djevojke<\/a><br \/>\n<a href=\"https:\/\/drive.google.com\/file\/d\/0B8sCs45IAEZjcWlSaGtKMXFtdTlWTmJ2cTRNUkxEMExDNDlv\/view?usp=sharing\">Osnovna \u0161kola &#8211; djevoj\u010dice- 7. i 8. razredi<\/a><br \/>\n<a href=\"https:\/\/drive.google.com\/file\/d\/0B8sCs45IAEZjU2h1WUIwWjV4N0NGZjBlZ1VUWWNaSXJ4TUFj\/view?usp=sharing\">Osnovna \u0161kola &#8211; djevoj\u010dice &#8211; 5. i 6. razredi<\/a><br \/>\n<a href=\"https:\/\/drive.google.com\/file\/d\/0B8sCs45IAEZjV1hySW1KMmFXOUxIOWgyaDFXWC1oYVBLVXlv\/view?usp=sharing\">Osnovna \u0161kola &#8211; dje\u010daci &#8211; 7. i 8. razredi<\/a><br \/>\n<a href=\"https:\/\/drive.google.com\/file\/d\/0B8sCs45IAEZjZDB4dE1CNElQcXRmN0plRVN6WmRpSlhoV3hN\/view?usp=sharing\">Osnovna \u0161kola &#8211; dje\u010daci &#8211; 5. i 6. razredi <\/a><\/p>\n","protected":false},"excerpt":{"rendered":"<p>IZVJE\u0161\u0106E SA NATJECANJA \u0160KOLSKIH SPORTSKIH DRU\u0160TAVA ZAGREBA\u010cKE \u017dUPANIJE u \u0161kolskoj 2016.\/2017. godini SUDJELOVANJE OSNOVNIH I SREDNJIH \u0160KOLA ZAGREBA\u010cKE \u017dUPANIJE NA SPORTSKIM NATJECANJIMA U \u0160KOLSKOJ 2016.\/2017. GODINI SUDJELOVANJE OSNOVNIH \u0160KOLA ZAGREBA\u010cKE \u017dUPANIJE NA SPORTSKIM NATJECANJIMA 5 i 6 razreda U \u0160KOLSKOJ 2016.\/2017. GODINI REDOSLIJED UKUPNOG BROJA NATJECANJA I REZULTATA \u0160SD OSNOVNIH I SREDNJIH \u0160KOLA ZAGREBA\u010cKE \u017dUPANIJE [&hellip;]<\/p>\n","protected":false},"author":570,"featured_media":0,"parent":0,"menu_order":0,"comment_status":"closed","ping_status":"closed","template":"","meta":{"footnotes":""},"class_list":["post-586","page","type-page","status-publish","hentry"],"_links":{"self":[{"href":"https:\/\/pubweb.carnet.hr\/ssszgzup\/wp-json\/wp\/v2\/pages\/586","targetHints":{"allow":["GET"]}}],"collection":[{"href":"https:\/\/pubweb.carnet.hr\/ssszgzup\/wp-json\/wp\/v2\/pages"}],"about":[{"href":"https:\/\/pubweb.carnet.hr\/ssszgzup\/wp-json\/wp\/v2\/types\/page"}],"author":[{"embeddable":true,"href":"https:\/\/pubweb.carnet.hr\/ssszgzup\/wp-json\/wp\/v2\/users\/570"}],"replies":[{"embeddable":true,"href":"https:\/\/pubweb.carnet.hr\/ssszgzup\/wp-json\/wp\/v2\/comments?post=586"}],"version-history":[{"count":2,"href":"https:\/\/pubweb.carnet.hr\/ssszgzup\/wp-json\/wp\/v2\/pages\/586\/revisions"}],"predecessor-version":[{"id":943,"href":"https:\/\/pubweb.carnet.hr\/ssszgzup\/wp-json\/wp\/v2\/pages\/586\/revisions\/943"}],"wp:attachment":[{"href":"https:\/\/pubweb.carnet.hr\/ssszgzup\/wp-json\/wp\/v2\/media?parent=586"}],"curies":[{"name":"wp","href":"https:\/\/api.w.org\/{rel}","templated":true}]}}