{"id":47,"date":"2015-09-06T05:55:22","date_gmt":"2015-09-06T05:55:22","guid":{"rendered":"http:\/\/pubweb.carnet.hr\/ssszgzup\/?page_id=47"},"modified":"2019-02-18T13:19:59","modified_gmt":"2019-02-18T13:19:59","slug":"tenis","status":"publish","type":"page","link":"https:\/\/pubweb.carnet.hr\/ssszgzup\/tenis\/","title":{"rendered":"Badminton"},"content":{"rendered":"<p>Natjecanja 2018.\/2019. godine<br \/>\n<a href=\"http:\/\/pubweb.carnet.hr\/ssszgzup\/2019\/02\/15\/zupanijsko-natjecanje-u-badmintonu-za-ucenike-osnovnih-skola-2\/\">\u017dupanijsko natjecanje u badmintonu za u\u010denike osnovnih \u0161kola<\/a><br \/>\n<a href=\"http:\/\/pubweb.carnet.hr\/ssszgzup\/2019\/02\/18\/zupanijsko-natjecanje-u-badmintonu-za-ucenice\/\">\u017dupanijsko natjecanje u badmintonu za u\u010denice osnovnih \u0161kola<\/a><br \/>\n<a href=\"http:\/\/pubweb.carnet.hr\/ssszgzup\/2019\/02\/18\/zupanijsko-natjecanje-u-badmintonu-za-ucenike-i-ucenice-srednjih-skola\/\">\u017dupanijsko natjecanje u badmintonu za u\u010denike srednjih \u0161kola<\/a><\/p>\n<p>Natjecanja 2017.\/2018. godine<br \/>\n<a href=\"http:\/\/pubweb.carnet.hr\/ssszgzup\/2018\/02\/13\/zupanijsko-natjecanje-u-badmintonu-za-ucenice-osnovnih-skola-2\/\">\u017dupanijsko natjecanje za u\u010denice osnovnih \u0161kola<\/a><br \/>\n<a href=\"http:\/\/pubweb.carnet.hr\/ssszgzup\/2018\/02\/19\/zupanijsko-natjecanje-u-badmintonu-za-ucenike-osnovnih-skola\/\">\u017dupanijsko natjecanje u badmintonu za u\u010denike osnovnih \u0161kola<\/a><\/p>\n<p>Natjecanja 2015.\/2016. godine<br \/>\n<a href=\"http:\/\/pubweb.carnet.hr\/ssszgzup\/2016\/01\/23\/zupanijsko-natjecanje-u-badmintonu-osnovnih-skola-zagrebacke-zupanije\/\">\u017dupanijsko  natjecanje u badmintonu osnovnih \u0161kola Zagreba\u010dke \u017eupanije &#8211; dje\u010daci <\/a><\/p>\n<p><a href=\"http:\/\/pubweb.carnet.hr\/ssszgzup\/2016\/01\/28\/zupanijsko-natjecanje-u-badmintonu-osnovnih-skola-zagrebacke-zupanije-djevojcice\/\">\u017dupanijsko natjecanje u badmintonu osnovnih \u0161kola Zagreba\u010dke \u017eupanije &#8211; djevoj\u010dice<\/a><\/p>\n<p>Natjecanja 2016.\/2017. godine<\/p>\n<p><a href=\"http:\/\/pubweb.carnet.hr\/ssszgzup\/2016\/12\/15\/zupanijsko-natjecanje-u-badmintonu-za-ucenike-srednjih-skola-zagrebacke-zupanije\/\">\u017dupanijsko natjecanje u badmintonu srednjih \u0161kola Zagreba\u010dke \u017eupanije<\/a><\/p>\n<p><a href=\"http:\/\/pubweb.carnet.hr\/ssszgzup\/2017\/01\/23\/zupanijsko-natjecanje-u-badmintonu-za-ucenice-osnovnih-skola\/\">\u017dupanijsko natjecanje u badmintonu za u\u010denice osnovnih \u0161kola<\/a><\/p>\n","protected":false},"excerpt":{"rendered":"<p>Natjecanja 2018.\/2019. godine \u017dupanijsko natjecanje u badmintonu za u\u010denike osnovnih \u0161kola \u017dupanijsko natjecanje u badmintonu za u\u010denice osnovnih \u0161kola \u017dupanijsko natjecanje u badmintonu za u\u010denike srednjih \u0161kola Natjecanja 2017.\/2018. godine \u017dupanijsko natjecanje za u\u010denice osnovnih \u0161kola \u017dupanijsko natjecanje u badmintonu za u\u010denike osnovnih \u0161kola Natjecanja 2015.\/2016. godine \u017dupanijsko natjecanje u badmintonu osnovnih \u0161kola Zagreba\u010dke \u017eupanije [&hellip;]<\/p>\n","protected":false},"author":570,"featured_media":0,"parent":0,"menu_order":0,"comment_status":"closed","ping_status":"closed","template":"","meta":{"footnotes":""},"class_list":["post-47","page","type-page","status-publish","hentry"],"_links":{"self":[{"href":"https:\/\/pubweb.carnet.hr\/ssszgzup\/wp-json\/wp\/v2\/pages\/47","targetHints":{"allow":["GET"]}}],"collection":[{"href":"https:\/\/pubweb.carnet.hr\/ssszgzup\/wp-json\/wp\/v2\/pages"}],"about":[{"href":"https:\/\/pubweb.carnet.hr\/ssszgzup\/wp-json\/wp\/v2\/types\/page"}],"author":[{"embeddable":true,"href":"https:\/\/pubweb.carnet.hr\/ssszgzup\/wp-json\/wp\/v2\/users\/570"}],"replies":[{"embeddable":true,"href":"https:\/\/pubweb.carnet.hr\/ssszgzup\/wp-json\/wp\/v2\/comments?post=47"}],"version-history":[{"count":2,"href":"https:\/\/pubweb.carnet.hr\/ssszgzup\/wp-json\/wp\/v2\/pages\/47\/revisions"}],"predecessor-version":[{"id":1910,"href":"https:\/\/pubweb.carnet.hr\/ssszgzup\/wp-json\/wp\/v2\/pages\/47\/revisions\/1910"}],"wp:attachment":[{"href":"https:\/\/pubweb.carnet.hr\/ssszgzup\/wp-json\/wp\/v2\/media?parent=47"}],"curies":[{"name":"wp","href":"https:\/\/api.w.org\/{rel}","templated":true}]}}