{"id":36,"date":"2013-10-16T11:53:48","date_gmt":"2013-10-16T09:53:48","guid":{"rendered":"http:\/\/radost-ogulin.hr\/?page_id=36"},"modified":"2013-10-16T11:53:48","modified_gmt":"2013-10-16T09:53:48","slug":"projekti","status":"publish","type":"page","link":"https:\/\/pubweb.carnet.hr\/radost-ogulin\/projekti\/","title":{"rendered":"Projekti"},"content":{"rendered":"<h1><span style=\"color: #008000\">BOLJA TEHNI\u010cKA PODR\u0160KA-KVALITETNIJE SOCIJALNE USLUGE ( Ministarstvo zdravstva i socijalne skrbi )<\/span><\/h1>\n<p>Dana 27.07.2011 Udruga Radost potpisala je sa Ministarstvom zdravstva i socijalne skrbi Ugovor o jednokratnoj financijskoj potpori u okviru raspolo\u017eivih sredstava iz dijela prohoda od igara na sre\u0107u za 2011.g. pod nazivom BOLJA TEHNI\u010cKA PODR\u0160KA-KVALITETNIJE SOCIJALNE USLUGE . Projektne aktivnosti provodit \u0107e se u periodu od 01.06.2011 do 31.12.2011.<br \/>\nGlavni cilj provedbe projektnih aktivnosti je ja\u010danje ljudskih resursa u udruzi koji su nu\u017eni za pru\u017eanje potrebnih informacija, pomo\u0107i i podr\u0161ke \u010dlanovima ne samo u ostvarivanju njihovih prava, ve\u0107 i u smislu njihove integracije u \u017eivotne tokove lokalne zajednice kroz rad i dru\u017eenja u radionicama koje se svakodnevno odvijaju u Udruzi,<br \/>\nDirektni korisnici su svi \u010dlanovi Udruge roditelja djece s pote\u0161ko\u0107ama u razvoju i osoba s invaliditetom \u00abRadost\u00bb, posebno mladi kojih je na \u017ealost svakim danom sve vi\u0161e, te \u010dlanovi njihovih obitelji kao i \u010dlanovi Kluba oboljelih od multiple skleroze.<\/p>\n<p>Aktivnosti koje su obuhva\u0107ene projektom:<\/p>\n<ul>\n<li>Kroz cijeli ranije navedeni period obavljati \u0107e se slijede\u0107e aktivnosti: evidentiranje postoje\u0107ih i novih \u010dlanova; Komunikacija, te pru\u017eanje nu\u017enih informacija i pomo\u0107i \u010dlanovima pri ostvarivanju njihovih prava; koordiniranje uobi\u010dajenih (radionice, sudjelovanje na manifestacijama) i planiranih projektnih aktivnosti; komunikacija i suradnja sa tijelima lokalne uprave, te nadle\u017enim institucijama; komunikacija sa lokalnim medijima; obavljanje svih ostalih djelatnosti u skladu sa Statutom Udruge.<\/li>\n<li>Od mjeseca lipnja do kraja prosinca jedan put mjese\u010dno emitiranje radio emisije \u201eRijeka \u017eivota\u201c u suradnji sa Radio Ogulinom o \u017eivotu osoba s invaliditetom i aktivnostima Udruge .<\/li>\n<li>Od 10. \u2013 12.06.2011. sudjelovanje na Ogulinskom festivalu bajke sa dramskom predstavom \u201eSre\u0107a je u svakome od nas\u201c u izvedbi \u010dlanova dramske radionice Udruge, te sa likovnom radionicom na otvorenom i izlo\u017ebenim \u0161tandom.<\/li>\n<li>Tokom lipnja i po\u010detkom srpnja \u2013 odr\u017eavanje 3 tjelesno terapeutske radionice na otvorenom.<\/li>\n<li>Tokom trajanja projekta samostalno \u0107emo pripremati i izra\u0111ivati bro\u0161ure o radu Udruge, aktivnostima, te \u017eivotu i potrebama \u010dlanova.<\/li>\n<li>Po\u010detak rujna &#8211; sudjelovanje u obilje\u017eavanju Dana Grada Ogulina sa likovnom radionicom na otvorenom i izlo\u017ebenim \u0161tandom.<\/li>\n<li>Po\u010detkom listopada \u2013 dvije dramske predstave na\u0161ih \u010dlanova u ogulinskim osnovnim \u0161kolama i vrti\u010dima<\/li>\n<li>Tokom studenog pripreme za sudjelovanje na Adventu u Ogulinu na kojem \u0107emo sudjelovati izlo\u017ebenim \u0161tandom u toku mjeseca prosinca.<\/li>\n<li>Krajem prosinca odr\u017eavanje press konferencije putem koje \u0107emo lokalnu javnost obavijestiti o u\u010dinjenom tokom proteklih 6 mjeseci.<\/li>\n<\/ul>\n<p>Odr\u017eivost ovakvih rezultata mo\u017ee se ostvariti samo sustavnim i predanim radom za kojega \u0107e Udruga nastojati osigurati potrebna materijalna sredstva putem ovakvih natje\u010daja kojima \u0107emo nastojati oja\u010dati izme\u0111u ostaloga ljudske resurse koji su prijeko potrebni ne samo radi ja\u010danja kvalitete usluga \u010dlanstvu ve\u0107 i radi ja\u010danja i osna\u017eivanja polo\u017eaja osoba s invaliditetom uop\u0107e.<\/p>\n","protected":false},"excerpt":{"rendered":"<p>BOLJA TEHNI\u010cKA PODR\u0160KA-KVALITETNIJE SOCIJALNE USLUGE ( Ministarstvo zdravstva i socijalne skrbi ) Dana 27.07.2011 Udruga Radost potpisala je sa Ministarstvom zdravstva i socijalne skrbi Ugovor o jednokratnoj financijskoj potpori u okviru raspolo\u017eivih sredstava iz dijela prohoda od igara na sre\u0107u za 2011.g. pod nazivom BOLJA TEHNI\u010cKA PODR\u0160KA-KVALITETNIJE SOCIJALNE USLUGE . Projektne aktivnosti provodit \u0107e se [&hellip;]<\/p>\n","protected":false},"author":210,"featured_media":0,"parent":0,"menu_order":0,"comment_status":"closed","ping_status":"closed","template":"sidebar-page.php","meta":{"footnotes":""},"class_list":["post-36","page","type-page","status-publish","hentry"],"_links":{"self":[{"href":"https:\/\/pubweb.carnet.hr\/radost-ogulin\/wp-json\/wp\/v2\/pages\/36","targetHints":{"allow":["GET"]}}],"collection":[{"href":"https:\/\/pubweb.carnet.hr\/radost-ogulin\/wp-json\/wp\/v2\/pages"}],"about":[{"href":"https:\/\/pubweb.carnet.hr\/radost-ogulin\/wp-json\/wp\/v2\/types\/page"}],"author":[{"embeddable":true,"href":"https:\/\/pubweb.carnet.hr\/radost-ogulin\/wp-json\/wp\/v2\/users\/210"}],"replies":[{"embeddable":true,"href":"https:\/\/pubweb.carnet.hr\/radost-ogulin\/wp-json\/wp\/v2\/comments?post=36"}],"version-history":[{"count":0,"href":"https:\/\/pubweb.carnet.hr\/radost-ogulin\/wp-json\/wp\/v2\/pages\/36\/revisions"}],"wp:attachment":[{"href":"https:\/\/pubweb.carnet.hr\/radost-ogulin\/wp-json\/wp\/v2\/media?parent=36"}],"curies":[{"name":"wp","href":"https:\/\/api.w.org\/{rel}","templated":true}]}}