{"id":33,"date":"2013-10-16T11:53:11","date_gmt":"2013-10-16T09:53:11","guid":{"rendered":"http:\/\/radost-ogulin.hr\/?page_id=33"},"modified":"2013-10-16T11:53:11","modified_gmt":"2013-10-16T09:53:11","slug":"o-nama","status":"publish","type":"page","link":"https:\/\/pubweb.carnet.hr\/radost-ogulin\/o-nama\/","title":{"rendered":"O nama"},"content":{"rendered":"<h1><span style=\"color: #008000\">1. O udruzi, ciljevi<\/span><\/h1>\n<p>Udruga je osnovana u svibnju 2006 na inicijativu roditelja djece s posebnim potrebama, a s ciljem okupljanja, dru\u017eenja, promicanja humanitarnih, socijalnih, zdravstvenih i ostalih potreba njenih \u010dlanova.<br \/>\nSvojim radom mi nastojimo pobolj\u0161ati polo\u017eaj na\u0161ih \u010dlanova u lokalnoj zajednici i \u0161ire, pomo\u0107i pri zadovoljenju najosnovnijih potreba, osvijestiti zajednicu o potrebama i problemima \u010dlanova, nastojimo im vratiti nadu u bolje sutra.<br \/>\nPosebno nastojimo na\u0161im najmla\u0111im \u010dlanovima pribli\u017eiti na\u010din \u017eivota kakav vode njihovi zdravi vr\u0161njaci, ( kroz proslave ro\u0111endana, izleta, sudjelovanja u pripremama za izlo\u017ebe, sudjelovanja na manifestacijama vezane za Grad ).<\/p>\n<h1><span style=\"color: #008000\">2. Sadr\u017eaj udruge<\/span><\/h1>\n<p>Osnovni sadr\u017eaji udruge vezani su uz okupljanje roditelja i djece s posebnim potrebama, ali i ostalih osoba s invaliditetom te gra\u0111ana zainteresiranih za pomo\u0107 oboljelima, u vidu volonterstva.<br \/>\nOkupljanje je organizirano kroz 4 radionice:\u00a0<strong>kreativnia radionica, tjelesno terapeutska radionica, glazbena i informati\u010dka.\u00a0<\/strong><br \/>\nSvake druge srijede u mjesecu uprili\u010deno je dru\u017eenje osoba oboljelih od multiple skleroze.<\/p>\n<ul>\n<li><strong>Kreativna radionica<\/strong>\u00a0postoji od samog osnutka Udruge, okuplja oko 20\u00a0 \u010dlanova, dva puta tjedno.<br \/>\nPokazala se ne samo kao mjesto za igru i dru\u017eenje ve\u0107 kao i vrsta radne terapije jer radom se u djeci pobu\u0111uje kreativnost, sposobnost komunikacije, izra\u017eavanje mi\u0161ljenja, pripadnost grupi, u\u010de se toleranciji unutar nje, ekolo\u0161ka osvje\u0161tenost jer mi radimo\u00a0 od raznog otpadnog materijala po na\u010delu pretvorimo nekorisno u koprisno ( boce, \u010depovi, kartonske kutije..).<br \/>\nOrganiziramo prodajne izlo\u017ebe \u010diji prihod ide u humanitarne svrhe ili u kupnju materijala za istu.<br \/>\nSudjelujemo na svim va\u017enim manifestacijama Grada.<br \/>\nVoditeljice su Valentina Cetinjanin, Maja Mazor i \u00a0Senka Turkalj<\/li>\n<li><strong>Tjelesno terapeutska<\/strong>\u00a0radionica odr\u017eava se svake subote u Sokolskom domu.\u00a0 Voditeljica je vi\u0161i fizioterapeut Sonja Milo\u0161evi\u0107 i Milana Maravi\u0107.<br \/>\nObzirom da svima nedostaje kretanja i kondicije, radi se na postizanju istog.\u00a0 Sa osobama slabije pokretljivosti rade se vje\u017ebe specifi\u010dne za pojedina oboljenja.<\/li>\n<li><strong>Glazbenu radionicu<\/strong>\u00a0vodi profesorica Maja Pu\u0161kari\u0107, jednom tjedno.<br \/>\nSudjeluju\u0107i u radu ove radionice, \u010dlanovima se omogu\u0107uje ( putem sviranja i pjevanja ) relaksacija i kvalitetno dru\u017eenje unutar kojeg se razvija osje\u0107aj za ritam, oboga\u0107uje rje\u010dnik, poti\u010de pravilno izra\u017eavanje i interes prema glazbi.<\/li>\n<li><strong>Informati\u010dku radionicu<\/strong>\u00a0za djecu s posebnim potrebama vodila je profesorica Mirjana Pu\u0161kari\u0107. Nju je poha\u0111alo 6 djece, koja su ovisno o svojim sposobnostima, uspjela savladati zadano im gradivo.<br \/>\nTrenutno smo u pripremama radionice za odrasle \u010dlanove kojima nedostaje informati\u010dkog znanja, a istu bi vodila profesorica Senka Turkalj.<\/li>\n<li><strong>Dramsku radionicu<\/strong>\u00a0vodi Milana Maravi\u0107.<br \/>\nSvojim trudom uspjela je u kratkom vremenskom roku na \u201cdaske\u201d postaviti prvu predstavu \u201cKako je tu\u017eni plavi autobus postao sretan\u201d koje je izvedena\u00a0 na 4. festivalu bajki u Ogulinu.<br \/>\nGlumili su \u010dlanovi na\u0161e Udruge i djeca Prve osnovne \u0161kole.<\/li>\n<li>U sklopu\u00a0 Udruge djeluje i\u00a0<strong>Klub oboljelih od MS<\/strong>\u00a0koji broji oko 30 \u010dlanova<br \/>\n\u010clanovi Kluba Multiple okupljaju se I dru\u017ee svaku drugu srijedu u mjesecu gdje razmjenjuju svoja iskustva vezano uz oboljenje, definiraju potrebe \u010dlanova, predsjednica kluba ih redovito izvje\u0161tava o novostima i promjenama koja se doga\u0111aju unutar Saveza multiple. Isto tako i neki \u010dlanvi aktivno sudjeluju u ve\u0107 navedenim radionicama.<\/li>\n<\/ul>\n<h1><span style=\"color: #008000\">3. Planovi<\/span><\/h1>\n<p>Kako nas je svakim danom sve vi\u0161e moramo se pobrinuti za ve\u0107i prostor, ishoditi vi\u0161e parkirnih mjesta za osobe s invaliditetom a manje arhitektonskih barijera. Nadalje, poticati lokalnu zajednicu i susjedstvo na uklju\u010divanje u \u017eivot osoba s invaliditetom, potaknuti ih na razumjevanje i po\u0161tovanje. Pobrinuti se o kvalitetno provedenom slobodnom vremenu na\u0161ih \u010dlanova. Pozivati roditelje i staratelje te ostalo gra\u0111anstvo na \u0161to ve\u0107e sudjelovanje u radu Udruge, pobolj\u0161ati me\u0111usobnu komunikaciju, raditi na integraciji djece u \u201enormalan\u201c \u017eivot. O\u010duvati njihove ste\u010dene socijalizacijske vje\u0161tine, o\u010duvati i ja\u010dati samopouzdanje, samopo\u0161tovanje, poticati osje\u0107aj vrijednosti i pripadnosti. Organiziranje raznih dobrotvornih aukcija, izlo\u017ebi i drugih humanitarnih aktivnosti. Omogu\u0107iti pru\u017eanje stru\u010dne pomo\u0107i \u010dlanovima udruge. Raditi na boljoj suradnji s nalo\u017eenim gradskim i \u017eupanijskim tijelima, institucijama i drugim pravnim osobama . Organiziranje izleta i raznih oblika me\u0111usobnog dru\u017eenja.<\/p>\n<h1><span style=\"color: #008000\">4. Volonteri<\/span><\/h1>\n<p>Voditeljice svih radionica volonteraju kao Iva \u0161lat, Ria Kon\u010dar, Maja Petru\u0161i\u0107.<br \/>\nPozivamo sve koji \u017eele volontirati, te svim \u010dlanovima Udruge \u017eivot u\u010diniti ljep\u0161im.<\/p>\n","protected":false},"excerpt":{"rendered":"<p>1. O udruzi, ciljevi Udruga je osnovana u svibnju 2006 na inicijativu roditelja djece s posebnim potrebama, a s ciljem okupljanja, dru\u017eenja, promicanja humanitarnih, socijalnih, zdravstvenih i ostalih potreba njenih \u010dlanova. Svojim radom mi nastojimo pobolj\u0161ati polo\u017eaj na\u0161ih \u010dlanova u lokalnoj zajednici i \u0161ire, pomo\u0107i pri zadovoljenju najosnovnijih potreba, osvijestiti zajednicu o potrebama i problemima [&hellip;]<\/p>\n","protected":false},"author":210,"featured_media":0,"parent":0,"menu_order":0,"comment_status":"closed","ping_status":"closed","template":"sidebar-page.php","meta":{"footnotes":""},"class_list":["post-33","page","type-page","status-publish","hentry"],"_links":{"self":[{"href":"https:\/\/pubweb.carnet.hr\/radost-ogulin\/wp-json\/wp\/v2\/pages\/33","targetHints":{"allow":["GET"]}}],"collection":[{"href":"https:\/\/pubweb.carnet.hr\/radost-ogulin\/wp-json\/wp\/v2\/pages"}],"about":[{"href":"https:\/\/pubweb.carnet.hr\/radost-ogulin\/wp-json\/wp\/v2\/types\/page"}],"author":[{"embeddable":true,"href":"https:\/\/pubweb.carnet.hr\/radost-ogulin\/wp-json\/wp\/v2\/users\/210"}],"replies":[{"embeddable":true,"href":"https:\/\/pubweb.carnet.hr\/radost-ogulin\/wp-json\/wp\/v2\/comments?post=33"}],"version-history":[{"count":0,"href":"https:\/\/pubweb.carnet.hr\/radost-ogulin\/wp-json\/wp\/v2\/pages\/33\/revisions"}],"wp:attachment":[{"href":"https:\/\/pubweb.carnet.hr\/radost-ogulin\/wp-json\/wp\/v2\/media?parent=33"}],"curies":[{"name":"wp","href":"https:\/\/api.w.org\/{rel}","templated":true}]}}