{"id":42,"date":"2014-04-21T18:26:10","date_gmt":"2014-04-21T18:26:10","guid":{"rendered":"http:\/\/www.specijalna-olimpijada-hrvatske.hr\/?page_id=42"},"modified":"2025-04-16T08:44:37","modified_gmt":"2025-04-16T08:44:37","slug":"treneri","status":"publish","type":"page","link":"https:\/\/pubweb.carnet.hr\/olimpijada-hr\/sportasi-i-treneri\/treneri\/","title":{"rendered":"TRENERI"},"content":{"rendered":"<p>LICENCIRANI TRENERI:<\/p>\n<ol>\n<li>Franjo Horvat, \u0160portsko dru\u0161tvo Specijalni \u0161portovi Lu\u010d, Zapre\u0161i\u0107, do 17.06.2024. &#8211; A<\/li>\n<li>Davor Luka\u010devi\u0107, Srednja \u0161kola &#8211; Centar za odgoj i obrazovanje Zagreb, do 21.06.2024. &#8211; A<\/li>\n<li>Vi\u0161nja Popovi\u0107, \u0160kola za odgoj i obrazovanje &#8211; Pula, do 23.06.2024. &#8211; A<\/li>\n<li>Pavlina Miljkovi\u0107, \u0160kola za odgoj i obrazovanje &#8211; Pula, do 23.06.2024. &#8211; A<\/li>\n<li>Milovan Lazendi\u0107, \u0160kola za odgoj i obrazovanje &#8211; Pula, do 23.06.2024. &#8211; A<\/li>\n<li>Ivan Brigi\u0107, Centar za odgoj i obrazovanje Tu\u0161kanac, Zagreb, do 13.07.2024. &#8211; A<\/li>\n<li>Ivana Milina \u0160ikli\u0107, Centar za odgoj i obrazovanje Juraj Bona\u010di, Split, do 13.07.2024. &#8211; A<\/li>\n<li>Jo\u0161ko Ga\u0107ina,\u00a0Centar za odgoj i obrazovanje Juraj Bona\u010di, Split, do 13.07.2024. &#8211; A<\/li>\n<li>Ivan Lisica,\u00a0Centar za odgoj i obrazovanje Juraj Bona\u010di, Split, do 13.07.2024. &#8211; A<\/li>\n<li>Sandra Jadrijevi\u0107, Centar za autizam Zagreb, do 14.07.2024. &#8211; A<\/li>\n<li>Mladen Modri\u0107, Centar za rehabilitaciju Fra Ante Sekelez, Vrlika, do 14.07.2024. &#8211; A<\/li>\n<li>Branka Br\u010di\u0107 Crnkovi\u0107, Ozana &#8211; Dnevni centar za rehabilitaciju i radne aktivnosti, do 14.07.2024. &#8211; B<\/li>\n<li>Andreja Martinez, Centar za odgoj i obrazovanje Tomislav \u0160poljar, Vara\u017edin, do 14.07.2024. &#8211; A<\/li>\n<li>Kristina Kralj, Centar za odgoj i obrazovanje Tomislav \u0160poljar, Vara\u017edin, do 14.07.2024. &#8211; A<\/li>\n<li>Nikica Bla\u017eevi\u0107, Centar za odgoj i obrazovanje \u0160ubi\u010devac, \u0160ibenik, do 15.07.2024. &#8211; A<\/li>\n<li>Jasna I\u017eakovi\u0107, Centar za odgoj i obrazovanje Ivan \u0160tark Osijek, do 15.07.2024. &#8211; A<\/li>\n<li>Tomislav Dubrav\u010di\u0107, UZOSIO Golubica Vukovar, do 16.07.2024. &#8211; B<\/li>\n<li>Barbara Duspara, UZOSIO Golubica Vukovar, do 16.07.2024. &#8211; B<\/li>\n<li>Ines \u0160krbac, UZOSIO Golubica Vukovar, do 16.07.2024. &#8211; B<\/li>\n<li>Josip Joji\u0107, Centar za rehabilitaciju Nada, Karlovac, do 16.07.2024. &#8211; B<\/li>\n<li>Maja Dela\u010d, Centar za rehabilitaciju Nada, Karlovac,\u00a0 do 24.01.2029. &#8211; B<\/li>\n<li>Ivan Horvat, Centar za rehabilitaciju Nada, Karlovac, do 24.01.2029. &#8211; B<\/li>\n<li>Marko \u0160trucelj, Centar za rehabilitaciju Nada, Karlovac, do 24.01.2029. &#8211; B<\/li>\n<li>Krunoslav Vragovi\u0107, Centar za odgoj i obrazovanje Zajezda, do 22.09.2024. &#8211; B<\/li>\n<li>Lea Biloglav, Centar za autizam Zagreb, do 01.10.2024. &#8211; A<\/li>\n<li>Andrijana \u0110umlan Cetin, Centar za autizam Zagreb, do 01.10.2024. &#8211; A<\/li>\n<li>Velida Salihovi\u0107,\u00a0Centar za autizam Zagreb, do 01.10.2024. &#8211; A<\/li>\n<li>Tomica \u0160o\u0161tar,\u00a0\u0160portsko dru\u0161tvo Specijalni \u0161portovi Lu\u010d, Zapre\u0161i\u0107, do 09.10.2024. &#8211; A<\/li>\n<li>Jagoda Zrili\u0107, Sportsko dru\u0161tvo Centar Dubrava, Zagreb, do 23.09.2024. &#8211; A<\/li>\n<li>Sla\u0111ana Tati\u0107, \u0160portsko dru\u0161tvo Specijalni \u0161portovi Lu\u010d, Zapre\u0161i\u0107, do 21.10.2024. &#8211; B<\/li>\n<li>Marijana Juki\u0107, Udruga osoba s intelektualnim te\u0161ko\u0107ama Zvono, Split, do 21.10.2024. &#8211; A<\/li>\n<li>Ivan Dubravica, Centar za odgoj i obrazovanje Velika Gorica, do 27.10.2024. &#8211; A<\/li>\n<li>Vlado Strbad, Centar za odgoj i obrazovanje Tu\u0161kanac, do 27.10.2024. &#8211; A<\/li>\n<li>Martina \u0160ango, Sportska udruga osoba s intelektualnim pote\u0161ko\u0107ama Mali princ, do 28.10.2024. &#8211; A<\/li>\n<li>Davor Hohnjec, Centar za odgoj i obrazovanje Zajezda, do 14.12.2024. &#8211; A<\/li>\n<li>Vedran Sokol, Centar za odgoj i obrazovanje Ivan \u0160tark Osijek, 28.01.2025. &#8211; A<\/li>\n<li>Danijela Bruketa Jurkovi\u0107, Centar za rehabilitaciju Rijeka, do 25.02.2025. &#8211; B<\/li>\n<li>Robert Mihaljevi\u0107, Centar za rehabilitaciju Rijeka, do 25.02.2025. &#8211; B<\/li>\n<li>Domagoj Babi\u0107, Centar za rehabilitaciju Rijeka, do 25.02.2025. &#8211; B<\/li>\n<li>Josip Ge\u010dek, Udruga osoba s intelektualnim te\u0161ko\u0107ama Me\u0111imurske \u017eupanije, \u010cakovec, do 01.03.2025. &#8211; B<\/li>\n<li>Josip Lesjak, Udruga osoba s intelektualnim te\u0161ko\u0107ama Me\u0111imurske \u017eupanije, \u010cakovec, do 01.03.2025. &#8211; B<\/li>\n<li>Ilija Tekli\u0107, Centar za rehabilitaciju Mir, Ka\u0161tel Novi, do 01.03.2025. &#8211; A<\/li>\n<li>Tihomir Prusina, Centar za rehabilitaciju Zagreb, do 22.03.2025. &#8211; A<\/li>\n<li>Snje\u017eana Mergon, Centar za odgoj, obrazovanje i rehabilitaciju Kri\u017eevci, do 19.04.2025. &#8211; A<\/li>\n<li>Mario Gr\u017ein, Centar za rehabilitaciju Komarevo, do 20.04.2025. &#8211; A<\/li>\n<li>Santino Debelec, Centar za odgoj i obrazovanje \u010cakovec, do 10.06.2025. &#8211; A<\/li>\n<li>Jurica Hajsek, Centar za rehabilitaciju Vara\u017edin, do 25.08.2025. &#8211; B<\/li>\n<li>Ida Virag, Centar za rehabilitaciju Vara\u017edin, do 25.08.2025. &#8211; A<\/li>\n<li>Marina Galinec, Dom za odrasle osobe Lobor-grad, do 21.09.2025. &#8211; B<\/li>\n<li>Marko Vrus, Udruga osoba s intelektualnim te\u0161ko\u0107ama Me\u0111imurske \u017eupanije, do 05.10.2025. &#8211; B<\/li>\n<li>Sanja Bili\u0161kov, Udruga tjelesnih invalida Ka\u0161tela, do 07.10.2025. &#8211; B<\/li>\n<li>Jurica Skelin, Udruga tjelesnih invalida Ka\u0161tela, do 07.10.2025. &#8211; A<\/li>\n<li>Kre\u0161o Posedi, Dom za odrasle osobe Ljeskovica, do 23.02.2026. &#8211; A<\/li>\n<li>Marija Bare,\u00a0UZOSIO Golubica Vukovar, do 23.03.2026. &#8211; B<\/li>\n<li>Ivone Hrgi\u0107,\u00a0UZOSIO Golubica Vukovar, do 23.03.2026. &#8211; B<\/li>\n<li>Hrvoje \u017dimbrek, Centar za odgoj i obrazovanje Tomislav \u0160poljar, Vara\u017edin, do 30.03.3026. &#8211; A<\/li>\n<li>Ines Bru\u010di\u0107, Centar za odgoj i obrazovanje Zajezda, do 15.06.2026. &#8211; B<\/li>\n<li>Helena Begi\u0107, Centar za odgoj i obrazovanje Zajezda, do 15.06.2026. &#8211; B<\/li>\n<li>Marko Malek-Solgat, Centar za odgoj i obrazovanje Zajezda, do 07.09.2026. &#8211; B<\/li>\n<li>Ervin \u0160abanovi\u0107, Centar za rehabilitaciju Rijeka, 21.10.2026. &#8211; B<\/li>\n<li>Zlatko Murkovi\u0107, Udruga osoba s intelektualnim te\u0161ko\u0107ama Me\u0111imurske \u017eupanije, \u010cakovec, do 21.11.2026. &#8211; B<\/li>\n<li>Valentina \u010curila, Centar za rehabilitaciju Zagreb, do 30.12.2026. &#8211; A<\/li>\n<li>Jelena Prepolec, Centar za odgoj i obrazovanje Zajezda, do 10.03.2027. &#8211; B<\/li>\n<li>Sanja Beli\u0107 Pav\u010dec, O\u0160 Ludbreg, Ludbreg do 07.08.2027. &#8211; B<\/li>\n<li>Marko Krpan, Centar za rehabilitaciju Zagreb, do 07.11.2027. &#8211; A<\/li>\n<li>Tomislav \u0160afar, Centar za odgoj i obrazovanje Rudolf Steiner, Daruvar, do 30.01.2028. &#8211; A<\/li>\n<li>Milivoj Bujani\u0107, Udruga za autizam Pogled, Nedeli\u0161\u0107e, do 19.02.2028. &#8211; A<\/li>\n<li>Ivica Ivekovi\u0107, Centar za odgoj, obrazovanje i rehabilitaciju Virovitica,\u00a0 do 15.03.2028. &#8211; A<\/li>\n<li>Lea Liptak,\u00a0\u00a0UZOSIO Golubica Vukovar, do 25.04.2028. &#8211; B<\/li>\n<\/ol>\n","protected":false},"excerpt":{"rendered":"<p>LICENCIRANI TRENERI: Franjo Horvat, \u0160portsko dru\u0161tvo Specijalni \u0161portovi Lu\u010d, Zapre\u0161i\u0107, do 17.06.2024. &#8211; A Davor Luka\u010devi\u0107, Srednja \u0161kola &#8211; Centar za odgoj i obrazovanje Zagreb, do 21.06.2024. &#8211; A Vi\u0161nja Popovi\u0107, \u0160kola za odgoj i obrazovanje &#8211; Pula, do 23.06.2024. &#8211; A Pavlina Miljkovi\u0107, \u0160kola za odgoj i obrazovanje &#8211; Pula, do 23.06.2024. &#8211; A [&hellip;]<\/p>\n","protected":false},"author":197,"featured_media":0,"parent":32,"menu_order":0,"comment_status":"closed","ping_status":"closed","template":"","meta":{"footnotes":""},"class_list":["post-42","page","type-page","status-publish","hentry"],"_links":{"self":[{"href":"https:\/\/pubweb.carnet.hr\/olimpijada-hr\/wp-json\/wp\/v2\/pages\/42","targetHints":{"allow":["GET"]}}],"collection":[{"href":"https:\/\/pubweb.carnet.hr\/olimpijada-hr\/wp-json\/wp\/v2\/pages"}],"about":[{"href":"https:\/\/pubweb.carnet.hr\/olimpijada-hr\/wp-json\/wp\/v2\/types\/page"}],"author":[{"embeddable":true,"href":"https:\/\/pubweb.carnet.hr\/olimpijada-hr\/wp-json\/wp\/v2\/users\/197"}],"replies":[{"embeddable":true,"href":"https:\/\/pubweb.carnet.hr\/olimpijada-hr\/wp-json\/wp\/v2\/comments?post=42"}],"version-history":[{"count":2,"href":"https:\/\/pubweb.carnet.hr\/olimpijada-hr\/wp-json\/wp\/v2\/pages\/42\/revisions"}],"predecessor-version":[{"id":1688,"href":"https:\/\/pubweb.carnet.hr\/olimpijada-hr\/wp-json\/wp\/v2\/pages\/42\/revisions\/1688"}],"up":[{"embeddable":true,"href":"https:\/\/pubweb.carnet.hr\/olimpijada-hr\/wp-json\/wp\/v2\/pages\/32"}],"wp:attachment":[{"href":"https:\/\/pubweb.carnet.hr\/olimpijada-hr\/wp-json\/wp\/v2\/media?parent=42"}],"curies":[{"name":"wp","href":"https:\/\/api.w.org\/{rel}","templated":true}]}}