{"id":2,"date":"2014-08-18T06:51:27","date_gmt":"2014-08-18T06:51:27","guid":{"rendered":"http:\/\/pubweb.carnet.hr\/matica\/?page_id=2"},"modified":"2026-03-16T20:32:43","modified_gmt":"2026-03-16T20:32:43","slug":"primjer-stranice","status":"publish","type":"page","link":"https:\/\/pubweb.carnet.hr\/matica\/","title":{"rendered":"O NAMA"},"content":{"rendered":"<p><strong>\u00a0<\/strong><\/p>\n<h1><strong><a href=\"http:\/\/pubweb.carnet.hr\/matica\/za-uzgajivace-matica\/\"><img loading=\"lazy\" decoding=\"async\" class=\"size-full wp-image-886 alignleft\" src=\"http:\/\/pubweb.carnet.hr\/matica\/wp-content\/uploads\/sites\/132\/2018\/01\/VA\u017dNO.jpg\" alt=\"\" width=\"262\" height=\"171\" srcset=\"https:\/\/pubweb.carnet.hr\/matica\/wp-content\/uploads\/sites\/132\/2018\/01\/VA\u017dNO.jpg 262w, https:\/\/pubweb.carnet.hr\/matica\/wp-content\/uploads\/sites\/132\/2018\/01\/VA\u017dNO-2x1.jpg 2w\" sizes=\"auto, (max-width: 262px) 100vw, 262px\" \/><\/a><\/strong><\/h1>\n<h2><em><strong>16. O\u017dUJKA 2026<\/strong>.<\/em><\/h2>\n<h1><a href=\"http:\/\/pubweb.carnet.hr\/matica\/popis-registriranih-uzgajivaca-matica\/\"><strong>REGISTAR UZGAJIVA\u010cA MATICA ZA 2026. GODINU<\/strong><\/a><\/h1>\n<p><a href=\"http:\/\/pubweb.carnet.hr\/matica\/wp-content\/uploads\/sites\/132\/2015\/06\/Untitled-2.jpg\"><img loading=\"lazy\" decoding=\"async\" class=\" wp-image-292 alignleft\" src=\"http:\/\/pubweb.carnet.hr\/matica\/wp-content\/uploads\/sites\/132\/2015\/06\/Untitled-2.jpg\" alt=\"\" width=\"764\" height=\"250\" srcset=\"https:\/\/pubweb.carnet.hr\/matica\/wp-content\/uploads\/sites\/132\/2015\/06\/Untitled-2.jpg 1490w, https:\/\/pubweb.carnet.hr\/matica\/wp-content\/uploads\/sites\/132\/2015\/06\/Untitled-2-300x98.jpg 300w, https:\/\/pubweb.carnet.hr\/matica\/wp-content\/uploads\/sites\/132\/2015\/06\/Untitled-2-1024x335.jpg 1024w, https:\/\/pubweb.carnet.hr\/matica\/wp-content\/uploads\/sites\/132\/2015\/06\/Untitled-2-3x1.jpg 3w\" sizes=\"auto, (max-width: 764px) 100vw, 764px\" \/><\/a><\/p>\n<h2><a href=\"http:\/\/pubweb.carnet.hr\/matica\/wp-content\/uploads\/sites\/132\/2020\/01\/Novo.jpg\"><img loading=\"lazy\" decoding=\"async\" class=\"size-medium wp-image-1438 alignleft\" src=\"http:\/\/pubweb.carnet.hr\/matica\/wp-content\/uploads\/sites\/132\/2020\/01\/Novo-300x199.jpg\" alt=\"\" width=\"300\" height=\"199\" srcset=\"https:\/\/pubweb.carnet.hr\/matica\/wp-content\/uploads\/sites\/132\/2020\/01\/Novo-300x199.jpg 300w, https:\/\/pubweb.carnet.hr\/matica\/wp-content\/uploads\/sites\/132\/2020\/01\/Novo-2x1.jpg 2w, https:\/\/pubweb.carnet.hr\/matica\/wp-content\/uploads\/sites\/132\/2020\/01\/Novo.jpg 338w\" sizes=\"auto, (max-width: 300px) 100vw, 300px\" \/><\/a><\/h2>\n<h2>\u00a0<\/h2>\n<h2>\u00a0<\/h2>\n<h2>\u00a0<\/h2>\n<h2>\u00a0<\/h2>\n<h2>\u00a0<\/h2>\n<h2>\u00a0<\/h2>\n<h2>\u00a0<\/h2>\n<h2 style=\"text-align: left\"><strong>IZDANE KNJ\u017dICE:<\/strong><\/h2>\n<h2><a href=\"http:\/\/pubweb.carnet.hr\/matica\/wp-content\/uploads\/sites\/132\/2020\/01\/Monografija-Uzgajivaci-matica-1999-2019.pdf\"><strong>Monografija &#8211; Uzgajivaci matica 1999 &#8211; 2019<\/strong><\/a><\/h2>\n<h3>\u00a0<\/h3>\n<h3>&#8212;&#8212;&#8212;&#8212;&#8212;&#8212;&#8212;&#8212;&#8212;&#8212;&#8212;&#8212;&#8212;&#8212;&#8212;&#8212;&#8212;&#8212;&#8212;&#8212;&#8212;&#8212;&#8212;&#8212;&#8212;&#8212;&#8212;&#8212;&#8212;&#8212;&#8212;&#8212;&#8211;<\/h3>\n<h3><em><strong>O NAMA<\/strong><\/em><\/h3>\n<h4 style=\"text-align: left\"><strong>Udruga uzgajiva\u010da matica sive p\u010dele ima sjedi\u0161te u Zagrebu, a osnovana je 1999. godine radi za\u0161tite i promicanja zajedni\u010dkih ekolo\u0161kih i gospodarskih interesa, te ciljeva \u010dlanova uduge, bez namjere stjecanja dobiti.<br \/>Udruga se bavi uzgojem uzgojno valjanih matica p\u010dela temeljem Zakonom o uzgoju doma\u0107ih \u017eivotinja (Narodne novine, broj 115\/18).<br \/>U Udrugu je u\u010dlanjeno 55 uzgajiva\u010da sa podru\u010dja cijele\u00a0 Republike Hrvatske koji imaju populaciju od 11.000 p\u010delinjih zajednica ( podatak iz 2018. godine ).<br \/>Uzgoj i selekciju u skladu s Uzgojnim programom provodi Udruga<a href=\"http:\/\/www.hpa.hr\">,<\/a> te provodi testiranje matica na testnim stanicama.<br \/>Osnovni cilj udruge je uzgoj i selekcija autohtone <em>sive p\u010dele ( Apis mellifera carnica )<\/em>, odnosno uzgoj mladih, produktivnih matica sa pobolj\u0161anim\u00a0 uzgojnim i gospodarskim odlikama.<\/strong><\/h4>\n<p><strong>Ciljevi Udruge su:<\/strong><br \/><strong> &#8211;\u00a0 razvoj i unapre\u0111enje uzgoja i testiranja selekcioniranih\u00a0 p\u010delinjih matica na podru\u010dju Republike\u00a0\u00a0Hrvatske;<\/strong><br \/><strong> &#8211; \u00a0poduzimanje mjera za za\u0161titu doma\u0107e ( autohtone ) selekcionirane pasmine p\u010delinjih matica na \u00a0 doma\u0107em i inozemnom<\/strong><br \/><strong> tr\u017ei\u0161tu;<\/strong><br \/><strong> &#8211; \u00a0provo\u0111enje mjera za\u0161tite okoli\u0161a;<\/strong><br \/><strong> &#8211; \u00a0stalna briga oko unapre\u0111enja gospodarskih uvjeta za uzgoj, zdravstvanu za\u0161titu i plasman doma\u010dih \u00a0selekcioniranih p\u010delinjih matica.<img loading=\"lazy\" decoding=\"async\" class=\"\" src=\"http:\/\/pubweb.carnet.hr\/matica\/wp-content\/uploads\/sites\/132\/2026\/02\/Broj-uzgojenuh-matica-1994-2025.jpg\" width=\"837\" height=\"561\" \/><\/strong><\/p>\n<p style=\"text-align: center\"><!-- hitwebcounter Code START --><a href=\"http:\/\/www.hitwebcounter.com\" target=\"_blank\" rel=\"noopener\"><br \/><img decoding=\"async\" title=\"http:\/\/www.hitwebcounter.com\/htmltutorial.php\" src=\"http:\/\/hitwebcounter.com\/counter\/counter.php?page=6541761&amp;style=0010&amp;nbdigits=5&amp;type=page&amp;initCount=5321\" alt=\"http:\/\/www.hitwebcounter.com\/htmltutorial.php\" border=\"0\" \/><br \/><\/a><br \/><!-- hitwebcounter.com --><a style=\"font-family: Arial, Helvetica, sans-serif;font-size: 9px;color: #6a7175;text-decoration: underline\" title=\"WebPage Visits\" href=\"http:\/\/www.hitwebcounter.com\" target=\"_blank\" rel=\"noopener\"><strong>WebPage Visits <\/strong><br \/><\/a><\/p>\n\n\n<figure class=\"wp-block-gallery has-nested-images columns-default is-cropped wp-block-gallery-1 is-layout-flex wp-block-gallery-is-layout-flex\"><\/figure>\n\n\n\n<figure class=\"wp-block-gallery has-nested-images columns-default is-cropped wp-block-gallery-2 is-layout-flex wp-block-gallery-is-layout-flex\"><\/figure>\n\n\n\n<figure class=\"wp-block-gallery has-nested-images columns-default is-cropped wp-block-gallery-3 is-layout-flex wp-block-gallery-is-layout-flex\"><\/figure>\n\n\n\n<figure class=\"wp-block-gallery has-nested-images columns-default is-cropped wp-block-gallery-4 is-layout-flex wp-block-gallery-is-layout-flex\"><\/figure>\n\n\n\n<figure class=\"wp-block-gallery has-nested-images columns-default is-cropped wp-block-gallery-5 is-layout-flex wp-block-gallery-is-layout-flex\"><\/figure>\n","protected":false},"excerpt":{"rendered":"<p>\u00a0 16. O\u017dUJKA 2026. REGISTAR UZGAJIVA\u010cA MATICA ZA 2026. GODINU \u00a0 \u00a0 \u00a0 \u00a0 \u00a0 \u00a0 \u00a0 IZDANE KNJ\u017dICE: Monografija &#8211; Uzgajivaci matica 1999 &#8211; 2019 \u00a0 &#8212;&#8212;&#8212;&#8212;&#8212;&#8212;&#8212;&#8212;&#8212;&#8212;&#8212;&#8212;&#8212;&#8212;&#8212;&#8212;&#8212;&#8212;&#8212;&#8212;&#8212;&#8212;&#8212;&#8212;&#8212;&#8212;&#8212;&#8212;&#8212;&#8212;&#8212;&#8212;&#8211; O NAMA Udruga uzgajiva\u010da matica sive p\u010dele ima sjedi\u0161te u Zagrebu, a osnovana je 1999. godine radi za\u0161tite i promicanja zajedni\u010dkih ekolo\u0161kih i gospodarskih interesa, te ciljeva [&hellip;]<\/p>\n","protected":false},"author":129,"featured_media":0,"parent":0,"menu_order":0,"comment_status":"closed","ping_status":"closed","template":"","meta":{"footnotes":""},"class_list":["post-2","page","type-page","status-publish","hentry"],"_links":{"self":[{"href":"https:\/\/pubweb.carnet.hr\/matica\/wp-json\/wp\/v2\/pages\/2","targetHints":{"allow":["GET"]}}],"collection":[{"href":"https:\/\/pubweb.carnet.hr\/matica\/wp-json\/wp\/v2\/pages"}],"about":[{"href":"https:\/\/pubweb.carnet.hr\/matica\/wp-json\/wp\/v2\/types\/page"}],"author":[{"embeddable":true,"href":"https:\/\/pubweb.carnet.hr\/matica\/wp-json\/wp\/v2\/users\/129"}],"replies":[{"embeddable":true,"href":"https:\/\/pubweb.carnet.hr\/matica\/wp-json\/wp\/v2\/comments?post=2"}],"version-history":[{"count":2,"href":"https:\/\/pubweb.carnet.hr\/matica\/wp-json\/wp\/v2\/pages\/2\/revisions"}],"predecessor-version":[{"id":2369,"href":"https:\/\/pubweb.carnet.hr\/matica\/wp-json\/wp\/v2\/pages\/2\/revisions\/2369"}],"wp:attachment":[{"href":"https:\/\/pubweb.carnet.hr\/matica\/wp-json\/wp\/v2\/media?parent=2"}],"curies":[{"name":"wp","href":"https:\/\/api.w.org\/{rel}","templated":true}]}}