{"id":11,"date":"2014-08-19T17:00:35","date_gmt":"2014-08-19T17:00:35","guid":{"rendered":"http:\/\/pubweb.carnet.hr\/matica\/?page_id=11"},"modified":"2026-02-16T15:36:42","modified_gmt":"2026-02-16T15:36:42","slug":"uzgojni-ciljevi","status":"publish","type":"page","link":"https:\/\/pubweb.carnet.hr\/matica\/uzgojni-ciljevi\/","title":{"rendered":"UZGOJNI PROGRAM"},"content":{"rendered":"<h3><a href=\"http:\/\/pubweb.carnet.hr\/matica\/wp-content\/uploads\/sites\/132\/2014\/08\/Graphic2.jpg\"><img loading=\"lazy\" decoding=\"async\" class=\" size-full wp-image-176 alignleft\" src=\"http:\/\/pubweb.carnet.hr\/matica\/wp-content\/uploads\/sites\/132\/2014\/08\/Graphic2.jpg\" alt=\"Graphic2\" width=\"104\" height=\"90\" \/><\/a><a href=\"http:\/\/pubweb.carnet.hr\/matica\/wp-content\/uploads\/sites\/132\/2020\/12\/Uzgojni-program-2020.pdf\"><strong>UZGOJNI PROGRAM<\/strong><\/a><\/h3>\n<h3><a href=\"http:\/\/pubweb.carnet.hr\/matica\/wp-content\/uploads\/sites\/132\/2020\/12\/Rje\u0161enje-odobrenje-izmjena-uzgojnog-programa-za-sivu-p\u010delu-1.pdf\">Rje\u0161enje- odobrenje izmjena uzgojnog programa za sivu p\u010delu &#8211; 17.12.2020.<\/a><\/h3>\n<h3><a href=\"http:\/\/pubweb.carnet.hr\/matica\/wp-content\/uploads\/sites\/132\/2019\/11\/Rjesenje-o-priznavanju-Uzgojnog-programa-20191031.pdf\">Rjesenje o priznavanju Uzgojnog programa &#8211; 11.10.2019.<\/a><\/h3>\n<p>\u00a0<\/p>\n<p><a href=\"http:\/\/pubweb.carnet.hr\/matica\/wp-content\/uploads\/sites\/132\/2014\/08\/Graphic2.jpg\"><img loading=\"lazy\" decoding=\"async\" class=\" size-full wp-image-176 alignleft\" src=\"http:\/\/pubweb.carnet.hr\/matica\/wp-content\/uploads\/sites\/132\/2014\/08\/Graphic2.jpg\" alt=\"Graphic2\" width=\"104\" height=\"90\" \/><\/a><\/p>\n<h3><a href=\"http:\/\/pubweb.carnet.hr\/matica\/wp-content\/uploads\/sites\/132\/2014\/08\/Uzgojni-program-iz-1997-pcele.pdf\">PROGRAM GOJIDBENOG STVARANJA P\u010cELA U REPUBLICI HRVATSKOJ<\/a><br \/>( Vlada RH je 27. travnja 1997.g. donijela ovaj Program )<\/h3>\n<p>\u00a0<\/p>\n<p><strong><a href=\"http:\/\/pubweb.carnet.hr\/matica\/wp-content\/uploads\/sites\/132\/2014\/08\/IBRA.jpg\"><img loading=\"lazy\" decoding=\"async\" class=\" size-full wp-image-171 alignleft\" src=\"http:\/\/pubweb.carnet.hr\/matica\/wp-content\/uploads\/sites\/132\/2014\/08\/IBRA.jpg\" alt=\"IBRA\" width=\"102\" height=\"90\" srcset=\"https:\/\/pubweb.carnet.hr\/matica\/wp-content\/uploads\/sites\/132\/2014\/08\/IBRA.jpg 102w, https:\/\/pubweb.carnet.hr\/matica\/wp-content\/uploads\/sites\/132\/2014\/08\/IBRA-1x1.jpg 1w\" sizes=\"auto, (max-width: 102px) 100vw, 102px\" \/><\/a><\/strong><\/p>\n<p>\u00a0<\/p>\n<h3><a href=\"http:\/\/pubweb.carnet.hr\/matica\/wp-content\/uploads\/sites\/132\/2014\/08\/Standardne-metode-uzgoja-i-selekcije.pdf\"><strong>Standardne metode uzgoja i selekcije<\/strong><\/a><\/h3>\n<p>\u00a0<\/p>\n<p><a href=\"http:\/\/pubweb.carnet.hr\/matica\/wp-content\/uploads\/sites\/132\/2014\/08\/Graphic2.jpg\"><img loading=\"lazy\" decoding=\"async\" class=\" size-full wp-image-176 alignleft\" src=\"http:\/\/pubweb.carnet.hr\/matica\/wp-content\/uploads\/sites\/132\/2014\/08\/Graphic2.jpg\" alt=\"Graphic2\" width=\"104\" height=\"90\" \/><\/a><\/p>\n<p>\u00a0<\/p>\n<h3><strong>UZGOJNA KARTA\u00a0 MATICE &#8211; certifikat uzgojene matice<\/strong><\/h3>\n<p><a href=\"http:\/\/pubweb.carnet.hr\/matica\/wp-content\/uploads\/sites\/132\/2023\/02\/Uzgojna-karta-2023.jpg\"><img loading=\"lazy\" decoding=\"async\" class=\"aligncenter wp-image-2062\" src=\"http:\/\/pubweb.carnet.hr\/matica\/wp-content\/uploads\/sites\/132\/2023\/02\/Uzgojna-karta-2023.jpg\" alt=\"\" width=\"654\" height=\"445\" srcset=\"https:\/\/pubweb.carnet.hr\/matica\/wp-content\/uploads\/sites\/132\/2023\/02\/Uzgojna-karta-2023.jpg 1044w, https:\/\/pubweb.carnet.hr\/matica\/wp-content\/uploads\/sites\/132\/2023\/02\/Uzgojna-karta-2023-300x204.jpg 300w, https:\/\/pubweb.carnet.hr\/matica\/wp-content\/uploads\/sites\/132\/2023\/02\/Uzgojna-karta-2023-768x522.jpg 768w, https:\/\/pubweb.carnet.hr\/matica\/wp-content\/uploads\/sites\/132\/2023\/02\/Uzgojna-karta-2023-1024x696.jpg 1024w, https:\/\/pubweb.carnet.hr\/matica\/wp-content\/uploads\/sites\/132\/2023\/02\/Uzgojna-karta-2023-1x1.jpg 1w\" sizes=\"auto, (max-width: 654px) 100vw, 654px\" \/><\/a><\/p>\n<p>\u00a0<\/p>\n<p><strong><a href=\"http:\/\/pubweb.carnet.hr\/matica\/wp-content\/uploads\/sites\/132\/2014\/08\/Graphic2.jpg\"><img loading=\"lazy\" decoding=\"async\" class=\" size-full wp-image-176 alignleft\" src=\"http:\/\/pubweb.carnet.hr\/matica\/wp-content\/uploads\/sites\/132\/2014\/08\/Graphic2.jpg\" alt=\"Graphic2\" width=\"104\" height=\"90\" \/><\/a>\u00a0\u00a0 <\/strong><\/p>\n<h3><strong>IDENTIFIKACIJSKI BROJ MATICE<\/strong><\/h3>\n<p><a href=\"http:\/\/pubweb.carnet.hr\/matica\/wp-content\/uploads\/sites\/132\/2023\/02\/Markica-2023.jpg\"><img loading=\"lazy\" decoding=\"async\" class=\"aligncenter size-full wp-image-2061\" src=\"http:\/\/pubweb.carnet.hr\/matica\/wp-content\/uploads\/sites\/132\/2023\/02\/Markica-2023.jpg\" alt=\"\" width=\"339\" height=\"179\" srcset=\"https:\/\/pubweb.carnet.hr\/matica\/wp-content\/uploads\/sites\/132\/2023\/02\/Markica-2023.jpg 339w, https:\/\/pubweb.carnet.hr\/matica\/wp-content\/uploads\/sites\/132\/2023\/02\/Markica-2023-300x158.jpg 300w, https:\/\/pubweb.carnet.hr\/matica\/wp-content\/uploads\/sites\/132\/2023\/02\/Markica-2023-2x1.jpg 2w\" sizes=\"auto, (max-width: 339px) 100vw, 339px\" \/><\/a><\/p>\n<p><!--more--><\/p>\n<h3>Uzgojni ciljevi:\u00a0<\/h3>\n<h3>&#8211;\u00a0\u00a0Pove\u0107anje produktivnosti<\/h3>\n<h3>&#8211;\u00a0\u00a0Mirno\u0107a p\u010dela na sa\u0107u<\/h3>\n<h3>&#8211;\u00a0\u00a0Smanjenje agresivnosti<\/h3>\n<h3>&#8211;\u00a0\u00a0Tolerantnost na bolesti<\/h3>\n<h3>&#8211;\u00a0\u00a0Smanjenje rojivosti<\/h3>\n<h3>&#8211;\u00a0\u00a0Brzina proljetnog razvoja<a href=\"http:\/\/pubweb.carnet.hr\/matica\/wp-content\/uploads\/sites\/132\/2014\/08\/PIN.jpg\"><img loading=\"lazy\" decoding=\"async\" class=\"aligncenter size-medium wp-image-143\" src=\"http:\/\/pubweb.carnet.hr\/matica\/wp-content\/uploads\/sites\/132\/2014\/08\/PIN-300x215.jpg\" alt=\"PIN\" width=\"300\" height=\"215\" srcset=\"https:\/\/pubweb.carnet.hr\/matica\/wp-content\/uploads\/sites\/132\/2014\/08\/PIN-300x215.jpg 300w, https:\/\/pubweb.carnet.hr\/matica\/wp-content\/uploads\/sites\/132\/2014\/08\/PIN-1x1.jpg 1w, https:\/\/pubweb.carnet.hr\/matica\/wp-content\/uploads\/sites\/132\/2014\/08\/PIN.jpg 736w\" sizes=\"auto, (max-width: 300px) 100vw, 300px\" \/><\/a><\/h3>\n<p><i><b><span style=\"font-family: Arial;font-size: x-large\">Pasminske karakteristike sive p\u010dele<\/span><\/b><\/i><\/p>\n<table style=\"height: 350px\" width=\"302\">\n<tbody>\n<tr>\n<td>\n<h2><strong> Karakteristika<\/strong><\/h2>\n<\/td>\n<td style=\"text-align: center\">\n<h2><strong> Radilica<br \/><\/strong><\/h2>\n<\/td>\n<td style=\"text-align: center\">\n<h2><strong> Trut<br \/><\/strong><\/h2>\n<\/td>\n<td style=\"text-align: center\">\n<h2><strong> Matica<br \/><\/strong><\/h2>\n<\/td>\n<td width=\"0\">\u00a0<\/td>\n<\/tr>\n<tr>\n<td>\n<h3>Masa grama<\/h3>\n<\/td>\n<td style=\"text-align: center\">\n<h3>0,1<\/h3>\n<\/td>\n<td style=\"text-align: center\">\n<h3>0,2<\/h3>\n<\/td>\n<td style=\"text-align: center\">\n<h3>0,2<\/h3>\n<\/td>\n<\/tr>\n<tr>\n<td>\n<h3>Duljina milimetara<\/h3>\n<\/td>\n<td style=\"text-align: center\">\n<h3>\u00a012 &#8211;\u00a0 \u00a014<\/h3>\n<\/td>\n<td style=\"text-align: center\">\n<h3>\u00a015 &#8211; 17<\/h3>\n<\/td>\n<td style=\"text-align: center\">\n<h3>\u00a015 &#8211; 20<\/h3>\n<\/td>\n<\/tr>\n<tr>\n<td rowspan=\"2\">\n<h3>Duljina dla\u010dica na 5-om koluti\u0107u<\/h3>\n<\/td>\n<td style=\"text-align: center\" rowspan=\"2\">\n<h3>0,25 &#8211; 0,35<\/h3>\n<\/td>\n<td rowspan=\"2\">\u00a0<\/td>\n<td rowspan=\"2\">\u00a0<\/td>\n<td width=\"0\">\u00a0<\/td>\n<\/tr>\n<tr>\n<td width=\"0\">\u00a0<\/td>\n<\/tr>\n<tr>\n<td>\n<h3>Duljina rilca<\/h3>\n<\/td>\n<td style=\"text-align: center\">\n<h3>6,4 &#8211; 6,8<\/h3>\n<\/td>\n<td>\u00a0<\/td>\n<td>\u00a0<\/td>\n<\/tr>\n<tr>\n<td>\n<h3>Kubitalni indeks<\/h3>\n<\/td>\n<td style=\"text-align: center\">\n<h3>2,4 &#8211; 3,0<\/h3>\n<\/td>\n<td style=\"text-align: center\">\n<h3>1,8 &#8211; 2,3<\/h3>\n<\/td>\n<td>\u00a0<\/td>\n<\/tr>\n<tr>\n<td>\n<h3>Diskoidalni pomak<\/h3>\n<\/td>\n<td style=\"text-align: center\">\n<h3>pozitivan<\/h3>\n<\/td>\n<td style=\"text-align: center\">\n<h3>pozitivan<\/h3>\n<\/td>\n<td>\u00a0<\/td>\n<\/tr>\n<tr>\n<td>\n<h3>Dumb-bell indeks<\/h3>\n<\/td>\n<td style=\"text-align: center\">\n<h3>0,8 \u2013 1,2<\/h3>\n<\/td>\n<td>\n<h4>\u00a0<\/h4>\n<\/td>\n<\/tr>\n<\/tbody>\n<\/table>\n<p><img decoding=\"async\" class=\"aligncenter\" src=\"http:\/\/pubweb.carnet.hr\/matica\/wp-content\/uploads\/sites\/132\/2026\/02\/slika.png\" \/><\/p>\n\n\n<figure class=\"wp-block-gallery has-nested-images columns-default is-cropped wp-block-gallery-1 is-layout-flex wp-block-gallery-is-layout-flex\"><\/figure>\n","protected":false},"excerpt":{"rendered":"<p>UZGOJNI PROGRAM Rje\u0161enje- odobrenje izmjena uzgojnog programa za sivu p\u010delu &#8211; 17.12.2020. Rjesenje o priznavanju Uzgojnog programa &#8211; 11.10.2019. \u00a0 PROGRAM GOJIDBENOG STVARANJA P\u010cELA U REPUBLICI HRVATSKOJ( Vlada RH je 27. travnja 1997.g. donijela ovaj Program ) \u00a0 \u00a0 Standardne metode uzgoja i selekcije \u00a0 \u00a0 UZGOJNA KARTA\u00a0 MATICE &#8211; certifikat uzgojene matice \u00a0 \u00a0\u00a0 [&hellip;]<\/p>\n","protected":false},"author":129,"featured_media":0,"parent":0,"menu_order":1,"comment_status":"closed","ping_status":"closed","template":"page-templates\/full-width.php","meta":{"footnotes":""},"class_list":["post-11","page","type-page","status-publish","hentry"],"_links":{"self":[{"href":"https:\/\/pubweb.carnet.hr\/matica\/wp-json\/wp\/v2\/pages\/11","targetHints":{"allow":["GET"]}}],"collection":[{"href":"https:\/\/pubweb.carnet.hr\/matica\/wp-json\/wp\/v2\/pages"}],"about":[{"href":"https:\/\/pubweb.carnet.hr\/matica\/wp-json\/wp\/v2\/types\/page"}],"author":[{"embeddable":true,"href":"https:\/\/pubweb.carnet.hr\/matica\/wp-json\/wp\/v2\/users\/129"}],"replies":[{"embeddable":true,"href":"https:\/\/pubweb.carnet.hr\/matica\/wp-json\/wp\/v2\/comments?post=11"}],"version-history":[{"count":1,"href":"https:\/\/pubweb.carnet.hr\/matica\/wp-json\/wp\/v2\/pages\/11\/revisions"}],"predecessor-version":[{"id":2349,"href":"https:\/\/pubweb.carnet.hr\/matica\/wp-json\/wp\/v2\/pages\/11\/revisions\/2349"}],"wp:attachment":[{"href":"https:\/\/pubweb.carnet.hr\/matica\/wp-json\/wp\/v2\/media?parent=11"}],"curies":[{"name":"wp","href":"https:\/\/api.w.org\/{rel}","templated":true}]}}