{"id":98,"date":"2014-09-17T08:31:17","date_gmt":"2014-09-17T08:31:17","guid":{"rendered":"http:\/\/pubweb.carnet.hr\/kud-gaj\/?page_id=98"},"modified":"2014-09-25T09:09:44","modified_gmt":"2014-09-25T09:09:44","slug":"ljudevit-adamek","status":"publish","type":"page","link":"https:\/\/pubweb.carnet.hr\/kud-gaj\/?page_id=98","title":{"rendered":"Ljudevit Adamek"},"content":{"rendered":"<p><a href=\"http:\/\/pubweb.carnet.hr\/kud-gaj\/wp-content\/uploads\/sites\/136\/2014\/09\/adamek.jpg\"><img loading=\"lazy\" decoding=\"async\" class=\"size-full wp-image-85 alignleft\" src=\"http:\/\/pubweb.carnet.hr\/kud-gaj\/wp-content\/uploads\/sites\/136\/2014\/09\/adamek.jpg\" alt=\"adamek\" width=\"150\" height=\"177\" srcset=\"https:\/\/pubweb.carnet.hr\/kud-gaj\/wp-content\/uploads\/sites\/136\/2014\/09\/adamek.jpg 150w, https:\/\/pubweb.carnet.hr\/kud-gaj\/wp-content\/uploads\/sites\/136\/2014\/09\/adamek-100x118.jpg 100w\" sizes=\"auto, (max-width: 150px) 100vw, 150px\" \/><\/a>Umjetni\u010dki voditelj tambura\u0161kog orkestra i drugih sekcija KUD-a \u201cGaj\u201d od njegova osnutka do 2009. godine bio je <b>Ljudevit Adamek<\/b>, profesor glazbene kulture. Diplomirao je glazbeni odgoj i hrvatski jezik na Vi\u0161oj pedago\u0161koj \u0161koli, te glazbenu kulturu na Muzi\u010dkoj akademiji u Zagrebu. Osobito se istakao kao u\u010ditelj i mentor u nastavi glazbene kulture, te voditelj razli\u010ditih orkestara i pjeva\u010dkih zborova. Autor je i recenzent vi\u0161e ud\u017ebenika i priru\u010dnika, te dobitnik mnogih nagrada i priznanja.<\/p>\n","protected":false},"excerpt":{"rendered":"<p>Umjetni\u010dki voditelj tambura\u0161kog orkestra i drugih sekcija KUD-a \u201cGaj\u201d od njegova osnutka do 2009. godine bio je Ljudevit Adamek, profesor glazbene kulture. Diplomirao je glazbeni odgoj i hrvatski jezik na Vi\u0161oj pedago\u0161koj \u0161koli, te glazbenu kulturu na Muzi\u010dkoj akademiji u &hellip;<\/p>\n<p class=\"read-more\"> <a class=\"more-link\" href=\"https:\/\/pubweb.carnet.hr\/kud-gaj\/?page_id=98\"> <span class=\"screen-reader-text\">Ljudevit Adamek<\/span> Read More &raquo;<\/a><\/p>\n","protected":false},"author":133,"featured_media":0,"parent":80,"menu_order":4,"comment_status":"closed","ping_status":"closed","template":"full-width-page.php","meta":{"footnotes":""},"class_list":["post-98","page","type-page","status-publish","hentry"],"_links":{"self":[{"href":"https:\/\/pubweb.carnet.hr\/kud-gaj\/index.php?rest_route=\/wp\/v2\/pages\/98","targetHints":{"allow":["GET"]}}],"collection":[{"href":"https:\/\/pubweb.carnet.hr\/kud-gaj\/index.php?rest_route=\/wp\/v2\/pages"}],"about":[{"href":"https:\/\/pubweb.carnet.hr\/kud-gaj\/index.php?rest_route=\/wp\/v2\/types\/page"}],"author":[{"embeddable":true,"href":"https:\/\/pubweb.carnet.hr\/kud-gaj\/index.php?rest_route=\/wp\/v2\/users\/133"}],"replies":[{"embeddable":true,"href":"https:\/\/pubweb.carnet.hr\/kud-gaj\/index.php?rest_route=%2Fwp%2Fv2%2Fcomments&post=98"}],"version-history":[{"count":0,"href":"https:\/\/pubweb.carnet.hr\/kud-gaj\/index.php?rest_route=\/wp\/v2\/pages\/98\/revisions"}],"up":[{"embeddable":true,"href":"https:\/\/pubweb.carnet.hr\/kud-gaj\/index.php?rest_route=\/wp\/v2\/pages\/80"}],"wp:attachment":[{"href":"https:\/\/pubweb.carnet.hr\/kud-gaj\/index.php?rest_route=%2Fwp%2Fv2%2Fmedia&parent=98"}],"curies":[{"name":"wp","href":"https:\/\/api.w.org\/{rel}","templated":true}]}}