{"id":545,"date":"2014-09-25T09:30:14","date_gmt":"2014-09-25T09:30:14","guid":{"rendered":"http:\/\/pubweb.carnet.hr\/kud-gaj\/?page_id=545"},"modified":"2016-07-22T08:08:53","modified_gmt":"2016-07-22T08:08:53","slug":"tamburica-umjetnica","status":"publish","type":"page","link":"https:\/\/pubweb.carnet.hr\/kud-gaj\/?page_id=545","title":{"rendered":"Tamburica umjetnica"},"content":{"rendered":"<p>Tamburica umjetnica nastala je 2009. godine kada je TD \u201eGaj\u201c odlu\u010dio prire\u0111ivati edukativno-kulturne nastupe u osnovnim i srednjim \u0161kolama Grada Zagreba.<br \/>\nNavedeni projekt proizi\u0161ao je iz jednog od tri temeljna op\u0107a cilja glazbene udruge, umjetni\u010dkog koji se nadovezuje i s ostala dva cilja (prevencijski\/skrbni\u010dki i edukacijski) \u010dini svrsishodnu cjelinu i usmjerenost djelovanja \u010ditave udruge.<br \/>\nTD \u201eGaj\u201c nastao je iz programa za socijalnu prevenciju djece i mlade\u017ei Grada Zagreba \u201eZagreb te zove\u201c te je jedan od na\u0161ih temeljnih ciljeva upravo prevencijsko djelovanje. Kroz Tamburicu umjetnicu \u017eelimo potaknuti zagreba\u010dku mlade\u017e na druga\u010dije vi\u0111enje tambure i tambura\u0161kog orkestra. Tambura se \u017eeli prikazati kao koncertantno glazbalo, a tambura\u0161ki orkestar kao pandan simfonijskom orkestru.<br \/>\nNa\u0161i koncerti unutar ovog programa prikazuju razli\u010dite glazbene oblike (sonate, suite, koncerte, kola, fuge,\u2026) u skladbama pisanim za tambura\u0161ki orkestar. Tako da na\u0161i mladi slu\u0161atelji istovremeno oboga\u0107uju svoje glazbeno znanje, ali i imaju priliku vidjeti kako njima sli\u010dni ljudi (\u010dlanovi tambura\u0161kog orkestra koji su ve\u0107inom srednjo\u0161kolci i studenti) iskori\u0161tavaju svoje slobodno vrijeme.<br \/>\nDo sada se program Tamburice umjetnice izveo u nekoliko zagreba\u010dkih osnovnih i srednjih \u0161kola te fakulteta: O\u0160 Savski gaj, O\u0160 Josipa Ra\u010di\u0107a, O\u0160 Fran Galovi\u0107, I. gimnazija, Tekstilno-tehnolo\u0161ki fakultet u Zagrebu.<\/p>\n<p>U navedenom projektu koji te\u017ei prikazati dosege koncerte tambura\u0161ke glazbe i nova stremljenja iste, valja istaknuti dvije bienalne manifestacije:<\/p>\n","protected":false},"excerpt":{"rendered":"<p>Tamburica umjetnica nastala je 2009. godine kada je TD \u201eGaj\u201c odlu\u010dio prire\u0111ivati edukativno-kulturne nastupe u osnovnim i srednjim \u0161kolama Grada Zagreba. Navedeni projekt proizi\u0161ao je iz jednog od tri temeljna op\u0107a cilja glazbene udruge, umjetni\u010dkog koji se nadovezuje i s &hellip;<\/p>\n<p class=\"read-more\"> <a class=\"more-link\" href=\"https:\/\/pubweb.carnet.hr\/kud-gaj\/?page_id=545\"> <span class=\"screen-reader-text\">Tamburica umjetnica<\/span> Read More &raquo;<\/a><\/p>\n","protected":false},"author":133,"featured_media":0,"parent":520,"menu_order":4,"comment_status":"closed","ping_status":"closed","template":"full-width-page.php","meta":{"footnotes":""},"class_list":["post-545","page","type-page","status-publish","hentry"],"_links":{"self":[{"href":"https:\/\/pubweb.carnet.hr\/kud-gaj\/index.php?rest_route=\/wp\/v2\/pages\/545","targetHints":{"allow":["GET"]}}],"collection":[{"href":"https:\/\/pubweb.carnet.hr\/kud-gaj\/index.php?rest_route=\/wp\/v2\/pages"}],"about":[{"href":"https:\/\/pubweb.carnet.hr\/kud-gaj\/index.php?rest_route=\/wp\/v2\/types\/page"}],"author":[{"embeddable":true,"href":"https:\/\/pubweb.carnet.hr\/kud-gaj\/index.php?rest_route=\/wp\/v2\/users\/133"}],"replies":[{"embeddable":true,"href":"https:\/\/pubweb.carnet.hr\/kud-gaj\/index.php?rest_route=%2Fwp%2Fv2%2Fcomments&post=545"}],"version-history":[{"count":1,"href":"https:\/\/pubweb.carnet.hr\/kud-gaj\/index.php?rest_route=\/wp\/v2\/pages\/545\/revisions"}],"predecessor-version":[{"id":1564,"href":"https:\/\/pubweb.carnet.hr\/kud-gaj\/index.php?rest_route=\/wp\/v2\/pages\/545\/revisions\/1564"}],"up":[{"embeddable":true,"href":"https:\/\/pubweb.carnet.hr\/kud-gaj\/index.php?rest_route=\/wp\/v2\/pages\/520"}],"wp:attachment":[{"href":"https:\/\/pubweb.carnet.hr\/kud-gaj\/index.php?rest_route=%2Fwp%2Fv2%2Fmedia&parent=545"}],"curies":[{"name":"wp","href":"https:\/\/api.w.org\/{rel}","templated":true}]}}