{"id":522,"date":"2014-09-25T09:17:55","date_gmt":"2014-09-25T09:17:55","guid":{"rendered":"http:\/\/pubweb.carnet.hr\/kud-gaj\/?page_id=522"},"modified":"2016-07-22T08:07:38","modified_gmt":"2016-07-22T08:07:38","slug":"tamburica-pocetnica","status":"publish","type":"page","link":"https:\/\/pubweb.carnet.hr\/kud-gaj\/?page_id=522","title":{"rendered":"Tamburica po\u010detnica"},"content":{"rendered":"<p style=\"padding-left: 60px\"><a href=\"http:\/\/pubweb.carnet.hr\/kud-gaj\/wp-content\/uploads\/sites\/136\/2014\/09\/pocetnica2.jpg\"><img loading=\"lazy\" decoding=\"async\" class=\"wp-image-529 alignright\" src=\"http:\/\/pubweb.carnet.hr\/kud-gaj\/wp-content\/uploads\/sites\/136\/2014\/09\/pocetnica2-300x225.jpg\" alt=\"pocetnica2\" width=\"384\" height=\"288\" srcset=\"https:\/\/pubweb.carnet.hr\/kud-gaj\/wp-content\/uploads\/sites\/136\/2014\/09\/pocetnica2-300x225.jpg 300w, https:\/\/pubweb.carnet.hr\/kud-gaj\/wp-content\/uploads\/sites\/136\/2014\/09\/pocetnica2-100x75.jpg 100w, https:\/\/pubweb.carnet.hr\/kud-gaj\/wp-content\/uploads\/sites\/136\/2014\/09\/pocetnica2-150x112.jpg 150w, https:\/\/pubweb.carnet.hr\/kud-gaj\/wp-content\/uploads\/sites\/136\/2014\/09\/pocetnica2-200x150.jpg 200w, https:\/\/pubweb.carnet.hr\/kud-gaj\/wp-content\/uploads\/sites\/136\/2014\/09\/pocetnica2-450x337.jpg 450w, https:\/\/pubweb.carnet.hr\/kud-gaj\/wp-content\/uploads\/sites\/136\/2014\/09\/pocetnica2-600x450.jpg 600w, https:\/\/pubweb.carnet.hr\/kud-gaj\/wp-content\/uploads\/sites\/136\/2014\/09\/pocetnica2-900x675.jpg 900w, https:\/\/pubweb.carnet.hr\/kud-gaj\/wp-content\/uploads\/sites\/136\/2014\/09\/pocetnica2.jpg 1024w\" sizes=\"auto, (max-width: 384px) 100vw, 384px\" \/><\/a><a href=\"http:\/\/pubweb.carnet.hr\/kud-gaj\/wp-content\/uploads\/sites\/136\/2014\/09\/pocetnica1.jpg\"><img loading=\"lazy\" decoding=\"async\" class=\"wp-image-528 alignleft\" src=\"http:\/\/pubweb.carnet.hr\/kud-gaj\/wp-content\/uploads\/sites\/136\/2014\/09\/pocetnica1-300x225.jpg\" alt=\"pocetnica1\" width=\"384\" height=\"288\" srcset=\"https:\/\/pubweb.carnet.hr\/kud-gaj\/wp-content\/uploads\/sites\/136\/2014\/09\/pocetnica1-300x225.jpg 300w, https:\/\/pubweb.carnet.hr\/kud-gaj\/wp-content\/uploads\/sites\/136\/2014\/09\/pocetnica1-100x75.jpg 100w, https:\/\/pubweb.carnet.hr\/kud-gaj\/wp-content\/uploads\/sites\/136\/2014\/09\/pocetnica1-150x112.jpg 150w, https:\/\/pubweb.carnet.hr\/kud-gaj\/wp-content\/uploads\/sites\/136\/2014\/09\/pocetnica1-200x150.jpg 200w, https:\/\/pubweb.carnet.hr\/kud-gaj\/wp-content\/uploads\/sites\/136\/2014\/09\/pocetnica1-450x337.jpg 450w, https:\/\/pubweb.carnet.hr\/kud-gaj\/wp-content\/uploads\/sites\/136\/2014\/09\/pocetnica1-600x450.jpg 600w, https:\/\/pubweb.carnet.hr\/kud-gaj\/wp-content\/uploads\/sites\/136\/2014\/09\/pocetnica1-900x675.jpg 900w, https:\/\/pubweb.carnet.hr\/kud-gaj\/wp-content\/uploads\/sites\/136\/2014\/09\/pocetnica1.jpg 1024w\" sizes=\"auto, (max-width: 384px) 100vw, 384px\" \/><\/a><\/p>\n<p>&nbsp;<\/p>\n<p>&nbsp;<\/p>\n<p>&nbsp;<\/p>\n<p>&nbsp;<\/p>\n<p>&nbsp;<\/p>\n<p>&nbsp;<\/p>\n<p>&nbsp;<\/p>\n<p>&nbsp;<\/p>\n<p style=\"text-align: justify\">Tamburica po\u010detnica je program koji za svoj cilj ima u\u010denje djece i mlade\u017ei sviranju tambure kao tradicionalnog hrvatskog glazbala. Navedeni projekt proizi\u0161ao je iz jednog od tri temeljna op\u0107a cilja glazbene udruge, edukacijskog koji se nadovezuje i s ostala dva cilja (umjetni\u010dki i skrbni\u010dki\/prevencijski) \u010dini svrsishodnu cjelinu i usmjerenost djelovanja \u010ditave udruge. Program je organiziran na na\u010din da se okupljaju osnovno\u0161kolska djeca te da dva puta tjedno uz nadzor stru\u010dnog voditelja u\u010de glazbenu teoriju i sviranje tambure. Kod poduke se slijedi literatura koja se koristi u glazbenim \u0161kolama (\u017deljko Bradi\u0107: \u0160kola za tambure 1,2,3 &#8211; kvartnog G-sustava).<br \/>\nRad polaznika kontinuirano se prati, a dva puta godi\u0161nje se organizirakoncert u kojem se roditeljima i prijateljima prikazuje rad i napredak polaznika. Neizostavan dio je i podjela diploma.<br \/>\nProgram pod ovim nazivom postoji od 2011. godine, ali sami za\u010deci stari su kao i sam TD \u201eGaj\u201c kada je prof. Ljudevit Adamek davne 1986. po\u010deo podu\u010davati djecu osnovama sviranja tambure kako bi djeca postali \u010dlanovi tambura\u0161kog orkestra. Istu mogu\u0107nost imaju i na\u0161i polaznici.<\/p>\n<p>Institucije partneri:<br \/>\nOsnovna \u0161kola Savski gaj<br \/>\nOsnovna \u0161kola Trnsko<br \/>\nOsnovna \u0161kola Ve\u0107eslava Holjevca \u2013 Siget<\/p>\n<p>Danas postoje tri generacije programa s ukupno 15 polaznika<\/p>\n<p>Stru\u010dni voditelj: Ivan Miter<\/p>\n","protected":false},"excerpt":{"rendered":"<p>&nbsp; &nbsp; &nbsp; &nbsp; &nbsp; &nbsp; &nbsp; &nbsp; Tamburica po\u010detnica je program koji za svoj cilj ima u\u010denje djece i mlade\u017ei sviranju tambure kao tradicionalnog hrvatskog glazbala. Navedeni projekt proizi\u0161ao je iz jednog od tri temeljna op\u0107a cilja glazbene udruge, &hellip;<\/p>\n<p class=\"read-more\"> <a class=\"more-link\" href=\"https:\/\/pubweb.carnet.hr\/kud-gaj\/?page_id=522\"> <span class=\"screen-reader-text\">Tamburica po\u010detnica<\/span> Read More &raquo;<\/a><\/p>\n","protected":false},"author":133,"featured_media":528,"parent":520,"menu_order":1,"comment_status":"closed","ping_status":"closed","template":"full-width-page.php","meta":{"footnotes":""},"class_list":["post-522","page","type-page","status-publish","has-post-thumbnail","hentry"],"_links":{"self":[{"href":"https:\/\/pubweb.carnet.hr\/kud-gaj\/index.php?rest_route=\/wp\/v2\/pages\/522","targetHints":{"allow":["GET"]}}],"collection":[{"href":"https:\/\/pubweb.carnet.hr\/kud-gaj\/index.php?rest_route=\/wp\/v2\/pages"}],"about":[{"href":"https:\/\/pubweb.carnet.hr\/kud-gaj\/index.php?rest_route=\/wp\/v2\/types\/page"}],"author":[{"embeddable":true,"href":"https:\/\/pubweb.carnet.hr\/kud-gaj\/index.php?rest_route=\/wp\/v2\/users\/133"}],"replies":[{"embeddable":true,"href":"https:\/\/pubweb.carnet.hr\/kud-gaj\/index.php?rest_route=%2Fwp%2Fv2%2Fcomments&post=522"}],"version-history":[{"count":1,"href":"https:\/\/pubweb.carnet.hr\/kud-gaj\/index.php?rest_route=\/wp\/v2\/pages\/522\/revisions"}],"predecessor-version":[{"id":1562,"href":"https:\/\/pubweb.carnet.hr\/kud-gaj\/index.php?rest_route=\/wp\/v2\/pages\/522\/revisions\/1562"}],"up":[{"embeddable":true,"href":"https:\/\/pubweb.carnet.hr\/kud-gaj\/index.php?rest_route=\/wp\/v2\/pages\/520"}],"wp:featuredmedia":[{"embeddable":true,"href":"https:\/\/pubweb.carnet.hr\/kud-gaj\/index.php?rest_route=\/wp\/v2\/media\/528"}],"wp:attachment":[{"href":"https:\/\/pubweb.carnet.hr\/kud-gaj\/index.php?rest_route=%2Fwp%2Fv2%2Fmedia&parent=522"}],"curies":[{"name":"wp","href":"https:\/\/api.w.org\/{rel}","templated":true}]}}