{"id":100,"date":"2014-09-17T08:33:14","date_gmt":"2014-09-17T08:33:14","guid":{"rendered":"http:\/\/pubweb.carnet.hr\/kud-gaj\/?page_id=100"},"modified":"2015-12-30T10:46:31","modified_gmt":"2015-12-30T10:46:31","slug":"orkestar","status":"publish","type":"page","link":"https:\/\/pubweb.carnet.hr\/kud-gaj\/?page_id=100","title":{"rendered":"Orkestar"},"content":{"rendered":"<p>&nbsp;<\/p>\n<p><a href=\"http:\/\/pubweb.carnet.hr\/kud-gaj\/wp-content\/uploads\/sites\/136\/2014\/09\/foto21.jpg\"><img loading=\"lazy\" decoding=\"async\" class=\"alignnone wp-image-82\" src=\"http:\/\/pubweb.carnet.hr\/kud-gaj\/wp-content\/uploads\/sites\/136\/2014\/09\/foto21.jpg\" alt=\"foto2\" width=\"740\" height=\"453\" srcset=\"https:\/\/pubweb.carnet.hr\/kud-gaj\/wp-content\/uploads\/sites\/136\/2014\/09\/foto21.jpg 960w, https:\/\/pubweb.carnet.hr\/kud-gaj\/wp-content\/uploads\/sites\/136\/2014\/09\/foto21-300x183.jpg 300w, https:\/\/pubweb.carnet.hr\/kud-gaj\/wp-content\/uploads\/sites\/136\/2014\/09\/foto21-100x61.jpg 100w, https:\/\/pubweb.carnet.hr\/kud-gaj\/wp-content\/uploads\/sites\/136\/2014\/09\/foto21-150x91.jpg 150w, https:\/\/pubweb.carnet.hr\/kud-gaj\/wp-content\/uploads\/sites\/136\/2014\/09\/foto21-200x122.jpg 200w, https:\/\/pubweb.carnet.hr\/kud-gaj\/wp-content\/uploads\/sites\/136\/2014\/09\/foto21-450x275.jpg 450w, https:\/\/pubweb.carnet.hr\/kud-gaj\/wp-content\/uploads\/sites\/136\/2014\/09\/foto21-600x367.jpg 600w, https:\/\/pubweb.carnet.hr\/kud-gaj\/wp-content\/uploads\/sites\/136\/2014\/09\/foto21-900x551.jpg 900w\" sizes=\"auto, (max-width: 740px) 100vw, 740px\" \/><\/a><\/p>\n<p><b>Tambura\u0161ko dru\u0161tvo \u201cGaj\u201d<\/b> iz Zagreba utemeljeno je 30. listopada 1999. godine u okviru Programa \u201cZagreb te zove\u201d za socijalnu prevenciju djece i mlade\u017ei Grada Zagreba. Dru\u0161tvo okuplja sada\u0161nje i biv\u0161e u\u010denike O\u0160 \u201cSavski Gaj\u201d \u2212 Zagreb, ali i drugu mlade\u017e grada Zagreba i okolice. U Dru\u0161tvu uspje\u0161no djeluju tambura\u0161ki orkestar, dje\u010dji tambura\u0161ki orkestar, pjeva\u010dki zbor, te po\u010detni\u010dka tambura\u0161ka sekcija.<\/p>\n<p>UMJETNI\u010cKI VODITELJ I DIRIGENT<\/p>\n<p><a href=\"http:\/\/pubweb.carnet.hr\/kud-gaj\/wp-content\/uploads\/sites\/136\/2014\/09\/kracic.jpg\"><img loading=\"lazy\" decoding=\"async\" class=\"size-full wp-image-83 alignleft\" src=\"http:\/\/pubweb.carnet.hr\/kud-gaj\/wp-content\/uploads\/sites\/136\/2014\/09\/kracic.jpg\" alt=\"kracic\" width=\"163\" height=\"188\" srcset=\"https:\/\/pubweb.carnet.hr\/kud-gaj\/wp-content\/uploads\/sites\/136\/2014\/09\/kracic.jpg 163w, https:\/\/pubweb.carnet.hr\/kud-gaj\/wp-content\/uploads\/sites\/136\/2014\/09\/kracic-100x115.jpg 100w, https:\/\/pubweb.carnet.hr\/kud-gaj\/wp-content\/uploads\/sites\/136\/2014\/09\/kracic-150x173.jpg 150w\" sizes=\"auto, (max-width: 163px) 100vw, 163px\" \/><\/a><\/p>\n<p>&nbsp;<\/p>\n<p>&nbsp;<\/p>\n<p><a title=\"Kre\u0161imir Ra\u010di\u0107\" href=\"http:\/\/pubweb.carnet.hr\/kud-gaj\/kresimir-racic\/\">Kre\u0161imir Ra\u010di\u0107<\/a><\/p>\n<p>&nbsp;<\/p>\n<p>&nbsp;<\/p>\n<p>&nbsp;<\/p>\n<p>STRU\u010cNI SURADNIK<\/p>\n<p><a href=\"http:\/\/pubweb.carnet.hr\/kud-gaj\/wp-content\/uploads\/sites\/136\/2014\/09\/imiter.jpg\"><img loading=\"lazy\" decoding=\"async\" class=\"wp-image-84 alignleft\" src=\"http:\/\/pubweb.carnet.hr\/kud-gaj\/wp-content\/uploads\/sites\/136\/2014\/09\/imiter.jpg\" alt=\"imiter\" width=\"151\" height=\"168\" \/><\/a><\/p>\n<p>&nbsp;<\/p>\n<p><a title=\"Ivan Miter\" href=\"http:\/\/pubweb.carnet.hr\/kud-gaj\/o-kudu\/ivan-miter\/\">Ivan Miter<\/a><\/p>\n<p>&nbsp;<\/p>\n<p>&nbsp;<\/p>\n<p>&nbsp;<\/p>\n<p>UTEMELJITELJ I DUGOGODI\u0160NJI UMJETNI\u010cKI VODITELJ<\/p>\n<p><a href=\"http:\/\/pubweb.carnet.hr\/kud-gaj\/wp-content\/uploads\/sites\/136\/2014\/09\/adamek.jpg\"><img loading=\"lazy\" decoding=\"async\" class=\"size-full wp-image-85 alignleft\" src=\"http:\/\/pubweb.carnet.hr\/kud-gaj\/wp-content\/uploads\/sites\/136\/2014\/09\/adamek.jpg\" alt=\"adamek\" width=\"150\" height=\"177\" srcset=\"https:\/\/pubweb.carnet.hr\/kud-gaj\/wp-content\/uploads\/sites\/136\/2014\/09\/adamek.jpg 150w, https:\/\/pubweb.carnet.hr\/kud-gaj\/wp-content\/uploads\/sites\/136\/2014\/09\/adamek-100x118.jpg 100w\" sizes=\"auto, (max-width: 150px) 100vw, 150px\" \/><\/a><\/p>\n<p>&nbsp;<\/p>\n<p>&nbsp;<\/p>\n<p><a title=\"Ljudevit Adamek\" href=\"http:\/\/pubweb.carnet.hr\/kud-gaj\/o-kudu\/ljudevit-adamek\/\">Ljudevit Adamek<\/a><\/p>\n<p>&nbsp;<\/p>\n<p>&nbsp;<\/p>\n<p>&nbsp;<\/p>\n<div align=\"justify\">\n<p><b>Postanite na\u0161im \u010dlanom: <a href=\"http:\/\/pubweb.carnet.hr\/kud-gaj\/wp-content\/uploads\/sites\/136\/2014\/09\/KUD_Gaj_pristupnica.pdf\">Pristupnica<\/a><\/b> [PDF]<\/p>\n<p>&nbsp;<\/p>\n<p><a href=\"http:\/\/pubweb.carnet.hr\/kud-gaj\/wp-content\/uploads\/sites\/136\/2014\/09\/statut_KUD_Gaj.pdf\">Statut KUD-a &#8220;Gaj&#8221; <\/a>[PDF]<\/p>\n<p>&nbsp;<\/p>\n<p>Najvi\u0161e tijelo upravljanja Dru\u0161tvom je <strong>Skup\u0161tina<\/strong> koju sa\u010dinjavaju svi poslovno sposobni \u010dlanovi TD-a \u201cGaj\u201d.<\/p>\n<p><strong>Predsjednik Dru\u0161tva<\/strong>: Milan Pernar, prof.<\/p>\n<p><strong>Dopredsjednik Dru\u0161tva<\/strong>: Kre\u0161imir Ra\u010di\u0107<\/p>\n<p><strong>Upravni odbor<\/strong>: Ivan Habrka (predsjednik Upravnog odbora), Slavko Kuli\u0107, Morana Ra\u010di\u0107<\/p>\n<p><strong>Tajnica<\/strong>: Ida Balkovi\u0107<\/p>\n<p><strong>Blagajnica<\/strong>: Morana Ra\u010di\u0107<\/p>\n<p><strong>Nadzorni odbor<\/strong>: Damir Valjak (predsjednik Nadzornog odbora), Martina Landripet, Tomislav \u0110uri\u0107<\/p>\n<\/div>\n","protected":false},"excerpt":{"rendered":"<p>&nbsp; Tambura\u0161ko dru\u0161tvo \u201cGaj\u201d iz Zagreba utemeljeno je 30. listopada 1999. godine u okviru Programa \u201cZagreb te zove\u201d za socijalnu prevenciju djece i mlade\u017ei Grada Zagreba. Dru\u0161tvo okuplja sada\u0161nje i biv\u0161e u\u010denike O\u0160 \u201cSavski Gaj\u201d \u2212 Zagreb, ali i drugu &hellip;<\/p>\n<p class=\"read-more\"> <a class=\"more-link\" href=\"https:\/\/pubweb.carnet.hr\/kud-gaj\/?page_id=100\"> <span class=\"screen-reader-text\">Orkestar<\/span> Read More &raquo;<\/a><\/p>\n","protected":false},"author":133,"featured_media":0,"parent":80,"menu_order":1,"comment_status":"closed","ping_status":"closed","template":"full-width-page.php","meta":{"footnotes":""},"class_list":["post-100","page","type-page","status-publish","hentry"],"_links":{"self":[{"href":"https:\/\/pubweb.carnet.hr\/kud-gaj\/index.php?rest_route=\/wp\/v2\/pages\/100","targetHints":{"allow":["GET"]}}],"collection":[{"href":"https:\/\/pubweb.carnet.hr\/kud-gaj\/index.php?rest_route=\/wp\/v2\/pages"}],"about":[{"href":"https:\/\/pubweb.carnet.hr\/kud-gaj\/index.php?rest_route=\/wp\/v2\/types\/page"}],"author":[{"embeddable":true,"href":"https:\/\/pubweb.carnet.hr\/kud-gaj\/index.php?rest_route=\/wp\/v2\/users\/133"}],"replies":[{"embeddable":true,"href":"https:\/\/pubweb.carnet.hr\/kud-gaj\/index.php?rest_route=%2Fwp%2Fv2%2Fcomments&post=100"}],"version-history":[{"count":1,"href":"https:\/\/pubweb.carnet.hr\/kud-gaj\/index.php?rest_route=\/wp\/v2\/pages\/100\/revisions"}],"predecessor-version":[{"id":1378,"href":"https:\/\/pubweb.carnet.hr\/kud-gaj\/index.php?rest_route=\/wp\/v2\/pages\/100\/revisions\/1378"}],"up":[{"embeddable":true,"href":"https:\/\/pubweb.carnet.hr\/kud-gaj\/index.php?rest_route=\/wp\/v2\/pages\/80"}],"wp:attachment":[{"href":"https:\/\/pubweb.carnet.hr\/kud-gaj\/index.php?rest_route=%2Fwp%2Fv2%2Fmedia&parent=100"}],"curies":[{"name":"wp","href":"https:\/\/api.w.org\/{rel}","templated":true}]}}