{"id":461,"date":"2015-10-16T14:30:57","date_gmt":"2015-10-16T14:30:57","guid":{"rendered":"http:\/\/pubweb.carnet.hr\/kdvz\/?page_id=461"},"modified":"2016-11-15T23:39:39","modified_gmt":"2016-11-15T23:39:39","slug":"kontekst-12015","status":"publish","type":"page","link":"https:\/\/pubweb.carnet.hr\/kdvz\/kontekst-12015\/","title":{"rendered":"Kontekst 1\/2015"},"content":{"rendered":"<p>Pro\u010ditajte 1. broj Konteksta, e-\u010dasopisa\u00a0Knji\u017eni\u010darskog dru\u0161tva Vara\u017edinske \u017eupanije!<\/p>\n<p><span style=\"color: #ff0000\"><a style=\"color: #ff0000\" href=\"http:\/\/pubweb.carnet.hr\/kdvz\/wp-content\/uploads\/sites\/214\/2016\/01\/KONTEKST-broj-1_2015.pdf\">KONTEKST 1\/2015<\/a><\/span><\/p>\n<p>&nbsp;<\/p>\n","protected":false},"excerpt":{"rendered":"<p>Pro\u010ditajte 1. broj Konteksta, e-\u010dasopisa\u00a0Knji\u017eni\u010darskog dru\u0161tva Vara\u017edinske \u017eupanije! KONTEKST 1\/2015 &nbsp;<\/p>\n","protected":false},"author":226,"featured_media":0,"parent":0,"menu_order":0,"comment_status":"closed","ping_status":"closed","template":"","meta":{"footnotes":""},"class_list":["post-461","page","type-page","status-publish","hentry"],"_links":{"self":[{"href":"https:\/\/pubweb.carnet.hr\/kdvz\/wp-json\/wp\/v2\/pages\/461","targetHints":{"allow":["GET"]}}],"collection":[{"href":"https:\/\/pubweb.carnet.hr\/kdvz\/wp-json\/wp\/v2\/pages"}],"about":[{"href":"https:\/\/pubweb.carnet.hr\/kdvz\/wp-json\/wp\/v2\/types\/page"}],"author":[{"embeddable":true,"href":"https:\/\/pubweb.carnet.hr\/kdvz\/wp-json\/wp\/v2\/users\/226"}],"replies":[{"embeddable":true,"href":"https:\/\/pubweb.carnet.hr\/kdvz\/wp-json\/wp\/v2\/comments?post=461"}],"version-history":[{"count":2,"href":"https:\/\/pubweb.carnet.hr\/kdvz\/wp-json\/wp\/v2\/pages\/461\/revisions"}],"predecessor-version":[{"id":609,"href":"https:\/\/pubweb.carnet.hr\/kdvz\/wp-json\/wp\/v2\/pages\/461\/revisions\/609"}],"wp:attachment":[{"href":"https:\/\/pubweb.carnet.hr\/kdvz\/wp-json\/wp\/v2\/media?parent=461"}],"curies":[{"name":"wp","href":"https:\/\/api.w.org\/{rel}","templated":true}]}}