{"id":442,"date":"2015-10-15T14:28:40","date_gmt":"2015-10-15T14:28:40","guid":{"rendered":"http:\/\/pubweb.carnet.hr\/kdvz\/?page_id=442"},"modified":"2026-01-07T07:56:55","modified_gmt":"2026-01-07T07:56:55","slug":"kontekst-2","status":"publish","type":"page","link":"https:\/\/pubweb.carnet.hr\/kdvz\/galerija\/kontekst-2\/","title":{"rendered":"Kontekst | e-\u010dasopis"},"content":{"rendered":"<p>Kontekst je \u010dasopis u kojem se objavljuju radovi iz podru\u010dja knji\u017eni\u010darstva, informacijskih i komunikacijskih znanosti i kulture. Premda je namijenjen knji\u017eni\u010dnim djelatnicima na\u0161e \u017dupanije, nije isklju\u010divo regionalno obilje\u017een jer je otvoren i za sve one koji na bilo koji na\u010din mogu dati doprinos njegovu stvaranju i razvoju.<\/p>\n<p>Pozivamo sve zainteresirane da svoje radove upute uredni\u0161tvu \u010dasopisa na sljede\u0107u adresu<em>: <\/em> <a href=\"mailto:kontekst.urednistvo@gmail.com\">kontekst.urednistvo@gmail.com<\/a><\/p>\n<p><a href=\"http:\/\/pubweb.carnet.hr\/kdvz\/wp-content\/uploads\/sites\/214\/2019\/05\/upute-autorima.docx\">upute autorima<\/a><\/p>\n<p>Prvi broj e-\u010dasopisa Kontekst:\u00a0<span style=\"color: #ff0000\"><a style=\"color: #ff0000\" href=\"http:\/\/pubweb.carnet.hr\/kdvz\/wp-content\/uploads\/sites\/214\/2016\/01\/KONTEKST-broj-1_2015.pdf\">KONTEKST broj 1\/2015<\/a><\/span><\/p>\n<p>Drugi broj e-\u010dasopisa Kontekst: <a href=\"http:\/\/pubweb.carnet.hr\/kdvz\/wp-content\/uploads\/sites\/214\/2016\/11\/KONTEKST_CASOPIS_BROJ_2_2016.pdf\"><span style=\"color: #ff0000\">KONTEKST broj 2\/2016<\/span><\/a><\/p>\n<p>Tre\u0107i broj e-\u010dasopisa Kontekst: <span style=\"color: #ff0000\"><a style=\"color: #ff0000\" href=\"http:\/\/pubweb.carnet.hr\/kdvz\/wp-content\/uploads\/sites\/214\/2018\/01\/KONTEKTS32017.pdf\">KONTEKST broj 3\/2017<\/a><\/span><\/p>\n<p>\u010cetvrti broj e-\u010dasopisa Kontekst: <span style=\"color: #ff0000\"><a style=\"color: #ff0000\" href=\"http:\/\/pubweb.carnet.hr\/kdvz\/wp-content\/uploads\/sites\/214\/2018\/10\/KONTEKST4-FINAL-10.10.18.pdf\">KONTEKST broj 4\/2018<\/a><\/span><\/p>\n<p>Peti broj e-\u010dasopisa Kontekst: <span style=\"color: #ff0000\"><a style=\"color: #ff0000\" href=\"http:\/\/library.foi.hr\/lib\/casopis.php?sqlx=S01202&amp;H=&amp;E=E9999&amp;broj=201900005&amp;sqlid=1&amp;U=\">KONTEKST broj 5\/2019<\/a>,\u00a0<a style=\"color: #ff0000\" href=\"https:\/\/library.foi.hr\/pdf\/web\/viewercf.php?B=1&amp;sifra=S01202&amp;god=2019&amp;broj=00005\">KONTEKST broj 5\/2019(pdf)<\/a><\/span><\/p>\n<p>\u0160esti broj e-\u010dasopisa Kontekst:\u00a0<span style=\"color: #ff0000\"><a style=\"color: #ff0000\" href=\"https:\/\/library.foi.hr\/lib\/casopis.php?sqlx=S01202&amp;H=&amp;E=&amp;broj=202000006&amp;sqlid=1&amp;U=kontekst\">KONTEKST broj 6\/2020<\/a>,\u00a0<a style=\"color: #ff0000\" href=\"https:\/\/library.foi.hr\/pdf\/web\/viewercf.php?B=1&amp;sifra=S01202&amp;god=2020&amp;broj=00006\">KONTEKST broj 6\/2020(pdf)<\/a><\/span><\/p>\n<p>Sedmi broj e-\u010dasopisa Kontekst:\u00a0<span style=\"color: #ff0000\"><a style=\"color: #ff0000\" href=\"https:\/\/library.foi.hr\/lib\/casopis.php?sqlx=S01202&amp;H=&amp;E=&amp;broj=202100007&amp;sqlid=1&amp;preu=&amp;U=kontekst\">KONTEKST broj 7\/2021<\/a>,\u00a0<a style=\"color: #ff0000\" href=\"https:\/\/library.foi.hr\/pdf\/web\/viewercf.php?B=1&amp;sifra=S01202&amp;god=2021&amp;broj=00007\">KONTEKST broj 7\/2021(pdf)<\/a><\/span><\/p>\n<p>Osmi broj e-\u010dasopisa Kontekst:\u00a0<span style=\"color: #ff0000\"><a style=\"color: #ff0000\" href=\"https:\/\/library.foi.hr\/lib\/casopis.php?sqlx=S01202&amp;H=&amp;E=&amp;lok=&amp;broj=202200008&amp;sqlid=1&amp;preu=&amp;U=kontekst\">KONTEKST broj 8\/2022<\/a>,\u00a0<a style=\"color: #ff0000\" href=\"https:\/\/library.foi.hr\/pdf\/web\/viewercf.php?B=1&amp;sifra=S01202&amp;god=2022&amp;broj=00008\">KONTEKST broj 8\/2022(pdf)<\/a><\/span><\/p>\n<p>Deveti broj e-\u010dasopisa Kontekst: <span style=\"color: #ff0000\"><a style=\"color: #ff0000\" href=\"http:\/\/library.foi.hr\/lib\/casopis.php?sqlx=S01202&amp;H=1236&amp;E=&amp;lok=&amp;broj=202400009&amp;sqlid=1&amp;preu=&amp;U=\">KONTEKST broj 9\/2023,<\/a><a style=\"color: #ff0000\" href=\"http:\/\/library.foi.hr\/pdf\/web\/viewercf.php?B=1&amp;sifra=S01202&amp;god=2024&amp;broj=00009\">\u00a0KONTEKST broj 9\/2023(pdf)<\/a><\/span><\/p>\n<p>Deseti broj e-\u010dasopisa Kontekst: <a href=\"http:\/\/library.foi.hr\/lib\/casopis.php?B=1&amp;item=S01202&amp;H=1236&amp;broj=202400010&amp;preu=&amp;U=\"><span style=\"color: #ff0000\">KONTEKST broj 10\/2024,<\/span><\/a><span style=\"color: #ff0000\"><a style=\"color: #ff0000\" href=\"https:\/\/library.foi.hr\/dbook\/cas.php?B=1&amp;item=S01202&amp;godina=2024&amp;broj=00010\">\u00a0KONTEKST broj 10\/2024(pdf)<\/a><\/span><\/p>\n<p>Jedanaesti broj e-\u010dasopisa Kontekst:<a href=\"https:\/\/drive.google.com\/file\/d\/1J1EF871kkH72s8Q9Au9qU4TAA-nMbpK2\/view?usp=drive_link\">\u00a0KONTEKST broj 11\/2025(pdf)<\/a><\/p>\n","protected":false},"excerpt":{"rendered":"<p>Kontekst je \u010dasopis u kojem se objavljuju radovi iz podru\u010dja knji\u017eni\u010darstva, informacijskih i komunikacijskih znanosti i kulture. Premda je namijenjen knji\u017eni\u010dnim djelatnicima na\u0161e \u017dupanije, nije isklju\u010divo regionalno obilje\u017een jer je otvoren i za sve one koji na bilo koji na\u010din mogu dati doprinos njegovu stvaranju i razvoju. Pozivamo sve zainteresirane da svoje radove upute uredni\u0161tvu&#133;<\/p>\n","protected":false},"author":226,"featured_media":0,"parent":132,"menu_order":0,"comment_status":"closed","ping_status":"closed","template":"","meta":{"footnotes":""},"class_list":["post-442","page","type-page","status-publish","hentry"],"_links":{"self":[{"href":"https:\/\/pubweb.carnet.hr\/kdvz\/wp-json\/wp\/v2\/pages\/442","targetHints":{"allow":["GET"]}}],"collection":[{"href":"https:\/\/pubweb.carnet.hr\/kdvz\/wp-json\/wp\/v2\/pages"}],"about":[{"href":"https:\/\/pubweb.carnet.hr\/kdvz\/wp-json\/wp\/v2\/types\/page"}],"author":[{"embeddable":true,"href":"https:\/\/pubweb.carnet.hr\/kdvz\/wp-json\/wp\/v2\/users\/226"}],"replies":[{"embeddable":true,"href":"https:\/\/pubweb.carnet.hr\/kdvz\/wp-json\/wp\/v2\/comments?post=442"}],"version-history":[{"count":2,"href":"https:\/\/pubweb.carnet.hr\/kdvz\/wp-json\/wp\/v2\/pages\/442\/revisions"}],"predecessor-version":[{"id":1763,"href":"https:\/\/pubweb.carnet.hr\/kdvz\/wp-json\/wp\/v2\/pages\/442\/revisions\/1763"}],"up":[{"embeddable":true,"href":"https:\/\/pubweb.carnet.hr\/kdvz\/wp-json\/wp\/v2\/pages\/132"}],"wp:attachment":[{"href":"https:\/\/pubweb.carnet.hr\/kdvz\/wp-json\/wp\/v2\/media?parent=442"}],"curies":[{"name":"wp","href":"https:\/\/api.w.org\/{rel}","templated":true}]}}