{"id":27,"date":"2014-10-13T14:17:52","date_gmt":"2014-10-13T14:17:52","guid":{"rendered":"http:\/\/pubweb.carnet.hr\/kdvz\/?page_id=27"},"modified":"2014-10-28T17:06:17","modified_gmt":"2014-10-28T17:06:17","slug":"djelatnost","status":"publish","type":"page","link":"https:\/\/pubweb.carnet.hr\/kdvz\/o-nama\/djelatnost\/","title":{"rendered":"Djelatnost"},"content":{"rendered":"<p>\u010clanak 8.<br \/>\nDjelatnosti kojima Dru\u0161tvo ostvaruje svoje ciljeve su:<br \/>\n1. Promicanje kvalitetnih knji\u017eni\u010dnih i informacijskih slu\u017ebi za dru\u0161tvo i pojedince<br \/>\n2. Zastupanje i promicanje interesa djelatnika s knji\u017eni\u010darskim zvanjima,<br \/>\n3. Pra\u0107enje zakonskih propisa o knji\u017eni\u010dnim i informacijskim slu\u017ebama i pru\u017eanje stru\u010dne pomo\u0107i u izradi zakona, propisa i normi,<br \/>\n4. Poticanje suradnje me\u0111u knji\u017enicama i knji\u017eni\u010dnim i informacijskim slu\u017ebama,<br \/>\n5. Suradnja s udrugama i ustanovama iz srodnih djelatnosti i slu\u017ebi,<br \/>\n6. Sudjelovanje u organiziranju stalnog stru\u010dnog usavr\u0161avanja i u izradi programa tog usavr\u0161avanja,<br \/>\n7. Podupiranje UNESCO-vog manifesta za narodne i Manifesta za \u0161kolske knji\u017enice,<br \/>\n8. Koordinacija i povezivanje rada svojih \u010dlanova i svih pojedinih\u00a0knji\u017enica na podru\u010dju djelovanja, kako bi se zajedni\u010dkim djelovanjem i istupanjem unaprijedila knji\u017eni\u010darska struka i knji\u017eni\u010dna djelatnost,<br \/>\n9. Poticanje stru\u010dnog i znanstvenog rada knji\u017eni\u010dnih djelatnika i dodjela javnih priznanja zaslu\u017enim \u010dlanovima,<br \/>\n10. Izdavanje stru\u010dnih \u010dasopisa i drugih stru\u010dnih publikacija o knjizi, knji\u017enicama i knji\u017eni\u010dnoj djelatnosti,<br \/>\n11. Sudjelovanje u kreiranju i provedbi politike na podru\u010dju knji\u017eni\u010darstva.<\/p>\n<p>Iz Statuta KDV<\/p>\n","protected":false},"excerpt":{"rendered":"<p>\u010clanak 8. Djelatnosti kojima Dru\u0161tvo ostvaruje svoje ciljeve su: 1. Promicanje kvalitetnih knji\u017eni\u010dnih i informacijskih slu\u017ebi za dru\u0161tvo i pojedince 2. Zastupanje i promicanje interesa djelatnika s knji\u017eni\u010darskim zvanjima, 3. Pra\u0107enje zakonskih propisa o knji\u017eni\u010dnim i informacijskim slu\u017ebama i pru\u017eanje stru\u010dne pomo\u0107i u izradi zakona, propisa i normi, 4. Poticanje suradnje me\u0111u knji\u017enicama i knji\u017eni\u010dnim&#133;<\/p>\n","protected":false},"author":226,"featured_media":0,"parent":11,"menu_order":0,"comment_status":"open","ping_status":"open","template":"","meta":{"footnotes":""},"class_list":["post-27","page","type-page","status-publish","hentry"],"_links":{"self":[{"href":"https:\/\/pubweb.carnet.hr\/kdvz\/wp-json\/wp\/v2\/pages\/27","targetHints":{"allow":["GET"]}}],"collection":[{"href":"https:\/\/pubweb.carnet.hr\/kdvz\/wp-json\/wp\/v2\/pages"}],"about":[{"href":"https:\/\/pubweb.carnet.hr\/kdvz\/wp-json\/wp\/v2\/types\/page"}],"author":[{"embeddable":true,"href":"https:\/\/pubweb.carnet.hr\/kdvz\/wp-json\/wp\/v2\/users\/226"}],"replies":[{"embeddable":true,"href":"https:\/\/pubweb.carnet.hr\/kdvz\/wp-json\/wp\/v2\/comments?post=27"}],"version-history":[{"count":0,"href":"https:\/\/pubweb.carnet.hr\/kdvz\/wp-json\/wp\/v2\/pages\/27\/revisions"}],"up":[{"embeddable":true,"href":"https:\/\/pubweb.carnet.hr\/kdvz\/wp-json\/wp\/v2\/pages\/11"}],"wp:attachment":[{"href":"https:\/\/pubweb.carnet.hr\/kdvz\/wp-json\/wp\/v2\/media?parent=27"}],"curies":[{"name":"wp","href":"https:\/\/api.w.org\/{rel}","templated":true}]}}