{"id":428,"date":"2017-02-15T14:17:13","date_gmt":"2017-02-15T13:17:13","guid":{"rendered":"https:\/\/pubweb.carnet.hr\/hsd\/?page_id=428"},"modified":"2017-02-15T14:23:46","modified_gmt":"2017-02-15T13:23:46","slug":"kongres-2015-godine","status":"publish","type":"page","link":"https:\/\/pubweb.carnet.hr\/hsd\/hr\/dogadanja\/kongres-2015-godine\/","title":{"rendered":"Kongres 2015. godine"},"content":{"rendered":"<p><strong>V. NACIONALNI KONGRES HRVATSKOG SOCIOLO\u0160KOG DRU\u0160TVA<\/strong><\/p>\n<p><strong>Zagreb, 19. &#8211; 20. o\u017eujka 2015. godine<\/strong><\/p>\n<p><strong>NORMALNOST KRIZE &#8211; KRIZA NORMALNOSTI<\/strong><\/p>\n<p><strong>Akademski odbor konferencije:<\/strong><\/p>\n<p>Prof. dr. sc. Sa\u0161a Bo\u017ei\u0107, Odjel za sociologiju, Sveu\u010dili\u0161te u Zadru (predsjednik)<br \/>\nProf. dr. sc. Ognjen \u010caldarovi\u0107, Filozofski fakultet, Sveu\u010dili\u0161te u Zagrebu<br \/>\nDoc. dr.sc. Karin Doolan, Odjel za sociologiju, Sveu\u010dili\u0161te u Zadru<br \/>\nProf. dr. sc. Krunoslav Nikodem, Filozofski fakultet, Sveu\u010dili\u0161te u Zagrebu<br \/>\nDr. sc. Tanja Vu\u010dkovi\u0107 Juro\u0161, Pravni fakultet, Sveu\u010dili\u0161te u Zagrebu<br \/>\nProf. dr. sc. Sini\u0161a Zrin\u0161\u010dak, Pravni fakultet, Sveu\u010dili\u0161te u Zagrebu<\/p>\n<p><strong>Organizacijski odbor:<\/strong><\/p>\n<p>Doc. dr. sc. Ivan Buri\u0107, Hrvatski studiji, Sveu\u010dili\u0161te u Zagrebu (predsjednik)<br \/>\nDr. sc. Jaka Primorac, Institut za razvoj i me\u0111unarodne odnose (IRMO)<br \/>\nDr. sc. Branko An\u010di\u0107, Institut za dru\u0161tvena istra\u017eivanja u Zagrebu (IDIZ)<\/p>\n<p><strong>Mjesto odr\u017eavanja:<\/strong> Zagreb, 19. &#8211; 20. o\u017eujka 2015. godine<br \/>\n<strong>Rok za slanje sa\u017eetaka:<\/strong> 1. velja\u010de 2015. godine<br \/>\n<strong>Obavijest o (ne)prihva\u0107anju sa\u017eetka:<\/strong> 25. velja\u010de 2015.godine<br \/>\n<strong>Rok za uplatu kotizacije:<\/strong> 4. o\u017eujka 2015. godine<br \/>\n<strong>Kotizacija:<\/strong> 150,00 kn (\u010dlanovi\/ce HSD-a); 200,00 kn (osobe koje nisu \u010dlanovi\/ice HSD-a)<\/p>\n<p><strong>TEMATSKI OKVIR KONGRESA:<\/strong><\/p>\n<p>Sada\u0161nja dru\u0161tvena i ekonomska kriza u Hrvatskoj je prema svom trajanju i socijetalnim posljedicama vjerojatno jedna od najte\u017eih kriza od po\u010detka razvitka modernog hrvatskog dru\u0161tva. Karakteriziraju je porast siroma\u0161tva, smanjenje mogu\u0107nosti zapo\u0161ljavanja mladih kao i ukupan rast nezaposlenosti, poja\u010davanje spremnosti na iseljavanje, rast nepovjerenja u institucije i ljude, trajnost i \u0161irenje negativnih emocija preko velikog segmenta ukupne populacije, a k tome jo\u0161 nepoznate posljedice na obitelj i demografsku reprodukciju bez jasnih naznaka promjena trendova. Me\u0111utim, hrvatska kriza ovog desetlje\u0107a nije povijesno jedinstvena, a sam diskurs krize se \u201erazvija&#8221; jo\u0161 od po\u010detka 1980-ih godina. \u0160tovi\u0161e, dugotrajnost kriza u Hrvatskoj, njihovo diskurzivno u\u010dvr\u0161\u0107ivanje, slabe ili nepostoje\u0107e politi\u010dke i dru\u0161tvene mjere za njihovo suzbijanje postupno stvaraju percepciju o normalnosti kriza kao dru\u0161tvenim pojavama koje ne odstupaju od uobi\u010dajenih ili tipi\u010dnih stanja za hrvatsko dru\u0161tvo. Tako je i sada\u0161nja kriza postala normalnim dijelom \u017eivota ve\u0107ine stanovni\u0161tva, a svoje \u0161kolovanje zapo\u010dela je generacija koja je primarnu socijalizaciju do\u017eivjela isklju\u010divo u uvjetima dru\u0161tvene i ekonomske krize.<\/p>\n<p>Vi\u0161e sociolo\u0161kih paradigmi nagla\u0161ava va\u017enost \u0161ire percepcije normalnosti u dru\u0161tvenim odnosima ili barem pojedina\u010dna shva\u0107anja normalnosti za stabilno djelovanje dru\u0161tvenih aktera u svakodnevici. Usprkos razli\u010ditim shva\u0107anjima normalnosti ve\u0107ina bi se ipak slo\u017eila da je za odr\u017eavanje dru\u0161tvenih odnosa va\u017eno i \u0161iroko prihva\u0107anje i djelovanje u skladu s percipiranim normama i u skladu s prosje\u010dnim, op\u0107im i tipi\u010dnim djelovanjima drugih, bez obzira koliko je opravdano ili neopravdano uklju\u010divanje ili isklju\u010divanje pojedinih praksi koje ne konformiraju sa sredi\u0161njim dru\u0161tvenim tokovima. Kada kriza i neravnote\u017ea postanu op\u0107e i tipi\u010dne karakteristike svakodnevice, kada dominiraju tipizacije dru\u0161tvene stvarnosti kao te\u0161ke i nepredvidive te kada prethodno neprihvatljive tipizacije vode sigurnim ishodima djelovanja, tada se mo\u017ee govoriti i o krizi normalnosti. Me\u0111utim, stvaranje i \u0161iroko prihva\u0107anje smjernica djelovanja koje su u suprotnosti s prethodnim op\u0107im normama, a sada dovode do uspjeha, svjedo\u010de i o normalizaciji neuravnote\u017eenosti ili normalizaciji nenormalnosti. Primjerice, legitimiranje i normalnost korupcije u svakodnevici radi stvaranja \u0161ansi za zapo\u0161ljavanje, neophodnost zaobila\u017eenja zakona koji gu\u0161e poduzetni\u0161tvo radi odr\u017eanja poslovanja, prihva\u0107anje samo-eksploatacije radi pre\u017eivljavanja ili percepcija drugih ljudi isklju\u010divo kao temeljnih ekonomskih resursa svjedo\u010de o ustaljenju i normalizaciji pojava u suprotnosti s op\u0107im normama dru\u0161tvenog \u017eivota.<\/p>\n<p>HSD predla\u017ee sljede\u0107e teme koje \u0107e se raspraviti na Kongresu:<\/p>\n<ul>\n<li>Na koje se sve na\u010dine izra\u017eava dru\u0161tvena i ekonomska kriza u Hrvatskoj?<\/li>\n<li>Koji su dru\u0161tveni uzroci, a koje su dru\u0161tvene posljedice ekonomske krize? Mo\u017ee li ih se identificirati i razdvojiti?<\/li>\n<li>Je li dugotrajna kriza u Hrvatskoj \u201eendogena&#8221; pojava i u kojoj je mjeri posljedica globalnih dru\u0161tvenih i ekonomskih procesa?<\/li>\n<li>Kakva je veza izme\u0111u \u201ekrize normalnosti&#8221; i \u201enormalnosti krize&#8221;?<\/li>\n<li>Koja su rje\u0161enja?<\/li>\n<\/ul>\n","protected":false},"excerpt":{"rendered":"<p>V. NACIONALNI KONGRES HRVATSKOG SOCIOLO\u0160KOG DRU\u0160TVA Zagreb, 19. &#8211; 20. o\u017eujka 2015. godine NORMALNOST KRIZE &#8211; KRIZA NORMALNOSTI Akademski odbor konferencije: Prof. dr. sc. Sa\u0161a Bo\u017ei\u0107, Odjel za sociologiju, Sveu\u010dili\u0161te u Zadru (predsjednik) Prof. dr. sc. Ognjen \u010caldarovi\u0107, Filozofski fakultet, Sveu\u010dili\u0161te u Zagrebu Doc. dr.sc. Karin Doolan, Odjel za sociologiju, Sveu\u010dili\u0161te u Zadru Prof. dr. &hellip; <a href=\"https:\/\/pubweb.carnet.hr\/hsd\/hr\/dogadanja\/kongres-2015-godine\/\" class=\"more-link\">Nastavi \u010ditati <span class=\"screen-reader-text\">Kongres 2015. godine<\/span><\/a><\/p>\n","protected":false},"author":736,"featured_media":0,"parent":387,"menu_order":0,"comment_status":"closed","ping_status":"closed","template":"","meta":{"footnotes":""},"class_list":["post-428","page","type-page","status-publish","hentry"],"_links":{"self":[{"href":"https:\/\/pubweb.carnet.hr\/hsd\/wp-json\/wp\/v2\/pages\/428","targetHints":{"allow":["GET"]}}],"collection":[{"href":"https:\/\/pubweb.carnet.hr\/hsd\/wp-json\/wp\/v2\/pages"}],"about":[{"href":"https:\/\/pubweb.carnet.hr\/hsd\/wp-json\/wp\/v2\/types\/page"}],"author":[{"embeddable":true,"href":"https:\/\/pubweb.carnet.hr\/hsd\/wp-json\/wp\/v2\/users\/736"}],"replies":[{"embeddable":true,"href":"https:\/\/pubweb.carnet.hr\/hsd\/wp-json\/wp\/v2\/comments?post=428"}],"version-history":[{"count":2,"href":"https:\/\/pubweb.carnet.hr\/hsd\/wp-json\/wp\/v2\/pages\/428\/revisions"}],"predecessor-version":[{"id":430,"href":"https:\/\/pubweb.carnet.hr\/hsd\/wp-json\/wp\/v2\/pages\/428\/revisions\/430"}],"up":[{"embeddable":true,"href":"https:\/\/pubweb.carnet.hr\/hsd\/wp-json\/wp\/v2\/pages\/387"}],"wp:attachment":[{"href":"https:\/\/pubweb.carnet.hr\/hsd\/wp-json\/wp\/v2\/media?parent=428"}],"curies":[{"name":"wp","href":"https:\/\/api.w.org\/{rel}","templated":true}]}}