{"id":396,"date":"2017-02-15T10:54:39","date_gmt":"2017-02-15T09:54:39","guid":{"rendered":"https:\/\/pubweb.carnet.hr\/hsd\/?page_id=396"},"modified":"2022-03-14T21:37:55","modified_gmt":"2022-03-14T20:37:55","slug":"prosle-konferencije","status":"publish","type":"page","link":"https:\/\/pubweb.carnet.hr\/hsd\/hr\/dogadanja\/prosle-konferencije\/","title":{"rendered":"Pro\u0161le konferencije"},"content":{"rendered":"<p><strong>22. &#8211; 23. o\u017eujka 2013.<\/strong><\/p>\n<p>Odr\u017ean je Nacionalni kongres HSD-a u Staroj Gradskoj vije\u0107nici u Zagrebu s temom &#8216;Privatno, javno, zajedni\u010dko: Sociologija i hrvatsko dru\u0161tvo danas&#8217;, na kojem su odr\u017eane dvije plenarne sesije, dva okrugla stola te \u0161est paralelnih sesija.<\/p>\n<p><strong>1. i 2. lipnja 2012.<\/strong><\/p>\n<p>Na Filozofskome fakultetu Sveu\u010dili\u0161ta u Zagrebu odr\u017eana je Godi\u0161nja konferencija Hrvatskoga sociolo\u0161kog dru\u0161tva 2012. primarno posve\u0107ene predstavljanju aktivnosti, rezultata pojedinih empirijskih istra\u017eivanja, teorijski usmjerenih radova i artikulaciji sredi\u0161njih interesa koji se nalaze u sr\u017ei djelatnosti sekcija pod okriljem HSD-a.<\/p>\n<p><strong>7. i 8. travnja 2011.<\/strong><\/p>\n<p>U prostorijama Stare gradske vije\u0107nice Grada Zagreba u Zagrebu je odr\u017ean Nacionalni kongres Hrvatskoga sociolo\u0161kog dru\u0161tva pod naslovom &#8220;Sociologija i promjena &#8211; izazovi budu\u0107nosti&#8221;.<\/p>\n<p><strong>19. &#8211; 21. studenog 2010.<\/strong><\/p>\n<p>Odr\u017eana je me\u0111unarodna konferencija &#8220;Qualitative Transitions: Issues of Methodology in Central and South-East European Sociologies&#8221;, organizirana uz potporu Me\u0111unarodnog sociolo\u0161kog dru\u0161tva (International Sociological Association). U akademskom odboru sudjelovali su: Inga Tomi\u0107-Koludrovi\u0107, predsjednica odbora i Hrvatskog sociolo\u0161kog dru\u0161tva; Michael Buroway, predsjednik Me\u0111unarodnog sociolo\u0161kog dru\u0161tva (ISA); Krzysztof Konecki, predsjednik sekcije za kvalitativnu metodologiju Europskog sociolo\u0161kog dru\u0161tva (European Sociological Association &#8211; ESA); Giampietro Gobo, utemeljitelj sekcije za kvalitativnu metodologiju Europskog sociolo\u0161kog dru\u0161tva i profesor na Sveu\u010dili\u0161tu u Milanu, te Nenad Fanuko (Sveu\u010dili\u0161te u Rijeci) i Katharina Scherke (Sveu\u010dili\u0161te u Grazu).<\/p>\n<p><strong>3. i 4. travnja 2009.<\/strong><\/p>\n<p>U Zagrebu je odr\u017ean Nacionalni sociolo\u0161ki kongres s temom &#8220;Dru\u0161tvene promjene i dru\u0161tvena struktura: Hrvatska 20 godina poslije&#8221;.<\/p>\n<p><strong>7. studenoga 2008.<\/strong><\/p>\n<p>U Zadru je odr\u017ean Znanstveni skup &#8220;Institucionalna akademskog studija sociologije&#8221; u Zadru i Okrugli stol u po\u010dast Esadu \u0106imi\u0107u.<\/p>\n<p><strong>12. rujna 2008.<\/strong><\/p>\n<p>U suorganizaciji s Pravnim fakultetom Sveu\u010dili\u0161ta u Splitu, u Splitu je odr\u017ean me\u0111unarodni znanstveni skup: &#8220;Sociologija Sr\u0111ana Vrcana: Ideologije i teorije&#8221;.<\/p>\n<p><strong>8. &#8211; 10. svibnja 2008.<\/strong><\/p>\n<p>U Zadru je odr\u017eana me\u0111unarodna konferencija, uz potporu Me\u0111unarodnog sociolo\u0161kog udru\u017eenja (ISA) i Odjela za sociologiju Sveu\u010dili\u0161ta u Zadru, pod naslovom &#8220;Sociologija i interdisciplinarnost: sredi\u0161nja i jugoisto\u010dna europska perspektiva&#8221;.<\/p>\n<p><strong>30. i 31. o\u017eujka 2007.<\/strong><\/p>\n<p>U suorganizaciji s Odsjekom za sociologiju Filozofskog fakulteta u Splitu, u Splitu je odr\u017ean Nacionalni sociolo\u0161ki kongres: &#8220;Metodolo\u0161ki izazovi u sociologiji: dru\u0161tveni problemi u Hrvatskoj&#8221;.<\/p>\n<p><strong>2007.<\/strong><\/p>\n<p>&#8220;RASCJEP U SVETOME I SVJETOVNOME. SIMPOZIJ O OSOBI I DJELU \u017dELJKA MARDE\u0160I\u0106A&#8221;<\/p>\n<p>Suorganizatori skupa su Kr\u0161\u0107anska sada\u0161njost, Kr\u0161\u0107anski akademski krug, Centar za promicanje socijalnog nauka Crkve i Katoli\u010dki bogoslovni fakultet u Zagrebu. Rije\u010d je o interdisciplinarnom skupu na kojem su se osvijetlili sociolo\u0161ki, religijski i teolo\u0161ki vidovi djela \u017d. Marde\u0161i\u0107a.<\/p>\n<p>Skup je odr\u017ean u utorak, 27. studenoga 2007. godine u Zagrebu, u Chromosovom tornju \u2013 Ulica grada Vukovara 271.<\/p>\n<p><strong>2006.<\/strong><\/p>\n<p>NACIONALNI SOCIOLO\u0160KI KONGRES<\/p>\n<p>24. velja\u010de 2006. u Zagrebu je odr\u017ean me\u0111unarodni znanstveni skup &#8220;Hrvatska sociologija &#8211; izazovi bolonjskog procesa&#8221;.<\/p>\n<p><strong>2005.<\/strong><\/p>\n<p>Challenging Boundaries: Religion and Society Zagreb<\/p>\n<p>28th ISSR\/SISR Conference, Zagreb (Croatia) July 18 &#8211; 22, 2005.<\/p>\n<p><strong>2003.<\/strong><\/p>\n<p>Identitet i razvoj: Priklju\u010denje Hrvatske Europskoj Uniji.<\/p>\n<p>Zagreb, 28. &#8211; 29. studenog 2003.<\/p>\n<p><strong>2002.<\/strong><\/p>\n<p>Ratovi u biv\u0161oj Jugoslaviji: Sociologija oru\u017eanog sukoba na prijelazu tisu\u0107lje\u0107a.<\/p>\n<p>Zagreb, 6. &#8211; 8. prosinac 2002.<\/p>\n<p><strong>2001.<\/strong><\/p>\n<p>Globalizacija i hrvatsko dru\u0161tvo.<\/p>\n<p>Zagreb, 16. i 17. studeni 2001.<\/p>\n","protected":false},"excerpt":{"rendered":"<p>22. &#8211; 23. o\u017eujka 2013. Odr\u017ean je Nacionalni kongres HSD-a u Staroj Gradskoj vije\u0107nici u Zagrebu s temom &#8216;Privatno, javno, zajedni\u010dko: Sociologija i hrvatsko dru\u0161tvo danas&#8217;, na kojem su odr\u017eane dvije plenarne sesije, dva okrugla stola te \u0161est paralelnih sesija. 1. i 2. lipnja 2012. Na Filozofskome fakultetu Sveu\u010dili\u0161ta u Zagrebu odr\u017eana je Godi\u0161nja konferencija &hellip; <a href=\"https:\/\/pubweb.carnet.hr\/hsd\/hr\/dogadanja\/prosle-konferencije\/\" class=\"more-link\">Nastavi \u010ditati <span class=\"screen-reader-text\">Pro\u0161le konferencije<\/span><\/a><\/p>\n","protected":false},"author":736,"featured_media":0,"parent":387,"menu_order":0,"comment_status":"closed","ping_status":"closed","template":"","meta":{"footnotes":""},"class_list":["post-396","page","type-page","status-publish","hentry"],"_links":{"self":[{"href":"https:\/\/pubweb.carnet.hr\/hsd\/wp-json\/wp\/v2\/pages\/396","targetHints":{"allow":["GET"]}}],"collection":[{"href":"https:\/\/pubweb.carnet.hr\/hsd\/wp-json\/wp\/v2\/pages"}],"about":[{"href":"https:\/\/pubweb.carnet.hr\/hsd\/wp-json\/wp\/v2\/types\/page"}],"author":[{"embeddable":true,"href":"https:\/\/pubweb.carnet.hr\/hsd\/wp-json\/wp\/v2\/users\/736"}],"replies":[{"embeddable":true,"href":"https:\/\/pubweb.carnet.hr\/hsd\/wp-json\/wp\/v2\/comments?post=396"}],"version-history":[{"count":2,"href":"https:\/\/pubweb.carnet.hr\/hsd\/wp-json\/wp\/v2\/pages\/396\/revisions"}],"predecessor-version":[{"id":2740,"href":"https:\/\/pubweb.carnet.hr\/hsd\/wp-json\/wp\/v2\/pages\/396\/revisions\/2740"}],"up":[{"embeddable":true,"href":"https:\/\/pubweb.carnet.hr\/hsd\/wp-json\/wp\/v2\/pages\/387"}],"wp:attachment":[{"href":"https:\/\/pubweb.carnet.hr\/hsd\/wp-json\/wp\/v2\/media?parent=396"}],"curies":[{"name":"wp","href":"https:\/\/api.w.org\/{rel}","templated":true}]}}