{"id":2753,"date":"2022-05-05T10:38:49","date_gmt":"2022-05-05T08:38:49","guid":{"rendered":"https:\/\/pubweb.carnet.hr\/hsd\/?page_id=2753"},"modified":"2022-05-05T10:48:16","modified_gmt":"2022-05-05T08:48:16","slug":"sekcija-za-socijalnu-ekologiju","status":"publish","type":"page","link":"https:\/\/pubweb.carnet.hr\/hsd\/hr\/sekcija-za-socijalnu-ekologiju\/","title":{"rendered":"Sekcija za socijalnu ekologiju"},"content":{"rendered":"<p>Sekcija za socijalnu ekologiju osnovana je kao zasebna sekcija pri Hrvatskom sociolo\u0161kom dru\u0161tvu na osniva\u010dkoj skup\u0161tini 14. Velja\u010de 2022. godine. Rad sekcije nastavlja se na tradiciju sociolo\u0161ke analize odnosa \u010dovjeka i njegovog prirodnog okoli\u0161a, te radi sve ve\u0107e kompleksnosti prou\u010davanih fenomena cilja nastaviti razvoj interdisciplinarne misli koje uklju\u010duju prirodne i tehni\u010dke znanosti u sociolo\u0161ki diskurs. Rad Sekcije baviti \u0107e se temama koje obuhva\u0107aju kriti\u010dki pristup analizi interakcije dru\u0161tva i okoli\u0161a utemeljen u socijalnoj ekologiji i kriti\u010dkoj teoriji te neomarskisti\u010dke koncepte, ekofeminizam, odrast, odr\u017eivost i odr\u017eivi razvoj, istra\u017eivanjem pona\u0161ajnih, stavovnih i vrijednosnih obrazaca u dru\u0161tvu kroz kvalitativne i kvantitativne istra\u017eiva\u010dke metode i instrumente, istra\u017eivanjem procesa vezanih uz ekolo\u0161ke pokrete i inicijative te aktivizam, utjecaj socijalno ekolo\u0161kih istra\u017eivanja na dono\u0161enje javnih politika, te druge teme koje obuhva\u0107aju ili se odnose na istra\u017eivanje interakcije dru\u0161tva i okoli\u0161a u bilo kojem segmentu.<\/p>\n<p>Aktivnosti Sekcije \u0107e se u prvom redu odvijati kroz javna predavanja i prate\u0107e rasprave u koje su pozvani uklju\u010diti se prvenstveno sociolozi, ali i stru\u010dnjaci iz razli\u010ditih podru\u010dja kako znanosti tako i drugih javnih djelatnosti, a koje su relevantne za podru\u010dje socijalne ekologije i sociologije okoli\u0161a.<\/p>\n<p>Voditeljica sekcije:<\/p>\n<p>Dr. sc. Jelena Pu\u0111ak<br \/>\njelena.pudak@pilar.hr<\/p>\n<p>Tajnik sekcije:<\/p>\n<p>Vladimir Ivanovi\u0107, mag. soc.<br \/>\nvivanovi@ffzg.hr<\/p>\n","protected":false},"excerpt":{"rendered":"<p>Sekcija za socijalnu ekologiju osnovana je kao zasebna sekcija pri Hrvatskom sociolo\u0161kom dru\u0161tvu na osniva\u010dkoj skup\u0161tini 14. Velja\u010de 2022. godine. Rad sekcije nastavlja se na tradiciju sociolo\u0161ke analize odnosa \u010dovjeka i njegovog prirodnog okoli\u0161a, te radi sve ve\u0107e kompleksnosti prou\u010davanih fenomena cilja nastaviti razvoj interdisciplinarne misli koje uklju\u010duju prirodne i tehni\u010dke znanosti u sociolo\u0161ki diskurs. &hellip; <a href=\"https:\/\/pubweb.carnet.hr\/hsd\/hr\/sekcija-za-socijalnu-ekologiju\/\" class=\"more-link\">Nastavi \u010ditati <span class=\"screen-reader-text\">Sekcija za socijalnu ekologiju<\/span><\/a><\/p>\n","protected":false},"author":862,"featured_media":0,"parent":0,"menu_order":0,"comment_status":"closed","ping_status":"closed","template":"","meta":{"footnotes":""},"class_list":["post-2753","page","type-page","status-publish","hentry"],"_links":{"self":[{"href":"https:\/\/pubweb.carnet.hr\/hsd\/wp-json\/wp\/v2\/pages\/2753","targetHints":{"allow":["GET"]}}],"collection":[{"href":"https:\/\/pubweb.carnet.hr\/hsd\/wp-json\/wp\/v2\/pages"}],"about":[{"href":"https:\/\/pubweb.carnet.hr\/hsd\/wp-json\/wp\/v2\/types\/page"}],"author":[{"embeddable":true,"href":"https:\/\/pubweb.carnet.hr\/hsd\/wp-json\/wp\/v2\/users\/862"}],"replies":[{"embeddable":true,"href":"https:\/\/pubweb.carnet.hr\/hsd\/wp-json\/wp\/v2\/comments?post=2753"}],"version-history":[{"count":1,"href":"https:\/\/pubweb.carnet.hr\/hsd\/wp-json\/wp\/v2\/pages\/2753\/revisions"}],"predecessor-version":[{"id":2759,"href":"https:\/\/pubweb.carnet.hr\/hsd\/wp-json\/wp\/v2\/pages\/2753\/revisions\/2759"}],"wp:attachment":[{"href":"https:\/\/pubweb.carnet.hr\/hsd\/wp-json\/wp\/v2\/media?parent=2753"}],"curies":[{"name":"wp","href":"https:\/\/api.w.org\/{rel}","templated":true}]}}