{"id":2441,"date":"2021-02-18T18:41:26","date_gmt":"2021-02-18T17:41:26","guid":{"rendered":"https:\/\/pubweb.carnet.hr\/hsd\/?page_id=2441"},"modified":"2021-02-18T18:41:26","modified_gmt":"2021-02-18T17:41:26","slug":"programski-i-organizacijski-odbor","status":"publish","type":"page","link":"https:\/\/pubweb.carnet.hr\/hsd\/hr\/programski-i-organizacijski-odbor\/","title":{"rendered":"Programski i organizacijski odbor"},"content":{"rendered":"<p><u>PROGRAMSKI ODBOR<\/u><\/p>\n<p><strong>Predsjednik<\/strong><\/p>\n<p>Dr.sc. Dra\u017een \u0160imle\u0161a, Institut dru\u0161tvenih znanosti Ivo Pilar<\/p>\n<p><strong>\u010clanovi\/ice<\/strong><\/p>\n<p>Doc.dr.sc. Jelena Pu\u0111ak, Institut dru\u0161tvenih znanosti Ivo Pilar<br \/>\nDr.sc. Anita Bu\u0161ljeta Tonkovi\u0107, Institut dru\u0161tvenih znanosti Ivo Pilar<br \/>\nDoc.dr.sc. Tijana Trako Poljak, Odsjek za sociologiju, Filozofski fakultet UNIZG<br \/>\nDoc.dr.sc. Ivanka Buzov, Odsjek za sociologiju, Filozofski fakultet UNIST<br \/>\nDr.sc. Paul Stubbs, Ekonomski institut<br \/>\nProf.dr.sc. Krunoslav Nikodem, Odsjek za sociologiju, Filozofski fakultet UNIZG<br \/>\nDoc.dr.sc. Branko An\u010di\u0107, Institut za dru\u0161tvena istra\u017eivanja u Zagrebu<\/p>\n<p><u>ORGANIZACIJSKI ODBOR<\/u><\/p>\n<p><strong>Predsjednica<\/strong><\/p>\n<p>Dr.sc. Jaka Primorac, Institut za razvoj i me\u0111unarodne odnose<\/p>\n<p><strong>\u010clanovi\/ice<\/strong><\/p>\n<p>Dr.sc. Simona Kuti, Institut za migracije i narodnosti<br \/>\nDr.sc. Anja Gvozdanovi\u0107, Institut za dru\u0161tvena istra\u017eivanaj u Zagrebu<br \/>\nMarko Mareli\u0107, mag.soc., \u0160kola narodnog zdravlja \u201eAndrija \u0160tampar\u201c, Medicinski fakultet UNIZG<br \/>\nDr.sc. Marko Mustapi\u0107, Institut dru\u0161tvenih znanosti Ivo Pilar<br \/>\nEma Ba\u0161i\u0107, mag.soc., Institut dru\u0161tvenih znanosti Ivo Pilar<br \/>\nDino Vuku\u0161i\u0107, mag.soc., Institut dru\u0161tvenih znanosti Ivo Pilar<\/p>\n","protected":false},"excerpt":{"rendered":"<p>PROGRAMSKI ODBOR Predsjednik Dr.sc. Dra\u017een \u0160imle\u0161a, Institut dru\u0161tvenih znanosti Ivo Pilar \u010clanovi\/ice Doc.dr.sc. Jelena Pu\u0111ak, Institut dru\u0161tvenih znanosti Ivo Pilar Dr.sc. Anita Bu\u0161ljeta Tonkovi\u0107, Institut dru\u0161tvenih znanosti Ivo Pilar Doc.dr.sc. Tijana Trako Poljak, Odsjek za sociologiju, Filozofski fakultet UNIZG Doc.dr.sc. Ivanka Buzov, Odsjek za sociologiju, Filozofski fakultet UNIST Dr.sc. Paul Stubbs, Ekonomski institut Prof.dr.sc. Krunoslav &hellip; <a href=\"https:\/\/pubweb.carnet.hr\/hsd\/hr\/programski-i-organizacijski-odbor\/\" class=\"more-link\">Nastavi \u010ditati <span class=\"screen-reader-text\">Programski i organizacijski odbor<\/span><\/a><\/p>\n","protected":false},"author":862,"featured_media":0,"parent":0,"menu_order":0,"comment_status":"closed","ping_status":"closed","template":"","meta":{"footnotes":""},"class_list":["post-2441","page","type-page","status-publish","hentry"],"_links":{"self":[{"href":"https:\/\/pubweb.carnet.hr\/hsd\/wp-json\/wp\/v2\/pages\/2441","targetHints":{"allow":["GET"]}}],"collection":[{"href":"https:\/\/pubweb.carnet.hr\/hsd\/wp-json\/wp\/v2\/pages"}],"about":[{"href":"https:\/\/pubweb.carnet.hr\/hsd\/wp-json\/wp\/v2\/types\/page"}],"author":[{"embeddable":true,"href":"https:\/\/pubweb.carnet.hr\/hsd\/wp-json\/wp\/v2\/users\/862"}],"replies":[{"embeddable":true,"href":"https:\/\/pubweb.carnet.hr\/hsd\/wp-json\/wp\/v2\/comments?post=2441"}],"version-history":[{"count":2,"href":"https:\/\/pubweb.carnet.hr\/hsd\/wp-json\/wp\/v2\/pages\/2441\/revisions"}],"predecessor-version":[{"id":2650,"href":"https:\/\/pubweb.carnet.hr\/hsd\/wp-json\/wp\/v2\/pages\/2441\/revisions\/2650"}],"wp:attachment":[{"href":"https:\/\/pubweb.carnet.hr\/hsd\/wp-json\/wp\/v2\/media?parent=2441"}],"curies":[{"name":"wp","href":"https:\/\/api.w.org\/{rel}","templated":true}]}}