{"id":218,"date":"2017-02-10T09:16:04","date_gmt":"2017-02-10T08:16:04","guid":{"rendered":"https:\/\/pubweb.carnet.hr\/hsd\/?page_id=218"},"modified":"2022-03-14T15:07:45","modified_gmt":"2022-03-14T14:07:45","slug":"sekcija-za-istrazivanja-znanosti-i-tehnologije","status":"publish","type":"page","link":"https:\/\/pubweb.carnet.hr\/hsd\/hr\/sekcije\/sekcija-za-istrazivanja-znanosti-i-tehnologije\/","title":{"rendered":"Sekcija za istra\u017eivanja znanosti i tehnologije"},"content":{"rendered":"<p>Predsjedni\u0161tvo HSD-a je na III. sjednici odr\u017eanoj elektroni\u010dkim putem 16. listopada 2013. godine jednoglasno podr\u017ealo osnivanje Sekcije za istra\u017eivanja znanosti i tehnologije \u010diji se osniva\u010dki sastanak odr\u017eao 10. listopada 2013. godine u Dru\u0161tvu sveu\u010dili\u0161nih nastavnika u Zagrebu.<\/p>\n<p><strong>Voditeljica<\/strong><\/p>\n<p>Marija Brajdi\u0107 Vukovi\u0107<\/p>\n<p><strong>Tajnik<\/strong><\/p>\n<p>Juraj Perkovi\u0107<\/p>\n","protected":false},"excerpt":{"rendered":"<p>Predsjedni\u0161tvo HSD-a je na III. sjednici odr\u017eanoj elektroni\u010dkim putem 16. listopada 2013. godine jednoglasno podr\u017ealo osnivanje Sekcije za istra\u017eivanja znanosti i tehnologije \u010diji se osniva\u010dki sastanak odr\u017eao 10. listopada 2013. godine u Dru\u0161tvu sveu\u010dili\u0161nih nastavnika u Zagrebu. Voditeljica Marija Brajdi\u0107 Vukovi\u0107 Tajnik Juraj Perkovi\u0107<\/p>\n","protected":false},"author":736,"featured_media":0,"parent":189,"menu_order":0,"comment_status":"closed","ping_status":"closed","template":"","meta":{"footnotes":""},"class_list":["post-218","page","type-page","status-publish","hentry"],"_links":{"self":[{"href":"https:\/\/pubweb.carnet.hr\/hsd\/wp-json\/wp\/v2\/pages\/218","targetHints":{"allow":["GET"]}}],"collection":[{"href":"https:\/\/pubweb.carnet.hr\/hsd\/wp-json\/wp\/v2\/pages"}],"about":[{"href":"https:\/\/pubweb.carnet.hr\/hsd\/wp-json\/wp\/v2\/types\/page"}],"author":[{"embeddable":true,"href":"https:\/\/pubweb.carnet.hr\/hsd\/wp-json\/wp\/v2\/users\/736"}],"replies":[{"embeddable":true,"href":"https:\/\/pubweb.carnet.hr\/hsd\/wp-json\/wp\/v2\/comments?post=218"}],"version-history":[{"count":1,"href":"https:\/\/pubweb.carnet.hr\/hsd\/wp-json\/wp\/v2\/pages\/218\/revisions"}],"predecessor-version":[{"id":2623,"href":"https:\/\/pubweb.carnet.hr\/hsd\/wp-json\/wp\/v2\/pages\/218\/revisions\/2623"}],"up":[{"embeddable":true,"href":"https:\/\/pubweb.carnet.hr\/hsd\/wp-json\/wp\/v2\/pages\/189"}],"wp:attachment":[{"href":"https:\/\/pubweb.carnet.hr\/hsd\/wp-json\/wp\/v2\/media?parent=218"}],"curies":[{"name":"wp","href":"https:\/\/api.w.org\/{rel}","templated":true}]}}