{"id":212,"date":"2017-02-10T09:08:14","date_gmt":"2017-02-10T08:08:14","guid":{"rendered":"https:\/\/pubweb.carnet.hr\/hsd\/?page_id=212"},"modified":"2022-03-14T14:58:11","modified_gmt":"2022-03-14T13:58:11","slug":"sekcija-zena-i-drustvo","status":"publish","type":"page","link":"https:\/\/pubweb.carnet.hr\/hsd\/hr\/sekcije\/sekcija-zena-i-drustvo\/","title":{"rendered":"Sekcija &#8220;\u017dena i dru\u0161tvo&#8221;"},"content":{"rendered":"<p>Sekcija \u201e\u017dena i dru\u0161tvo&#8221; okuplja sociologinje, sociologe i sociologiji srodne znanstvenice i znanstvenike koji se bave temama iz podru\u010dja rodne stratifikacije dru\u0161tva u naj\u0161irem smislu sociologije, politologije, antropologije \u017eena, roda i identiteta. Sekcija je otvorena i za sudjelovanje drugih profila znanstvenika\/ca, istra\u017eiva\u010dica i istra\u017eiva\u010da te njihovim pristupima raspravi oko pojedinih tema, istra\u017eivanjima i analiti\u010dkim doprinosima, kao i u zauzimanju javnih stavova o pojedinim temama vezanim uz podru\u010dje \u017eena i dru\u0161tva u kontekstu \u0161ireg dru\u0161tvenog interesa.<\/p>\n<p>U sekciji su dobrodo\u0161li svi znanstvenici\/ce, istra\u017eiva\u010di, istra\u017eiva\u010dice te javni djelatnici i djelatnice koji su motivirani za razumijevanje problematike rodnih dru\u0161tvenih nejednakosti, osobito \u017eenskih deprivilegiranih uloga u hrvatskom dru\u0161tvu i \u0161ire, s osobitim naglaskom na pitanja \u017eenskih i rodnih uloga i interakcija u obitelji, na poslu, u politici, medijima te pitanjima rodne socijalizacije, rodnog obrazovanja, rada, roda i nasilja, roda i seksualnosti, rodne politike, reproduktivne politike, teorijskih diskursa, \u017eena i medija, \u017eenskih pokreta, feministi\u010dkih diskursa.<\/p>\n<p><strong>Voditeljica sekcije<\/strong><\/p>\n<p>Dr. sc. Branka Gali\u0107, red. prof.<br \/>\n<a href=\"mailto:bgalic@ffzg.hr\">bgalic@ffzg.hr<\/a><\/p>\n<p><strong>Tajnica sekcije<\/strong><\/p>\n<p>Dr. sc. Jana \u0160arini\u0107, doc.<br \/>\n<a href=\"mailto:jsarinic@ffzg.hr\">jsarinic@ffzg.hr<\/a><\/p>\n","protected":false},"excerpt":{"rendered":"<p>Sekcija \u201e\u017dena i dru\u0161tvo&#8221; okuplja sociologinje, sociologe i sociologiji srodne znanstvenice i znanstvenike koji se bave temama iz podru\u010dja rodne stratifikacije dru\u0161tva u naj\u0161irem smislu sociologije, politologije, antropologije \u017eena, roda i identiteta. Sekcija je otvorena i za sudjelovanje drugih profila znanstvenika\/ca, istra\u017eiva\u010dica i istra\u017eiva\u010da te njihovim pristupima raspravi oko pojedinih tema, istra\u017eivanjima i analiti\u010dkim doprinosima, &hellip; <a href=\"https:\/\/pubweb.carnet.hr\/hsd\/hr\/sekcije\/sekcija-zena-i-drustvo\/\" class=\"more-link\">Nastavi \u010ditati <span class=\"screen-reader-text\">Sekcija &#8220;\u017dena i dru\u0161tvo&#8221;<\/span><\/a><\/p>\n","protected":false},"author":736,"featured_media":0,"parent":189,"menu_order":0,"comment_status":"closed","ping_status":"closed","template":"","meta":{"footnotes":""},"class_list":["post-212","page","type-page","status-publish","hentry"],"_links":{"self":[{"href":"https:\/\/pubweb.carnet.hr\/hsd\/wp-json\/wp\/v2\/pages\/212","targetHints":{"allow":["GET"]}}],"collection":[{"href":"https:\/\/pubweb.carnet.hr\/hsd\/wp-json\/wp\/v2\/pages"}],"about":[{"href":"https:\/\/pubweb.carnet.hr\/hsd\/wp-json\/wp\/v2\/types\/page"}],"author":[{"embeddable":true,"href":"https:\/\/pubweb.carnet.hr\/hsd\/wp-json\/wp\/v2\/users\/736"}],"replies":[{"embeddable":true,"href":"https:\/\/pubweb.carnet.hr\/hsd\/wp-json\/wp\/v2\/comments?post=212"}],"version-history":[{"count":3,"href":"https:\/\/pubweb.carnet.hr\/hsd\/wp-json\/wp\/v2\/pages\/212\/revisions"}],"predecessor-version":[{"id":2618,"href":"https:\/\/pubweb.carnet.hr\/hsd\/wp-json\/wp\/v2\/pages\/212\/revisions\/2618"}],"up":[{"embeddable":true,"href":"https:\/\/pubweb.carnet.hr\/hsd\/wp-json\/wp\/v2\/pages\/189"}],"wp:attachment":[{"href":"https:\/\/pubweb.carnet.hr\/hsd\/wp-json\/wp\/v2\/media?parent=212"}],"curies":[{"name":"wp","href":"https:\/\/api.w.org\/{rel}","templated":true}]}}

Sekcija &#8220;Žena i društvo&#8221;

<p>Sekcija „Žena i društvo&#8221; okuplja sociologinje, sociologe i sociologiji srodne znanstvenice i znanstvenike koji se bave temama iz područja rodne stratifikacije društva u najširem smislu sociologije, politologije, antropologije žena, roda i identiteta. Sekcija je otvorena i za sudjelovanje drugih profila znanstvenika/ca, istraživačica i istraživača te njihovim pristupima raspravi oko pojedinih tema, istraživanjima i analitičkim doprinosima, kao i u zauzimanju javnih stavova o pojedinim temama vezanim uz područje žena i društva u kontekstu šireg društvenog interesa.</p>
<p>U sekciji su dobrodošli svi znanstvenici/ce, istraživači, istraživačice te javni djelatnici i djelatnice koji su motivirani za razumijevanje problematike rodnih društvenih nejednakosti, osobito ženskih deprivilegiranih uloga u hrvatskom društvu i šire, s osobitim naglaskom na pitanja ženskih i rodnih uloga i interakcija u obitelji, na poslu, u politici, medijima te pitanjima rodne socijalizacije, rodnog obrazovanja, rada, roda i nasilja, roda i seksualnosti, rodne politike, reproduktivne politike, teorijskih diskursa, žena i medija, ženskih pokreta, feminističkih diskursa.</p>
<p><strong>Voditeljica sekcije</strong></p>
<p>Dr. sc. Branka Galić, red. prof.<br />
<a href="mailto:bgalic@ffzg.hr">bgalic@ffzg.hr</a></p>
<p><strong>Tajnica sekcije</strong></p>
<p>Dr. sc. Jana Šarinić, doc.<br />
<a href="mailto:jsarinic@ffzg.hr">jsarinic@ffzg.hr</a></p>

<p>Sekcija „Žena i društvo&#8221; okuplja sociologinje, sociologe i sociologiji srodne znanstvenice i znanstvenike koji se bave temama iz područja rodne stratifikacije društva u najširem smislu sociologije, politologije, antropologije žena, roda i identiteta. Sekcija je otvorena i za sudjelovanje drugih profila znanstvenika/ca, istraživačica i istraživača te njihovim pristupima raspravi oko pojedinih tema, istraživanjima i analitičkim doprinosima, &hellip; <a href="https://pubweb.carnet.hr/hsd/hr/sekcije/sekcija-zena-i-drustvo/" class="more-link">Nastavi čitati <span class="screen-reader-text">Sekcija &#8220;Žena i društvo&#8221;</span></a></p>
