{"id":209,"date":"2017-02-10T09:04:15","date_gmt":"2017-02-10T08:04:15","guid":{"rendered":"https:\/\/pubweb.carnet.hr\/hsd\/?page_id=209"},"modified":"2022-03-14T14:46:39","modified_gmt":"2022-03-14T13:46:39","slug":"sekcija-za-sociologiju-religije","status":"publish","type":"page","link":"https:\/\/pubweb.carnet.hr\/hsd\/hr\/sekcije\/sekcija-za-sociologiju-religije\/","title":{"rendered":"Sekcija za sociologiju religije"},"content":{"rendered":"<p>Sekcija za sociologiju religije je osnovana 8. 12. 2009. godine u Zagrebu, u Klubu sveu\u010dili\u0161nih nastavnika i znanstvenih radnika. Sekcija je osnovana u cilju poticanja i unapre\u0111enja sociologije religije kao znanstvene discipline, kroz istra\u017eivanja, nastavu i druge oblike profesionalnog djelovanja u podru\u010dju odnosa religije i dru\u0161tva. Jedna od njenih va\u017enih djelatnosti je poticanje komunikacije i suradnje me\u0111u \u010dlanovima, a otvorena je za suradnju sa znanstvenicima iz drugih disciplina koji se tako\u0111er bave religijom. U svojem djelovanju sekcija \u017eeli poticati ozra\u010dje dijaloga i tolerancije, osobito kada je u pitanju polo\u017eaj religije i vjerskih zajednica u dru\u0161tvu.<\/p>\n<p><strong>Predsjednica sekcije<\/strong><\/p>\n<p>Dinka Marinovi\u0107 Jerolimov<\/p>\n<p><a href=\"mailto:dinka@idi.hr\">dinka@idi.hr<\/a>.<\/p>\n<p><strong>Tajnik sekcije<\/strong><\/p>\n<p>Gordan \u010crpi\u0107<\/p>\n<p><a href=\"mailto:gordan.crpic@zg.t-com.hr\">gordan.crpic@zg.t-com.hr<\/a>.<\/p>\n","protected":false},"excerpt":{"rendered":"<p>Sekcija za sociologiju religije je osnovana 8. 12. 2009. godine u Zagrebu, u Klubu sveu\u010dili\u0161nih nastavnika i znanstvenih radnika. Sekcija je osnovana u cilju poticanja i unapre\u0111enja sociologije religije kao znanstvene discipline, kroz istra\u017eivanja, nastavu i druge oblike profesionalnog djelovanja u podru\u010dju odnosa religije i dru\u0161tva. Jedna od njenih va\u017enih djelatnosti je poticanje komunikacije i &hellip; <a href=\"https:\/\/pubweb.carnet.hr\/hsd\/hr\/sekcije\/sekcija-za-sociologiju-religije\/\" class=\"more-link\">Nastavi \u010ditati <span class=\"screen-reader-text\">Sekcija za sociologiju religije<\/span><\/a><\/p>\n","protected":false},"author":736,"featured_media":0,"parent":189,"menu_order":0,"comment_status":"closed","ping_status":"closed","template":"","meta":{"footnotes":""},"class_list":["post-209","page","type-page","status-publish","hentry"],"_links":{"self":[{"href":"https:\/\/pubweb.carnet.hr\/hsd\/wp-json\/wp\/v2\/pages\/209","targetHints":{"allow":["GET"]}}],"collection":[{"href":"https:\/\/pubweb.carnet.hr\/hsd\/wp-json\/wp\/v2\/pages"}],"about":[{"href":"https:\/\/pubweb.carnet.hr\/hsd\/wp-json\/wp\/v2\/types\/page"}],"author":[{"embeddable":true,"href":"https:\/\/pubweb.carnet.hr\/hsd\/wp-json\/wp\/v2\/users\/736"}],"replies":[{"embeddable":true,"href":"https:\/\/pubweb.carnet.hr\/hsd\/wp-json\/wp\/v2\/comments?post=209"}],"version-history":[{"count":2,"href":"https:\/\/pubweb.carnet.hr\/hsd\/wp-json\/wp\/v2\/pages\/209\/revisions"}],"predecessor-version":[{"id":2616,"href":"https:\/\/pubweb.carnet.hr\/hsd\/wp-json\/wp\/v2\/pages\/209\/revisions\/2616"}],"up":[{"embeddable":true,"href":"https:\/\/pubweb.carnet.hr\/hsd\/wp-json\/wp\/v2\/pages\/189"}],"wp:attachment":[{"href":"https:\/\/pubweb.carnet.hr\/hsd\/wp-json\/wp\/v2\/media?parent=209"}],"curies":[{"name":"wp","href":"https:\/\/api.w.org\/{rel}","templated":true}]}}