{"id":198,"date":"2017-02-09T12:33:20","date_gmt":"2017-02-09T11:33:20","guid":{"rendered":"https:\/\/pubweb.carnet.hr\/hsd\/?page_id=198"},"modified":"2022-03-14T12:24:46","modified_gmt":"2022-03-14T11:24:46","slug":"sekcija-za-kvalitativne-metode-istrazivanja","status":"publish","type":"page","link":"https:\/\/pubweb.carnet.hr\/hsd\/hr\/sekcije\/sekcija-za-kvalitativne-metode-istrazivanja\/","title":{"rendered":"Sekcija za kvalitativne metode istra\u017eivanja"},"content":{"rendered":"<p>Sekcija za kvalitativne metode istra\u017eivanja bavi se temama kao \u0161to su teorijska utemeljenost kvalitativnih istra\u017eivanja, metode prikupljanja kvalitativnih podataka (intervjui, fokusne grupe, dokumenti, vizualne metode istra\u017eivanja), etnografska istra\u017eivanja, akcijska istra\u017eivanja, studije slu\u010daja, narativna istra\u017eivanja, obrada kvalitativnih podataka i kori\u0161tenje softwarea u tom procesu, pitanja etike u kvalitativnim istra\u017eivanjima, granice kvalitativnih istra\u017eivanja, utjecaj kvalitativnih istra\u017eivanja na javne politike i sl. Sekcija ima za cilj afirmaciju vrijednosti kvalitativnih metoda istra\u017eivanja u sociologiji, provo\u0111enje aktivnosti kojima se njeguje kvaliteta u kvalitativnim istra\u017eivanjima i okupljanje sociologa i sociologinja iz svih podru\u010dja sociologije, kao i znanstvenika\/ca i istra\u017eiva\u010da\/ica iz drugih podru\u010dja s interesom za kvalitativne metode istra\u017eivanja, a koji unutar sekcije imaju priliku razmjenjivati svoja istra\u017eiva\u010dka znanja i iskustva. Aktivnosti u sekciji se nastavljaju na dugu sociolo\u0161ku tradiciju kori\u0161tenja kvalitativnih metoda u analizi dru\u0161tvenih fenomena, ali se njima nastoji afirmirati i interdisciplinarni pristup razumijevanju dru\u0161tvenih fenomena kroz kvalitativni metodolo\u0161ki okvir.<\/p>\n<p>Rad Sekcije mo\u017eete pratiti preko sljede\u0107e mre\u017ene stranice:<\/p>\n<p><a href=\"https:\/\/sites.google.com\/site\/sekcijakmi\/\" target=\"_blank\" rel=\"noopener\">https:\/\/sites.google.com\/site\/sekcijakmi\/<\/a><\/p>\n","protected":false},"excerpt":{"rendered":"<p>Sekcija za kvalitativne metode istra\u017eivanja bavi se temama kao \u0161to su teorijska utemeljenost kvalitativnih istra\u017eivanja, metode prikupljanja kvalitativnih podataka (intervjui, fokusne grupe, dokumenti, vizualne metode istra\u017eivanja), etnografska istra\u017eivanja, akcijska istra\u017eivanja, studije slu\u010daja, narativna istra\u017eivanja, obrada kvalitativnih podataka i kori\u0161tenje softwarea u tom procesu, pitanja etike u kvalitativnim istra\u017eivanjima, granice kvalitativnih istra\u017eivanja, utjecaj kvalitativnih istra\u017eivanja na &hellip; <a href=\"https:\/\/pubweb.carnet.hr\/hsd\/hr\/sekcije\/sekcija-za-kvalitativne-metode-istrazivanja\/\" class=\"more-link\">Nastavi \u010ditati <span class=\"screen-reader-text\">Sekcija za kvalitativne metode istra\u017eivanja<\/span><\/a><\/p>\n","protected":false},"author":736,"featured_media":0,"parent":189,"menu_order":0,"comment_status":"closed","ping_status":"closed","template":"","meta":{"footnotes":""},"class_list":["post-198","page","type-page","status-publish","hentry"],"_links":{"self":[{"href":"https:\/\/pubweb.carnet.hr\/hsd\/wp-json\/wp\/v2\/pages\/198","targetHints":{"allow":["GET"]}}],"collection":[{"href":"https:\/\/pubweb.carnet.hr\/hsd\/wp-json\/wp\/v2\/pages"}],"about":[{"href":"https:\/\/pubweb.carnet.hr\/hsd\/wp-json\/wp\/v2\/types\/page"}],"author":[{"embeddable":true,"href":"https:\/\/pubweb.carnet.hr\/hsd\/wp-json\/wp\/v2\/users\/736"}],"replies":[{"embeddable":true,"href":"https:\/\/pubweb.carnet.hr\/hsd\/wp-json\/wp\/v2\/comments?post=198"}],"version-history":[{"count":2,"href":"https:\/\/pubweb.carnet.hr\/hsd\/wp-json\/wp\/v2\/pages\/198\/revisions"}],"predecessor-version":[{"id":2701,"href":"https:\/\/pubweb.carnet.hr\/hsd\/wp-json\/wp\/v2\/pages\/198\/revisions\/2701"}],"up":[{"embeddable":true,"href":"https:\/\/pubweb.carnet.hr\/hsd\/wp-json\/wp\/v2\/pages\/189"}],"wp:attachment":[{"href":"https:\/\/pubweb.carnet.hr\/hsd\/wp-json\/wp\/v2\/media?parent=198"}],"curies":[{"name":"wp","href":"https:\/\/api.w.org\/{rel}","templated":true}]}}