{"id":1852,"date":"2020-01-21T11:59:45","date_gmt":"2020-01-21T10:59:45","guid":{"rendered":"https:\/\/pubweb.carnet.hr\/hsd\/?page_id=1852"},"modified":"2022-10-03T13:56:43","modified_gmt":"2022-10-03T11:56:43","slug":"laureati","status":"publish","type":"page","link":"https:\/\/pubweb.carnet.hr\/hsd\/hr\/o-priznanju-rudi-supek\/laureati\/","title":{"rendered":"Laureati\/kinje"},"content":{"rendered":"<p><a href=\"http:\/\/pubweb.carnet.hr\/hsd\/wp-content\/uploads\/sites\/598\/2022\/10\/IMG_20180304_172114.jpg\"><img loading=\"lazy\" decoding=\"async\" class=\"size-thumbnail wp-image-2788 alignleft\" src=\"http:\/\/pubweb.carnet.hr\/hsd\/wp-content\/uploads\/sites\/598\/2022\/10\/IMG_20180304_172114-150x150.jpg\" alt=\"\" width=\"150\" height=\"150\" \/><\/a><strong>2022.<\/strong><br \/>\n<strong>Sini\u0161a Zrin\u0161\u010dak<\/strong><\/p>\n<ul>\n<li><a href=\"http:\/\/pubweb.carnet.hr\/hsd\/wp-content\/uploads\/sites\/598\/2022\/10\/Obrazlozenje-za-dodjelu-priznanja-Rudi-Supek-Sini\u0161i-Zrin\u0161\u010daku.pdf\">Obrazlo\u017eenje dodjele priznanja<\/a><\/li>\n<li>Predavanje laureata<\/li>\n<\/ul>\n<p>&nbsp;<\/p>\n<p><a href=\"http:\/\/pubweb.carnet.hr\/hsd\/wp-content\/uploads\/sites\/598\/2020\/01\/ingaobrazloz1.pdf\" target=\"_blank\" rel=\"noopener\"><img loading=\"lazy\" decoding=\"async\" class=\"size-thumbnail wp-image-1847 alignleft\" src=\"http:\/\/pubweb.carnet.hr\/hsd\/wp-content\/uploads\/sites\/598\/2020\/01\/Inga_slika-150x150.jpg\" alt=\"\" width=\"150\" height=\"150\" \/><\/a><strong>2019.<br \/>\nInga Tomi\u0107 Koludrovi\u0107<\/strong><\/p>\n<ul>\n<li><a href=\"http:\/\/pubweb.carnet.hr\/hsd\/wp-content\/uploads\/sites\/598\/2020\/01\/ingaobrazloz1.pdf\" target=\"_blank\" rel=\"noopener\">Obrazlo\u017eenje dodjele priznanja<\/a><\/li>\n<li><a href=\"https:\/\/youtu.be\/wgCkup_I8_I\">Predavanje<\/a> laureatkinje<\/li>\n<\/ul>\n<p>&nbsp;<\/p>\n<hr \/>\n<p><img loading=\"lazy\" decoding=\"async\" class=\"alignleft size-thumbnail wp-image-1846\" src=\"http:\/\/pubweb.carnet.hr\/hsd\/wp-content\/uploads\/sites\/598\/2020\/01\/goran-batina-150x150.jpg\" alt=\"\" width=\"150\" height=\"150\" \/><strong>2018.<br \/>\nGoran Batina<\/strong><\/p>\n<ul>\n<li><a href=\"http:\/\/pubweb.carnet.hr\/hsd\/wp-content\/uploads\/sites\/598\/2020\/01\/goranbatinaobrazloz.pdf\" target=\"_blank\" rel=\"noopener\">Obrazlo\u017eenje dodjele priznanja<\/a><\/li>\n<li>Predavanje laureata<\/li>\n<\/ul>\n<p>&nbsp;<\/p>\n<hr \/>\n<p><img loading=\"lazy\" decoding=\"async\" class=\"alignleft size-thumbnail wp-image-1844\" src=\"http:\/\/pubweb.carnet.hr\/hsd\/wp-content\/uploads\/sites\/598\/2020\/01\/CALDAROVIc-150x150.jpg\" alt=\"\" width=\"150\" height=\"150\" \/><strong>2017.<br \/>\nOgnjen \u010caldarovi\u0107<\/strong><\/p>\n<ul>\n<li><a href=\"http:\/\/pubweb.carnet.hr\/hsd\/wp-content\/uploads\/sites\/598\/2020\/01\/caldarovicobrazloz.pdf\" target=\"_blank\" rel=\"noopener\">Obrazlo\u017eenje dodjele priznanja<\/a><\/li>\n<li>Predavanje laureata<\/li>\n<\/ul>\n<p>&nbsp;<\/p>\n<hr \/>\n<p><img loading=\"lazy\" decoding=\"async\" class=\"alignleft size-thumbnail wp-image-1849\" src=\"http:\/\/pubweb.carnet.hr\/hsd\/wp-content\/uploads\/sites\/598\/2020\/01\/vint-velika-silva-me-150x150.jpg\" alt=\"\" width=\"150\" height=\"150\" \/><strong>2016.<br \/>\nSilva Me\u017enari\u0107<\/strong><\/p>\n<ul>\n<li><a href=\"http:\/\/pubweb.carnet.hr\/hsd\/wp-content\/uploads\/sites\/598\/2020\/02\/Silva-Me\u017enari\u0107-Nagrada-R.-Supek-_obrazlo\u017eenje.pdf\">Obrazlo\u017eenje dodjele priznanja<\/a><\/li>\n<li>Predavanje laureatkinje<\/li>\n<\/ul>\n<p>&nbsp;<\/p>\n<hr \/>\n<p><img loading=\"lazy\" decoding=\"async\" class=\"alignleft size-thumbnail wp-image-1848\" src=\"http:\/\/pubweb.carnet.hr\/hsd\/wp-content\/uploads\/sites\/598\/2020\/01\/Ivan-Cifric-150x150.jpeg\" alt=\"\" width=\"150\" height=\"150\" \/><strong>2013.<br \/>\nIvan Cifri\u0107<\/strong><\/p>\n<ul>\n<li><a href=\"http:\/\/pubweb.carnet.hr\/hsd\/wp-content\/uploads\/sites\/598\/2020\/02\/OBRAZLO\u017dENJE-DODJELE-PRIZNANJA-RUDI-SUPEK-PROF-CIFRI\u0106.pdf\">Obrazlo\u017eenje dodjele priznanja<\/a><\/li>\n<li>Predavanje laureata<\/li>\n<\/ul>\n<p>&nbsp;<\/p>\n<hr \/>\n<p><img loading=\"lazy\" decoding=\"async\" class=\"alignleft size-thumbnail wp-image-1845\" src=\"http:\/\/pubweb.carnet.hr\/hsd\/wp-content\/uploads\/sites\/598\/2020\/01\/dusko-sekulic-150x150.jpg\" alt=\"\" width=\"150\" height=\"150\" \/><strong>2011.<br \/>\nDu\u0161ko Sekuli\u0107<\/strong><\/p>\n<ul>\n<li><a href=\"http:\/\/pubweb.carnet.hr\/hsd\/wp-content\/uploads\/sites\/598\/2020\/01\/sekulicobrazloz.pdf\" target=\"_blank\" rel=\"noopener\">Obrazlo\u017eenje dodjele priznanja<\/a><\/li>\n<li>Predavanje laureata<\/li>\n<\/ul>\n<p>&nbsp;<\/p>\n<hr \/>\n<p><img loading=\"lazy\" decoding=\"async\" class=\"alignleft size-thumbnail wp-image-1850\" src=\"http:\/\/pubweb.carnet.hr\/hsd\/wp-content\/uploads\/sites\/598\/2020\/01\/vjeran_katunaric-150x150.jpg\" alt=\"\" width=\"150\" height=\"150\" \/><strong>2009.<br \/>\nVjeran Katunari\u0107<\/strong><\/p>\n<ul>\n<li><a href=\"http:\/\/pubweb.carnet.hr\/hsd\/wp-content\/uploads\/sites\/598\/2020\/01\/katunaricObraz.pdf\" target=\"_blank\" rel=\"noopener\">Obrazlo\u017eenje dodjele priznanja<\/a><\/li>\n<li>Predavanje laureata<\/li>\n<\/ul>\n<p>&nbsp;<\/p>\n<hr \/>\n<p><img loading=\"lazy\" decoding=\"async\" class=\"alignleft size-thumbnail wp-image-1903\" src=\"http:\/\/pubweb.carnet.hr\/hsd\/wp-content\/uploads\/sites\/598\/2020\/02\/vrcan1-150x150.png\" alt=\"\" width=\"150\" height=\"150\" \/><strong>2007.<br \/>\nSr\u0111an Vrcan<\/strong><\/p>\n<ul>\n<li><a href=\"http:\/\/pubweb.carnet.hr\/hsd\/wp-content\/uploads\/sites\/598\/2020\/02\/Vrcan_nagrada_obraz.pdf\" target=\"_blank\" rel=\"noopener\">Obrazlo\u017eenje dodjele priznanja<\/a><\/li>\n<li>Predavanje laureata<\/li>\n<\/ul>\n<p>&nbsp;<\/p>\n<hr \/>\n","protected":false},"excerpt":{"rendered":"<p>2022. Sini\u0161a Zrin\u0161\u010dak Obrazlo\u017eenje dodjele priznanja Predavanje laureata &nbsp; 2019. Inga Tomi\u0107 Koludrovi\u0107 Obrazlo\u017eenje dodjele priznanja Predavanje laureatkinje &nbsp; 2018. Goran Batina Obrazlo\u017eenje dodjele priznanja Predavanje laureata &nbsp; 2017. Ognjen \u010caldarovi\u0107 Obrazlo\u017eenje dodjele priznanja Predavanje laureata &nbsp; 2016. Silva Me\u017enari\u0107 Obrazlo\u017eenje dodjele priznanja Predavanje laureatkinje &nbsp; 2013. Ivan Cifri\u0107 Obrazlo\u017eenje dodjele priznanja Predavanje laureata &nbsp; &hellip; <a href=\"https:\/\/pubweb.carnet.hr\/hsd\/hr\/o-priznanju-rudi-supek\/laureati\/\" class=\"more-link\">Nastavi \u010ditati <span class=\"screen-reader-text\">Laureati\/kinje<\/span><\/a><\/p>\n","protected":false},"author":736,"featured_media":0,"parent":1839,"menu_order":0,"comment_status":"closed","ping_status":"closed","template":"","meta":{"footnotes":""},"class_list":["post-1852","page","type-page","status-publish","hentry"],"_links":{"self":[{"href":"https:\/\/pubweb.carnet.hr\/hsd\/wp-json\/wp\/v2\/pages\/1852","targetHints":{"allow":["GET"]}}],"collection":[{"href":"https:\/\/pubweb.carnet.hr\/hsd\/wp-json\/wp\/v2\/pages"}],"about":[{"href":"https:\/\/pubweb.carnet.hr\/hsd\/wp-json\/wp\/v2\/types\/page"}],"author":[{"embeddable":true,"href":"https:\/\/pubweb.carnet.hr\/hsd\/wp-json\/wp\/v2\/users\/736"}],"replies":[{"embeddable":true,"href":"https:\/\/pubweb.carnet.hr\/hsd\/wp-json\/wp\/v2\/comments?post=1852"}],"version-history":[{"count":2,"href":"https:\/\/pubweb.carnet.hr\/hsd\/wp-json\/wp\/v2\/pages\/1852\/revisions"}],"predecessor-version":[{"id":2787,"href":"https:\/\/pubweb.carnet.hr\/hsd\/wp-json\/wp\/v2\/pages\/1852\/revisions\/2787"}],"up":[{"embeddable":true,"href":"https:\/\/pubweb.carnet.hr\/hsd\/wp-json\/wp\/v2\/pages\/1839"}],"wp:attachment":[{"href":"https:\/\/pubweb.carnet.hr\/hsd\/wp-json\/wp\/v2\/media?parent=1852"}],"curies":[{"name":"wp","href":"https:\/\/api.w.org\/{rel}","templated":true}]}}