{"id":164,"date":"2017-02-08T13:57:41","date_gmt":"2017-02-08T12:57:41","guid":{"rendered":"https:\/\/pubweb.carnet.hr\/hsd\/?page_id=164"},"modified":"2017-02-08T13:57:41","modified_gmt":"2017-02-08T12:57:41","slug":"sociologija-u-srednjim-skolama","status":"publish","type":"page","link":"https:\/\/pubweb.carnet.hr\/hsd\/hr\/sociologija-u-srednjim-skolama\/","title":{"rendered":"Sociologija u srednjim \u0161kolama"},"content":{"rendered":"<p>Hrvatsko sociolo\u0161ko dru\u0161tvo (HSD) ponosno je na vi\u0161egodi\u0161nje aktivnosti na pobolj\u0161anju situacije u gimnazijskoj nastavi sociologije.<\/p>\n<p>Protekle \u010detiri godine uspostavljena je vrlo uspje\u0161na suradnja s dvije va\u017ene institucije u sastavu <a href=\"http:\/\/public.mzos.hr\/Default.aspx\" target=\"_blank\">Ministarstva znanosti i obrazovanja<\/a> \u2013 Nacionalnim centrom za vanjsko vrednovanje znanja (NCVVO) i Agencijom za odgoj i obrazovanje (AZOO).<\/p>\n<p>Suradnja s <a href=\"https:\/\/www.ncvvo.hr\/\" target=\"_blank\">NCVVO-om<\/a> odnosi se na sudjelovanje predstavnika HSD-a u pripremi i provedbi ispita Dr\u017eavne mature iz sociologije te na suradnju u izradi Ispitnog kataloga prema kojem se pripremaju navedeni ispiti.<\/p>\n<p>Suradnja s <a href=\"http:\/\/www.azoo.hr\/\" target=\"_blank\">AZOO-om<\/a> odnosi se na sudjelovanje predstavnika HSD-a u planiranju stru\u010dnih usavr\u0161avanja nastavnika sociologije te na uklju\u010divanje Nacionalnih kongresa i Godi\u0161njih konferencija HSD-a u program stru\u010dnog usavr\u0161avanja nastavnika.<\/p>\n<p>HSD poku\u0161ava pobolj\u0161ati vidljivost nastavnika sociologije u srednjim \u0161kolama, sura\u0111ivati na svim podru\u010djima s nadle\u017enim institucijama u razvoju i o\u010duvanju struke te omogu\u0107iti nastavnicima uvid u najnovija znanstvena i stru\u010dna postignu\u0107a sociologije na hrvatskoj, europskoj i internacionalnoj razini.<\/p>\n<p>Zahvaljujemo na dosada\u0161njoj suradnji svim institucijama, kao i pojedincima koji nam poma\u017eu u na\u0161oj zada\u0107i promicanja sociolo\u0161ke struke.<\/p>\n","protected":false},"excerpt":{"rendered":"<p>Hrvatsko sociolo\u0161ko dru\u0161tvo (HSD) ponosno je na vi\u0161egodi\u0161nje aktivnosti na pobolj\u0161anju situacije u gimnazijskoj nastavi sociologije. Protekle \u010detiri godine uspostavljena je vrlo uspje\u0161na suradnja s dvije va\u017ene institucije u sastavu Ministarstva znanosti i obrazovanja \u2013 Nacionalnim centrom za vanjsko vrednovanje znanja (NCVVO) i Agencijom za odgoj i obrazovanje (AZOO). Suradnja s NCVVO-om odnosi se na &hellip; <a href=\"https:\/\/pubweb.carnet.hr\/hsd\/hr\/sociologija-u-srednjim-skolama\/\" class=\"more-link\">Nastavi \u010ditati <span class=\"screen-reader-text\">Sociologija u srednjim \u0161kolama<\/span><\/a><\/p>\n","protected":false},"author":736,"featured_media":0,"parent":0,"menu_order":0,"comment_status":"closed","ping_status":"closed","template":"","meta":{"footnotes":""},"class_list":["post-164","page","type-page","status-publish","hentry"],"_links":{"self":[{"href":"https:\/\/pubweb.carnet.hr\/hsd\/wp-json\/wp\/v2\/pages\/164","targetHints":{"allow":["GET"]}}],"collection":[{"href":"https:\/\/pubweb.carnet.hr\/hsd\/wp-json\/wp\/v2\/pages"}],"about":[{"href":"https:\/\/pubweb.carnet.hr\/hsd\/wp-json\/wp\/v2\/types\/page"}],"author":[{"embeddable":true,"href":"https:\/\/pubweb.carnet.hr\/hsd\/wp-json\/wp\/v2\/users\/736"}],"replies":[{"embeddable":true,"href":"https:\/\/pubweb.carnet.hr\/hsd\/wp-json\/wp\/v2\/comments?post=164"}],"version-history":[{"count":1,"href":"https:\/\/pubweb.carnet.hr\/hsd\/wp-json\/wp\/v2\/pages\/164\/revisions"}],"predecessor-version":[{"id":165,"href":"https:\/\/pubweb.carnet.hr\/hsd\/wp-json\/wp\/v2\/pages\/164\/revisions\/165"}],"wp:attachment":[{"href":"https:\/\/pubweb.carnet.hr\/hsd\/wp-json\/wp\/v2\/media?parent=164"}],"curies":[{"name":"wp","href":"https:\/\/api.w.org\/{rel}","templated":true}]}}