{"id":1223,"date":"2017-03-29T08:46:43","date_gmt":"2017-03-29T06:46:43","guid":{"rendered":"https:\/\/pubweb.carnet.hr\/hsd\/?page_id=1223"},"modified":"2022-03-14T20:58:46","modified_gmt":"2022-03-14T19:58:46","slug":"mjesto-i-vrijeme","status":"publish","type":"page","link":"https:\/\/pubweb.carnet.hr\/hsd\/hr\/dogadanja\/kongres-2017-godine\/mjesto-i-vrijeme\/","title":{"rendered":"Ostale pojedinosti"},"content":{"rendered":"<p><strong>Mjesto odr\u017eavanja<\/strong>: Zagreb, Stara gradska vije\u0107nica Grada Zagreba, Ulica sv. \u0106irila i Metoda 5<\/p>\n<p><a href=\"https:\/\/drive.google.com\/open?id=1Sh8-p-j79VZv6n8F4UmehKsbPLo&amp;usp=sharing\" target=\"_blank\" rel=\"noopener\"><img loading=\"lazy\" decoding=\"async\" class=\"aligncenter size-medium wp-image-1229\" src=\"http:\/\/pubweb.carnet.hr\/hsd\/wp-content\/uploads\/sites\/598\/2017\/03\/mjesto_odrzavanja_kongresa_2017-300x269.jpg\" alt=\"\" width=\"300\" height=\"269\" srcset=\"https:\/\/pubweb.carnet.hr\/hsd\/wp-content\/uploads\/sites\/598\/2017\/03\/mjesto_odrzavanja_kongresa_2017-300x269.jpg 300w, https:\/\/pubweb.carnet.hr\/hsd\/wp-content\/uploads\/sites\/598\/2017\/03\/mjesto_odrzavanja_kongresa_2017-768x690.jpg 768w, https:\/\/pubweb.carnet.hr\/hsd\/wp-content\/uploads\/sites\/598\/2017\/03\/mjesto_odrzavanja_kongresa_2017.jpg 803w\" sizes=\"auto, (max-width: 300px) 100vw, 300px\" \/><\/a><\/p>\n<p><strong>Vrijeme odr\u017eavanja<\/strong>: 7. &#8211; 8. travnja 2017.<\/p>\n<p>Uplata kotizacija\u00a0<strong>za izlaga\u010de<\/strong>\u00a0vr\u0161i se na broj ra\u010duna HSD-a:\u00a0<strong>IBAN: HR1623900011100315979<\/strong>, Hrvatska po\u0161tanska banka d.d. (BIC code banke: HPBZHR2x). Na posebnu uplatnicu unesite odgovaraju\u0107i iznos, a u rubriku \u201cpoziv na broj\u201d unesite svoji OIB. Ukoliko uplatu vr\u0161ite putem internetskog ili mobilnog bankarstva tada Vas molimo da nam uvjerenje o odgovaraju\u0107oj transakciji proslijedite na adresu elektroni\u010dke po\u0161te\u00a0<a href=\"mailto:info@hsd.hr\">info@hsd.hr<\/a>, ili nam kopiju uplatnice po\u0161aljite po\u0161tom na adresu:<\/p>\n<p><strong><em>Hrvatsko sociolo\u0161ko dru\u0161tvo<br \/>\nInstitut za dru\u0161tvena istra\u017eivanja u Zagrebu<br \/>\nAmru\u0161eva 11\/II<br \/>\n10000 Zagreb<\/em><\/strong><\/p>\n<p>ZA SVE ZAINTERESIRANE SUDIONIKE KOJI NEMAJU IZLAGANJE NA KONGRESU KOTIZACIJA SE NE NAPLA\u0106UJE.<\/p>\n","protected":false},"excerpt":{"rendered":"<p>Mjesto odr\u017eavanja: Zagreb, Stara gradska vije\u0107nica Grada Zagreba, Ulica sv. \u0106irila i Metoda 5 Vrijeme odr\u017eavanja: 7. &#8211; 8. travnja 2017. Uplata kotizacija\u00a0za izlaga\u010de\u00a0vr\u0161i se na broj ra\u010duna HSD-a:\u00a0IBAN: HR1623900011100315979, Hrvatska po\u0161tanska banka d.d. (BIC code banke: HPBZHR2x). Na posebnu uplatnicu unesite odgovaraju\u0107i iznos, a u rubriku \u201cpoziv na broj\u201d unesite svoji OIB. Ukoliko uplatu &hellip; <a href=\"https:\/\/pubweb.carnet.hr\/hsd\/hr\/dogadanja\/kongres-2017-godine\/mjesto-i-vrijeme\/\" class=\"more-link\">Nastavi \u010ditati <span class=\"screen-reader-text\">Ostale pojedinosti<\/span><\/a><\/p>\n","protected":false},"author":736,"featured_media":0,"parent":443,"menu_order":0,"comment_status":"closed","ping_status":"closed","template":"","meta":{"footnotes":""},"class_list":["post-1223","page","type-page","status-publish","hentry"],"_links":{"self":[{"href":"https:\/\/pubweb.carnet.hr\/hsd\/wp-json\/wp\/v2\/pages\/1223","targetHints":{"allow":["GET"]}}],"collection":[{"href":"https:\/\/pubweb.carnet.hr\/hsd\/wp-json\/wp\/v2\/pages"}],"about":[{"href":"https:\/\/pubweb.carnet.hr\/hsd\/wp-json\/wp\/v2\/types\/page"}],"author":[{"embeddable":true,"href":"https:\/\/pubweb.carnet.hr\/hsd\/wp-json\/wp\/v2\/users\/736"}],"replies":[{"embeddable":true,"href":"https:\/\/pubweb.carnet.hr\/hsd\/wp-json\/wp\/v2\/comments?post=1223"}],"version-history":[{"count":2,"href":"https:\/\/pubweb.carnet.hr\/hsd\/wp-json\/wp\/v2\/pages\/1223\/revisions"}],"predecessor-version":[{"id":2641,"href":"https:\/\/pubweb.carnet.hr\/hsd\/wp-json\/wp\/v2\/pages\/1223\/revisions\/2641"}],"up":[{"embeddable":true,"href":"https:\/\/pubweb.carnet.hr\/hsd\/wp-json\/wp\/v2\/pages\/443"}],"wp:attachment":[{"href":"https:\/\/pubweb.carnet.hr\/hsd\/wp-json\/wp\/v2\/media?parent=1223"}],"curies":[{"name":"wp","href":"https:\/\/api.w.org\/{rel}","templated":true}]}}