{"id":14,"date":"2014-12-23T12:50:53","date_gmt":"2014-12-23T11:50:53","guid":{"rendered":"http:\/\/pubweb.carnet.hr\/genetika\/?page_id=14"},"modified":"2019-03-08T22:40:03","modified_gmt":"2019-03-08T21:40:03","slug":"statut","status":"publish","type":"page","link":"https:\/\/pubweb.carnet.hr\/genetika\/o-nama\/statut\/","title":{"rendered":"Statut"},"content":{"rendered":"<p>Na temelju \u010dlanka 13. Zakona o udrugama (\u201eNarodne novine\u201c broj 74\/14), skup\u0161tina Hrvatskog geneti\u010dkog dru\u0161tva, na sjednici odr\u017eanoj 15. srpnja 2015. u Zagrebu, donijela je<\/p>\n<p style=\"text-align: center\"><strong>S T A T U T<\/strong><\/p>\n<p style=\"text-align: center\">HRVATSKOG GENETI\u010cKOG DRU\u0160TVA<\/p>\n<p style=\"text-align: center\">I OSNOVNE ODREDBE<\/p>\n<p>\u010clanak 1.<\/p>\n<p>Ovim statutom reguliraju se:<\/p>\n<ul>\n<li>naziv i sjedi\u0161te Hrvatskog geneti\u010dkog dru\u0161tva (dalje u tekstu: Dru\u0161tvo),<\/li>\n<li>osobe odgovorne za zastupanje Dru\u0161tva,<\/li>\n<li>izgled pe\u010data Dru\u0161tva,<\/li>\n<li>ciljevi, podru\u010dje djelovanja i djelatnosti kojima se ostvaruju ciljevi Dru\u0161tva,<\/li>\n<li>na\u010din osiguravanja javnosti djelovanja Dru\u0161tva,<\/li>\n<li>uvjeti i na\u010din u\u010dlanjivanja te prestanak \u010dlanstva u Dru\u0161tvu,<\/li>\n<li>prava, obveze i odgovornosti \u010dlanova Dru\u0161tva,<\/li>\n<li>stegovna odgovornost \u010dlanova Dru\u0161tva,<\/li>\n<li>na\u010din vo\u0111enja popisa \u010dlanova,<\/li>\n<li>tijela Dru\u0161tva, njihov sastav te trajanje mandata \u010dlanova<\/li>\n<li>izbor i opoziv likvidatora Dru\u0161tva te prestanak postojanja Dru\u0161tva,<\/li>\n<li>na\u010din stjecanja i raspolaganju imovinom,<\/li>\n<li>postupak s imovinom u slu\u010daju prestanka postojanja Dru\u0161tva,<\/li>\n<li>druga pitanja od zna\u010daja za Dru\u0161tvo.<\/li>\n<\/ul>\n<p>\u010clanak 2.<\/p>\n<p>Naziv Dru\u0161tva je: Hrvatsko geneti\u010dko dru\u0161tvo.<\/p>\n<p>Naziv Dru\u0161tva na engleskom jeziku: Croatian Genetic Society.<\/p>\n<p>Skra\u0107eni naziv Dru\u0161tva je: HGD<\/p>\n<p>Sjedi\u0161te Dru\u0161tva je u Zagrebu. Odluku o promjeni adrese sjedi\u0161ta donosi Upravni odbor.<\/p>\n<p>\u010clanak 3.<\/p>\n<p>Hrvatsko geneti\u010dko dru\u0161tvo je neprofitna pravna osoba, registrirana pri Gradskom uredu za op\u0107u upravu Grada Zagreba.<\/p>\n<p>\u010clanak 4.<\/p>\n<p>Dru\u0161tvo ima pe\u010dat.<\/p>\n<p>Pe\u010dat Dru\u0161tva je okruglog oblika promjera 3 cm s upisanim tekstom uz rub koji glasi: Hrvatsko geneti\u010dko dru\u0161tvo. U sredini pe\u010data je tekst koji glasi: Zagreb, Kr\u0161njavoga 25<\/p>\n<p>\u010clanak 5.<\/p>\n<p>Dru\u0161tvo zastupaju predsjednik, dopredsjednik i tajnik.<\/p>\n<p>Skup\u0161tina mo\u017ee ovlastiti i druge osobe za zastupanje Dru\u0161tva.<\/p>\n<p>II<\/p>\n<p><strong><em>C I LJ E V I , \u00a0\u00a0P O D R U \u010c J E \u00a0\u00a0D J E L O V ANJA\u00a0\u00a0 I<\/em><\/strong><\/p>\n<p><strong><em>D J E L A T N O S T I\u00a0\u00a0 D R U \u0160 T V A<\/em><\/strong><\/p>\n<p><strong>\u00a0<\/strong>\u010clanak 6.<\/p>\n<p>Dru\u0161tvo je osnovano u cilju promicanja, unaprje\u0111enja i popularizacije znanstvenog i stru\u010dnog rada na podru\u010dju genetike i geneti\u010dkih istra\u017eivanja u Republici Hrvatskoj, uklju\u010duju\u0107i molekularnu genetiku, molekularnu biologiju, genomiku, proteomiku i druga srodna podru\u010dja.<\/p>\n<p>Dru\u0161tvo sukladno ciljevima Dru\u0161tva djeluje na podru\u010dju obrazovanja, znanosti i istra\u017eivanja.<\/p>\n<p>\u010clanak 7.<\/p>\n<p>Djelatnosti Dru\u0161tva su:<\/p>\n<ul>\n<li>planiranje rada Dru\u0161tva,<\/li>\n<li>okupljanje geneti\u010dara te stru\u010dnjaka i znanstvenika iz srodnih podru\u010dja,<\/li>\n<li>organiziranje znanstvenih skupova, konferencija i stru\u010dnih izleta sukladno posebnom propisu,<\/li>\n<li>organiziranje i odr\u017eavanje tematskih predavanja, javnih sastanaka, seminara i te\u010dajeva,<\/li>\n<li>izdavanje knjiga i \u010dasopisa,<\/li>\n<li>sudjelovanje u unapre\u0111ivanju nastave iz genetike na svim stupnjevima obrazovanja,<\/li>\n<li>pru\u017eanje stru\u010dne pomo\u0107i u izradi pravilnika, studija i analiza koje se temelje na znanjima iz struke,<\/li>\n<li>ja\u010danje suradnje sa srodnim organizacijama u Republici Hrvatskoj i inozemstvu,<\/li>\n<li>razvijanje programa me\u0111unarodne suradnje te uklju\u010divanje u rad me\u0111unarodnih institucija.<\/li>\n<\/ul>\n<p>&nbsp;<\/p>\n<p>Gospodarske djelatnosti koje Dru\u0161tvo obavlja su;<\/p>\n<ul>\n<li>izdava\u010dka djelatnost<\/li>\n<li>organiziranje edukacije, predavanja, seminara, konferencija i stru\u010dnih skupova.<\/li>\n<\/ul>\n<p><strong>\u00a0<\/strong>\u010clanak 8.<\/p>\n<p>Djelovanje Dru\u0161tva je javno. Javnost djelovanja Dru\u0161tva ostvaruje se na na\u010dine utvr\u0111ene Statutom, poimence:<\/p>\n<ul>\n<li>objavljivanjem godi\u0161njih izvje\u0161taja o radu i financijskom poslovanju Dru\u0161tva,<\/li>\n<li>pravodobnim i redovitim izvje\u0161\u0107ivanjem \u010dlanstva o radu Dru\u0161tva i zna\u010dajnim doga\u0111ajima<\/li>\n<li>objavom informacija na internetskim stranicama Dru\u0161tva.<\/li>\n<\/ul>\n<p>III<\/p>\n<p><strong><em>\u010c L A N S T V O\u00a0\u00a0 U\u00a0\u00a0 D R U \u0160 T V U<\/em><\/strong><\/p>\n<p>\u010clanak 9.<\/p>\n<p>\u010clanstvo u Dru\u0161tvu mo\u017ee biti redovno i po\u010dasno.<\/p>\n<p>Redovn \u010dlan Dru\u0161tva mo\u017ee postati svaki dr\u017eavljanin Republike Hrvatske koji u svojoj znanstvenoj i stru\u010dnoj praksi sudjeluje ili je sudjelovao u geneti\u010dkim i srodnim istra\u017eivanjima, a zaposlen je na fakultetu ili znanstvenom institutu te prihva\u0107a Statut i druge akte Dru\u0161tva.<\/p>\n<p>Upravni odbor Dru\u0161tva mo\u017ee osporiti pravo u\u010dlanjenja, a osoba kojoj je osporeno \u010dlanstvo ima pravo \u017ealbe Skup\u0161tini Dru\u0161tva u roku od 15 dana \u010dija je odluka kona\u010dna.<\/p>\n<p>Redovni \u010dlanovi Dru\u0161tva mogu biti i umirovljeni nastavnici i znanstvenici.<\/p>\n<p>Po\u010dasne \u010dlanove bira Skup\u0161tina Dru\u0161tva na prijedlog Upravnog odbora Dru\u0161tva. Po\u010dasnim \u010dlanom mogu postati dr\u017eavljani Republike Hrvatske koji su svojim djelovanjem posebno pridonijeli razvoju Dru\u0161tva.<\/p>\n<p>Svi \u010dlanovi, osim po\u010dasnih \u010dlanova i redovitih \u010dlanova u mirovini, pla\u0107aju \u010dlanarinu<\/p>\n<p>\u010clanak 10.<\/p>\n<p>\u010clanom Dru\u0161tva postaje se upisom u popis \u010dlanova, koji vodi tajnik Dru\u0161tva, na osnovu ispunjene i potpisane pristupnice, prijedloga Upravnog odbora i prihva\u0107anja Skup\u0161tine, \u010dime se preuzimaju sva prava, obveze i odgovornosti Dru\u0161tva.<\/p>\n<p>Popis \u010dlanova vodi se elektroni\u010dki, a sadr\u017ei:<\/p>\n<ul>\n<li>ime i prezime \u010dlana<\/li>\n<li>OIB,<\/li>\n<li>datum ro\u0111enja,<\/li>\n<li>datum pristupanja Dru\u0161tvu,<\/li>\n<li>kategoriju \u010dlanstva i funkciju,<\/li>\n<li>adresu elektronske po\u0161te,<\/li>\n<li>ustanovu i adresu zaposlenja,<\/li>\n<li>broj telefona<\/li>\n<li>datum prestanka \u010dlanstva u Dru\u0161tvu.<\/li>\n<\/ul>\n<p>Popis \u010dlanova uvijek je dostupan na uvid svim \u010dlanovima i nadle\u017enim tijelima na njihov zahtjev.<\/p>\n<p>\u010clanak 11.<\/p>\n<p>Visinu godi\u0161nje \u010dlanarine odre\u0111uje Skup\u0161tina Dru\u0161tva na prijedlog Upravnog odbora.<\/p>\n<p>\u010clanak 12.<\/p>\n<p>Prava, obveze i odgovornosti \u010dlanova su:<\/p>\n<ul>\n<li>redovito pla\u0107anje \u010dlanarine (osim po\u010dasnih \u010dlanova i redovnih \u010dlanova u mirovini)<\/li>\n<li>sudjelovanje u upravljanju i aktivnostima Dru\u0161tva,<\/li>\n<li>prisustvovanje na sjednicama Dru\u0161tva,<\/li>\n<li>da biraju i budu birani u tijela Dru\u0161tva<\/li>\n<li>sudjelovanje u aktivnostima Dru\u0161tva,<\/li>\n<li>da uredno izvr\u0161avaju obveze prema odredbama Statuta Dru\u0161tva i u skladu s odlukama Skup\u0161tine Dru\u0161tva,<\/li>\n<li>da odr\u017eavaju i sudjeluju na predavanjima u organizaciji Dru\u0161tva,<\/li>\n<li>daju prijedloge i primjedbe na rad tijela Dru\u0161tva<\/li>\n<li>\u010duvaju i brane ugled Dru\u0161tva.<\/li>\n<\/ul>\n<p>\u010clanak 13.<\/p>\n<p>\u010clanstvo u Dru\u0161tvu prestaje: smr\u0107u, brisanjem iz registra \u010dlanova, isklju\u010denjem ili svojevoljnim istupom.<\/p>\n<p>\u010clan se bri\u0161e iz popisa \u010dlanova bez posebne odluke ukoliko do kraja godine ne plati \u010dlanarinu za teku\u0107u godinu.<\/p>\n<p>\u010clanovi Dru\u0161tva stegovno odgovaraju za povrede svojih \u010dlanskih du\u017enosti utvr\u0111enih Statutom ili drugim aktima. Stegovni postupak provodi Upravni odbor.<\/p>\n<p>U stegovnom postupku mogu se izre\u0107i slijede\u0107e stegovne mjere:<\/p>\n<ul>\n<li>opomena<\/li>\n<li>isklju\u010denje iz Dru\u0161tva.<\/li>\n<\/ul>\n<p>Isklju\u010denje se izri\u010de zbog te\u017ee povrede Statuta ili rada \u0161tetnog za interese Dru\u0161tva. Odluku o isklju\u010divanju donosi Upravni odbor na prijedlog \u010dlanova Dru\u0161tva.<\/p>\n<p>\u010clanovi kojima je oduzeto \u010dlanstvo imaju pravo \u017ealbe Skup\u0161tini Dru\u0161tva, u roku od 15 dana, \u010dija je odluka kona\u010dna.<\/p>\n<p>Ukoliko \u010dlan \u017eeli istupiti iz Dru\u0161tva, potrebno je predati pisanu molbu Upravnom odboru.<\/p>\n<p>\u010clanak 14.<\/p>\n<p>Me\u0111unarodnu suradnju Dru\u0161tvo ostvaruje u skladu s \u010clankom 20. Zakona o Udrugama. (NN 74\/14)<\/p>\n<p>Dru\u0161tvo je \u010dlan:<\/p>\n<ol>\n<li>Me\u0111unarodne geneti\u010dke federacije (IGF)<\/li>\n<li>Europskog dru\u0161tva za mutagenezu okoli\u0161a i genomiku (EEMGS)<\/li>\n<\/ol>\n<p>IV<\/p>\n<p><strong><em>R J E \u0160 A V A N J E\u00a0 \u00a0S P O R O V A\u00a0 \u00a0I\u00a0 \u00a0S U K O B A\u00a0 \u00a0I N T E R E S A<\/em><\/strong><\/p>\n<p>\u010clanak 15.<\/p>\n<p>Spor\/sukob interesa u Dru\u0161tvu postoji ukoliko se radi o pravima i interesima \u010dlanova Dru\u0161tva kojima \u010dlanovi mogu slobodno raspolagati, a koji utje\u010de\u00a0 na rad Dru\u0161tva u cjelini odnosno ako se ona odnose na pitanja od zajedni\u010dkog interesa na sve \u010dlanove.<\/p>\n<p>Za rje\u0161avanje sporova\/sukoba interesa, Skup\u0161tina imenuje arbitra\u017eno vije\u0107e izme\u0111u \u010dlanova Dru\u0161tva. Sastav, mandat, na\u010din odlu\u010divanja vije\u0107a ure\u0111uju se pravilnikom koji donosi Skup\u0161tina. Arbitra\u017eno vije\u0107e u svom radu na odgovaraju\u0107i na\u010din primjenjuje odredbe Zakona o mirenju.<\/p>\n<p>Odluka arbitra\u017enog vije\u0107a je kona\u010dna.<\/p>\n<p>Ako se spor\/sukob interesa odnosi na odluke tijela upravljanja Dru\u0161tvom temeljem kojih se podnosi zahtjev za upis promjena u Registar Udruga o \u010demu odlu\u010duje nadle\u017eni ured, nezadovoljni \u010dlan najprije se obra\u0107a Dru\u0161tvu da rije\u0161i spor\/sukob interesa. Po kona\u010dnosti odluke arbitra\u017enog vije\u0107a, Dru\u0161tvo podnosi nadle\u017enom uredu zahtjev za upis promjena u Registar Udruga zajedno s odlukom arbitra\u017enog vije\u0107a.<\/p>\n<p><strong>\u00a0<\/strong><strong><em>V<\/em><\/strong><\/p>\n<p><strong><em>T I J E L A\u00a0 \u00a0D R U \u0160 T V A <\/em><\/strong><\/p>\n<p>\u010clanak 16.<\/p>\n<p>Tijela Dru\u0161tva su:<\/p>\n<ul>\n<li>Skup\u0161tina<\/li>\n<li>Upravni odbor<\/li>\n<\/ul>\n<p><em>SKUP\u0160TINA<\/em><\/p>\n<p><em>\u00a0<\/em>\u010clanak 17.<\/p>\n<p>Skup\u0161tina je najvi\u0161e tijelo upravljanja Dru\u0161tvom.<\/p>\n<p>Skup\u0161tinu sa\u010dinjavaju svi \u010dlanovi Dru\u0161tva.<\/p>\n<p>\u010clanak 18.<\/p>\n<p>Sjednice Skup\u0161tine saziva predsjednik na vlastitu inicijativu.<\/p>\n<p>Sjednica Skup\u0161tine Dru\u0161tva mo\u017ee biti redovita, izborna i izvanredna.<\/p>\n<p>Skup\u0161tina redovito zasjeda jednom godi\u0161nje, dok se izborna sjednica Skup\u0161tine odr\u017eava svake dvije godine. Izvanredna Skup\u0161tina saziva se po potrebi i to na prijedlog Upravnog odbora ili najmanje 1\/3 \u010dlanova.<\/p>\n<p>Predsjednik je du\u017ean sazvati sjednicu Skup\u0161tine kada to zatra\u017ei Upravni odbora ili najmanje 1\/3 \u010dlanova Skup\u0161tine. U svom zahtjevu za sazivanje Skup\u0161tine predlagatelji su obvezni predlo\u017eiti dnevni red sjednice Skup\u0161tine.<\/p>\n<p>Predsjednik saziva Skup\u0161tinu prema predlo\u017eenom dnevnom redu predlagatelja, a ako je ne sazove u roku od 15 dana od dana dostave zahtjeva predlagatelja, Skup\u0161tinu mogu sazvati predlagatelji (odluka treba sadr\u017eavati prijedlog dnevnog reda, te mjesto i dan odr\u017eavanja Skup\u0161tine).<\/p>\n<p>\u010clanak 19.<\/p>\n<p>Skup\u0161tina odlu\u010duje pravovaljano ako je prisutno vi\u0161e od 1\/3 ukupnog broja \u010dlanova, a odluke se donose nadpolovi\u010dnim brojem glasova prisutnih \u010dlanova. Ako Skup\u0161tini ne prisustvuje dovoljan broj \u010dlanova prema prvom stavku ovog \u010dlanka, Skup\u0161tina se odga\u0111a za 30 minuta kada prisutni \u010dlanovi, a najmanje 15, mogu pravovaljano odlu\u010divati. Tada Skup\u0161tina donosi odluke dvotre\u0107inskom ve\u0107inom prisutnih \u010dlanova.<\/p>\n<p>\u010clanak 20.<\/p>\n<p>Tijekom izborne Skup\u0161tine, \u010dlanovi predla\u017eu i tajnim glasovanjem biraju predsjednika. Ako u slu\u010daju ve\u0107eg broja kandidata u prvom krugu niti jedan kandidat ne dobije potporu natpolovi\u010dne ve\u0107ine prisutnih, u drugi izborni krug ulaze dva kandidata s najve\u0107im brojem glasova.<\/p>\n<p>Novoizabrani predsjednik preuzima vo\u0111enje sjednice i predla\u017ee Skup\u0161tini \u010dlanove Upravnog odbora. \u010clanove Upravnog odbora Skup\u0161tina bira tajnim glasovanjem.<\/p>\n<p>\u010clanak 21.<\/p>\n<p>Skup\u0161tini predsjedava predsjednik Dru\u0161tva, a u njegovoj odsutnosti dopredsjednik. U slu\u010daju odsutnosti predsjednika i dopredsjednika Dru\u0161tva, Skup\u0161tina \u0107e na po\u010detku sjednice javnim glasovanjem odrediti osobu koja \u0107e predsjedavati sjednicom.<\/p>\n<p>O radu sjednice vodi se zapisnik, kojeg potpisuju tajnik i dva ovjerovitelja zapisnika i koji se trajno \u010duva u arhivi Dru\u0161tva<\/p>\n<p>\u010clanak 22.<\/p>\n<p>U slu\u010daju isteka mandata tijelima Dru\u0161tva Skup\u0161tinu Dru\u0161tva saziva zadnja osoba za zastupanje upisana u Registar udruga ili 1\/3 \u010dlanova Dru\u0161tva, koji su upisani u popis \u010dlanova prije isteka mandata tijelima Dru\u0161tva.<\/p>\n<p>\u010clanak 23.<\/p>\n<p>Skup\u0161tina Dru\u0161tva:<\/p>\n<ul>\n<li>usvaja i mijenja Statut prema prijedlogu Upravnog odbora,<\/li>\n<li>usvaja plan rada i financijski plan za sljede\u0107u kalendarsku godinu i izvje\u0161\u0107e o radu za prethodnu kalendarsku godinu,<\/li>\n<li>odre\u0111uje visinu \u010dlanarine,<\/li>\n<li>bira, razrje\u0161ava i opoziva \u010dlanove Upravnog odbora, ocjenjuje njihov rad i rad ostalih \u010dlanova Dru\u0161tva,<\/li>\n<li>bira i razrje\u0161ava predsjednika, dopredsjednika i tajnika,<\/li>\n<li>imenuje i opoziva likvidatora Dru\u0161tva,<\/li>\n<li>razmatra izvje\u0161\u0107a predstavnika Dru\u0161tva u drugim organizacijama u zemlji i inozemstvu,<\/li>\n<li>donosi odluke o organiziranju znanstvenih skupova i bira predsjednika organizacijskog odbora,<\/li>\n<li>odlu\u010duje o udru\u017eivanju u saveze, zajednice, mre\u017ee i druge oblike povezivanja Dru\u0161tva,<\/li>\n<li>donosi odluke o osnivanju, ukidanju i spajanju sekcija Dru\u0161tva,<\/li>\n<li>donosi odluke o dodjeli nagrada i priznanja zaslu\u017enim znanstvenicima i \u010dlanovima Dru\u0161tva,<\/li>\n<li>odlu\u010duje o \u017ealbama \u010dlanova,<\/li>\n<li>odlu\u010duje o svim va\u017enijim pitanjima koja se odnose na rad i razvoj Dru\u0161tva,<\/li>\n<li>odlu\u010duje i o drugim pitanjima za koja statutom nije utvr\u0111ena nadle\u017enost drugih tijela Dru\u0161tva.<\/li>\n<\/ul>\n<p><em>UPRAVNI ODBOR<\/em><\/p>\n<p>\u010clanak 24.<\/p>\n<p>Izvr\u0161ne funkcije i druge poslove utvr\u0111ene ovim Statutom obavlja Upravni odbor Dru\u0161tva.<\/p>\n<p>\u010clanak 25.<\/p>\n<p>Upravni odbor \u010dini jedanaest (11) \u010dlanova uklju\u010duju\u0107i predsjednika, dopredsjednika, tajnika i rizni\u010dara.<\/p>\n<p>Upravni odbor je izvr\u0161no i operativno kolegijalno tijelo.<\/p>\n<p>Predsjednik Dru\u0161tva saziva sjednice Upravnog odbora i rukovodi radom Upravnog odbora.<\/p>\n<p>\u010clanak 26.<\/p>\n<p>Upravni odbor:<\/p>\n<ul>\n<li>utvr\u0111uje prijedlog programa djelatnosti i planove rada,<\/li>\n<li>predla\u017ee program rada Skup\u0161tini na razmatranje i prihva\u0107anje,<\/li>\n<li>brine o izvr\u0161enju usvojenog programa rada i provedbi odluka Skup\u0161tine Dru\u0161tva,<\/li>\n<li>priprema i podnosi Skup\u0161tini izvje\u0161taje o radu i financijskom poslovanju Dru\u0161tva,<\/li>\n<li>predla\u017ee Skup\u0161tini financijski plan i zavr\u0161ni ra\u010dun,<\/li>\n<li>imenuje povjerenstva, radna tijela i sekcije prema potrebi, te im odre\u0111uje zadatke i koordinira rad me\u0111u pojedinim sekcijama Dru\u0161tva,<\/li>\n<li>imenuje administrativnog tajnika Dru\u0161tva i osobu zadu\u017eenu za odr\u017eavanje web stranice,<\/li>\n<li>koordinira rad sa srodnim organizacijama u zemlji i inozemstvu,<\/li>\n<li>predla\u017ee predstavnike Dru\u0161tva u organizacije, komisije, konferencije i kongrese u zemlji i inozemstvu,<\/li>\n<li>donosi odluke o organiziranju stru\u010dnih skupova, seminara i savjetovanja,<\/li>\n<li>donosi odluke o isklju\u010denju \u010dlanova,<\/li>\n<li>obavlja druge poslove predvi\u0111ene Statutom i drugim op\u0107im aktima Dru\u0161tva.<\/li>\n<\/ul>\n<p>\u010clanak 27.<\/p>\n<p>Odluke Upravnog odbora donose se ve\u0107inom glasova svih \u010dlanova Upravnog odbora.<\/p>\n<p>Sjednice Upravnog odbora odr\u017eavaju se prema potrebi o \u010demu odlu\u010duje predsjednik, a moraju se odr\u017eati najmanje jednom u 6 mjeseci.<\/p>\n<p>\u010clanak 28.<\/p>\n<p>Za svoj rad Upravni odbor odgovara Skup\u0161tini i podnosi Skup\u0161tini godi\u0161nje izvje\u0161\u0107e o svom radu.<\/p>\n<p>Mandat \u010dlanova Upravnog odbora traje dvije godine. Nakon isteka dvije godine, \u010dlan Upravnog odbora mo\u017ee biti ponovno izabran u Upravni odbor.<\/p>\n<p><em>PREDSJEDNIK DRU\u0160TVA<\/em><\/p>\n<p>\u010clanak 29.<\/p>\n<p>Predsjednika Dru\u0161tva bira Skup\u0161tina na mandat od dvije godine. Isti \u010dlan Dru\u0161tva mo\u017ee biti izabran na funkciju predsjednika najvi\u0161e dva puta uzastopno.<\/p>\n<p>Predsjednik Dru\u0161tva je po funkciji ujedno i predsjednik Skup\u0161tine i predsjednik Upravnog odbora.<\/p>\n<p>Predsjednik:<\/p>\n<ul>\n<li>zastupa Dru\u0161tvo,<\/li>\n<li>saziva sjednice i rukovodi radom Skup\u0161tine i Upravnog odbora,<\/li>\n<li>pokre\u0107e raspravu o odre\u0111enim pitanjima iz djelokruga Skup\u0161tine i Upravnog odbora,<\/li>\n<li>brine o izvr\u0161enju odluka, zaklju\u010daka i stavova Skup\u0161tine i Upravnog odbora te podnosi izvje\u0161\u0107a o radu Dru\u0161tva Skup\u0161tini,<\/li>\n<li>sklapa ugovore i poduzima pravne radnje u ime Dru\u0161tva,<\/li>\n<li>brine se o upoznavanju javnosti s radom Skup\u0161tine i njezinih tijela.<\/li>\n<\/ul>\n<p><em>DOPREDSJEDNIK DRU\u0160TVA<\/em><\/p>\n<p><em>\u00a0<\/em>\u010clanak 30.<\/p>\n<p>U slu\u010daju odsutnosti ili sprije\u010denosti predsjednika u svim poslovima zamjenjuje dopredsjednik. Dopredsjednika Dru\u0161tva bira Skup\u0161tina na prijedlog predsjednika na mandat od dvije godine.<\/p>\n<p><em>TAJNIK DRU\u0160TVA<\/em><\/p>\n<p>\u010clanak 31.<\/p>\n<p>Tajnika Dru\u0161tva imenuje Skup\u0161tina na mandat od dvije godine za obavljanje stru\u010dno-administrativnih poslova u Dru\u0161tvu.<\/p>\n<p>Tajnik Dru\u0161tva vodi popis \u010dlanova. Za svoj rad tajnik je odgovoran Skup\u0161tini i Upravnom odboru Dru\u0161tva.<\/p>\n<p>RIZNI\u010cAR DRU\u0160TVA<\/p>\n<p>\u010clanak 32.<\/p>\n<p>Rizni\u010dar se brine za bankovni ra\u010dun Dru\u0161tva i blagajnu.<\/p>\n<p>VI.<\/p>\n<p><strong><em>I M O V I N A ,\u00a0\u00a0 N A \u010c I N\u00a0\u00a0 S T J E C A NJ A\u00a0 I\u00a0 R A S P O L A G A N J E<\/em><\/strong><\/p>\n<p><strong><em>I M O V I N O M<\/em><\/strong><\/p>\n<p><strong><em>\u00a0<\/em><\/strong>\u010clanak 32.<\/p>\n<p>Imovinu Dru\u0161tva \u010dine:<\/p>\n<ul>\n<li>nov\u010dana sredstva koja je Dru\u0161tvo steklo uplatom \u010dlanarina, dobrovoljnim prilozima i darovima<\/li>\n<li>nov\u010dana sredstva koja Dru\u0161tvo stekne obavljanjem djelatnosti kojim se ostvaruju ciljevi, financiranjem programa i projekata Dru\u0161tva iz dr\u017eavnog prora\u010duna i prora\u010duna jedinica lokalne i podru\u010dne (regionalne) samouprave te fondova i\/ili iz inozemnih izvora<\/li>\n<li>nekretnine i pokretne stvari Dru\u0161tva.<\/li>\n<li>Dru\u0161tvo mo\u017ee raspolagati svojom imovinom samo za ostvarivanje ciljeva i obavljanjem djelatnosti odre\u0111enih statutom Dru\u0161tva, u skladu sa zakonom.<\/li>\n<\/ul>\n<p>\u010clanak 33.<\/p>\n<p>Izvje\u0161\u0107e o materijalno-financijskom poslovanju predsjednik Dru\u0161tva podnosi Skup\u0161tini na razmatranje i prihva\u0107anje.<\/p>\n<p>VII.<\/p>\n<p><strong><em>P R E S T A N A K\u00a0\u00a0 P O S T O J A NJ A\u00a0\u00a0 D R U \u0160\u00a0 V A<\/em><\/strong><\/p>\n<p><strong><em>\u00a0<\/em><\/strong>\u010clanak 34.<\/p>\n<p>Dru\u0161tvo prestaje postojati odlukom Skup\u0161tine ili u drugim slu\u010dajevima predvi\u0111enim zakonom. U slu\u010daju prestanka postojanja Dru\u0161tva preostala imovina \u0107e pripasti Sveu\u010dili\u0161tu u Zagrebu.<\/p>\n<p>U slu\u010daju prestanka postojanja temeljem odluke Skup\u0161tine, ista donosi odluku o prestanku postojanja Dru\u0161tva dvotre\u0107inskom ve\u0107inom glasova od ukupnog broja \u010dlanova Skup\u0161tine Dru\u0161tva.<\/p>\n<p>\u010clanak 35.<\/p>\n<p><strong>\u00a0<\/strong>Likvidatora, koji je i \u010dlan Dru\u0161tva, imenuje i opoziva Skup\u0161tina<strong>. <\/strong>Likvidator zastupa Dru\u0161tvo u postupku likvidacije te se otvaranjem likvidacijskog postupka upisuje u Registar udruga kao osoba ovla\u0161tena za zastupanje Dru\u0161tva do okon\u010danja postupka likvidacije i brisanja Dru\u0161tva iz Registra udruga.<\/p>\n<p>VIII<\/p>\n<p><strong><em>P R I J E L A Z N E\u00a0\u00a0 I\u00a0\u00a0 Z A V R \u0160 N E\u00a0\u00a0 O D R E D B E<\/em><\/strong><\/p>\n<p>\u010clanak 36.<\/p>\n<p>Statut Dru\u0161tva donosi Skup\u0161tina ve\u0107inom glasova ukupnog broja \u010dlanova Skup\u0161tine Dru\u0161tva nakon provedene rasprave.<\/p>\n<p>Izmjene Statuta Dru\u0161tva predla\u017ee Upravni odbor ve\u0107inom glasova ukupnog broja \u010dlanova nakon provedene rasprave.<\/p>\n<p>\u010clanak 37.<\/p>\n<p>Tuma\u010denje odredaba ovog Statuta daje Upravni odbor. Tuma\u010denje drugih akata Dru\u0161tva daje Upravni odbor.<\/p>\n<p>U Zagrebu, 15. srpnja 2015. godine.<\/p>\n<p style=\"text-align: right\"><em>Prof.dr.sc. Hrvoje \u0160ar\u010devi\u0107<\/em><\/p>\n<p style=\"text-align: right\"><em>PREDSJEDNIK DRU\u0160TVA<\/em><\/p>\n<p>&nbsp;<\/p>\n","protected":false},"excerpt":{"rendered":"<p>Na temelju \u010dlanka 13. Zakona o udrugama (\u201eNarodne novine\u201c broj 74\/14), skup\u0161tina Hrvatskog geneti\u010dkog dru\u0161tva, na sjednici odr\u017eanoj 15. srpnja 2015. u Zagrebu, donijela je S T A T U T HRVATSKOG GENETI\u010cKOG DRU\u0160TVA I OSNOVNE ODREDBE \u010clanak 1. Ovim statutom reguliraju se: naziv i sjedi\u0161te Hrvatskog geneti\u010dkog dru\u0161tva (dalje u tekstu: Dru\u0161tvo), osobe odgovorne [&hellip;]<\/p>\n","protected":false},"author":429,"featured_media":0,"parent":6,"menu_order":1,"comment_status":"closed","ping_status":"closed","template":"","meta":{"footnotes":""},"class_list":["post-14","page","type-page","status-publish","hentry"],"_links":{"self":[{"href":"https:\/\/pubweb.carnet.hr\/genetika\/wp-json\/wp\/v2\/pages\/14","targetHints":{"allow":["GET"]}}],"collection":[{"href":"https:\/\/pubweb.carnet.hr\/genetika\/wp-json\/wp\/v2\/pages"}],"about":[{"href":"https:\/\/pubweb.carnet.hr\/genetika\/wp-json\/wp\/v2\/types\/page"}],"author":[{"embeddable":true,"href":"https:\/\/pubweb.carnet.hr\/genetika\/wp-json\/wp\/v2\/users\/429"}],"replies":[{"embeddable":true,"href":"https:\/\/pubweb.carnet.hr\/genetika\/wp-json\/wp\/v2\/comments?post=14"}],"version-history":[{"count":2,"href":"https:\/\/pubweb.carnet.hr\/genetika\/wp-json\/wp\/v2\/pages\/14\/revisions"}],"predecessor-version":[{"id":291,"href":"https:\/\/pubweb.carnet.hr\/genetika\/wp-json\/wp\/v2\/pages\/14\/revisions\/291"}],"up":[{"embeddable":true,"href":"https:\/\/pubweb.carnet.hr\/genetika\/wp-json\/wp\/v2\/pages\/6"}],"wp:attachment":[{"href":"https:\/\/pubweb.carnet.hr\/genetika\/wp-json\/wp\/v2\/media?parent=14"}],"curies":[{"name":"wp","href":"https:\/\/api.w.org\/{rel}","templated":true}]}}