{"id":739,"date":"2024-02-15T21:30:45","date_gmt":"2024-02-15T20:30:45","guid":{"rendered":"https:\/\/pubweb.carnet.hr\/eduinc\/?page_id=739"},"modified":"2024-02-16T15:28:53","modified_gmt":"2024-02-16T14:28:53","slug":"simpozij","status":"publish","type":"page","link":"https:\/\/pubweb.carnet.hr\/eduinc\/simpozij\/","title":{"rendered":"Simpozij Fonetika u fokusu"},"content":{"rendered":"<p><img loading=\"lazy\" decoding=\"async\" class=\" wp-image-743 alignright\" src=\"http:\/\/pubweb.carnet.hr\/eduinc\/wp-content\/uploads\/sites\/750\/2024\/02\/guberina-148x300.png\" alt=\"\" width=\"269\" height=\"545\" srcset=\"https:\/\/pubweb.carnet.hr\/eduinc\/wp-content\/uploads\/sites\/750\/2024\/02\/guberina-148x300.png 148w, https:\/\/pubweb.carnet.hr\/eduinc\/wp-content\/uploads\/sites\/750\/2024\/02\/guberina-506x1024.png 506w, https:\/\/pubweb.carnet.hr\/eduinc\/wp-content\/uploads\/sites\/750\/2024\/02\/guberina.png 556w\" sizes=\"auto, (max-width: 269px) 100vw, 269px\" \/><\/p>\n<p>Po\u0161tovani,<\/p>\n<p>pozivamo Vas na prijavu radova za prvi simpozij Fonetika u fokusu: Dijalog o Guberininom naslije\u0111u<\/p>\n<ol start=\"22\">\n<li><strong> svibnja<\/strong> <strong>2024. na Veleu\u010dili\u0161tu \u0160ibenik u \u0160ibeniku.<\/strong><\/li>\n<\/ol>\n<p>Ciljevi simpozija su:<\/p>\n<ul>\n<li>istaknuti va\u017enost fonetike kao znanstvene discipline i njezino naslije\u0111e, posebno u kontekstu doprinosa Petra Guberine.<\/li>\n<li>promovirati razmjenu novih spoznaja, istra\u017eivanja i metodologija iz podru\u010dja rehabilitacije slu\u0161anja i govora<\/li>\n<li>istaknuti va\u017enosti Guberininog rada i njegovog utjecaja na suvremenu fonetiku, lingvistiku i medicinu<\/li>\n<li>potaknuti dijalog i suradnju me\u0111u znanstvenicima, akademskim zajednicama i prakti\u010darima u podru\u010dju fonetike<\/li>\n<li>upoznati se s inovacijama u istra\u017eivanju govora i govorne tehnologije<\/li>\n<li>stvoriti platformu za raspravu o aktualnim pitanjima i izazovima s kojima se susre\u0107u stru\u010dnjaci u podru\u010dju fonetike i srodnih disciplina<\/li>\n<\/ul>\n<p><strong>Prijavom rada do 15. travnja 2024.<\/strong> mo\u017eete obogatiti program konferencije.<\/p>\n<p>Veselimo se Va\u0161im prijavama.<\/p>\n<p>Upute se nalaze na <a href=\"https:\/\/pubweb.carnet.hr\/eduinc\/simpozij-prijave-radova\/\"><span style=\"color: #993366\">poveznici<\/span><\/a><\/p>\n<p>Udruga Edukacijski inkubator<\/p>\n","protected":false},"excerpt":{"rendered":"<p>Po\u0161tovani, pozivamo Vas na prijavu radova za prvi simpozij Fonetika u fokusu: Dijalog o Guberininom naslije\u0111u svibnja 2024. na Veleu\u010dili\u0161tu \u0160ibenik u \u0160ibeniku. Ciljevi simpozija su: istaknuti va\u017enost fonetike kao znanstvene discipline i njezino naslije\u0111e, posebno u kontekstu doprinosa Petra Guberine. promovirati razmjenu novih spoznaja, istra\u017eivanja i metodologija iz podru\u010dja rehabilitacije slu\u0161anja i govora istaknuti [&hellip;]<\/p>\n","protected":false},"author":973,"featured_media":0,"parent":0,"menu_order":0,"comment_status":"closed","ping_status":"closed","template":"","meta":{"footnotes":""},"class_list":["post-739","page","type-page","status-publish","hentry"],"_links":{"self":[{"href":"https:\/\/pubweb.carnet.hr\/eduinc\/wp-json\/wp\/v2\/pages\/739","targetHints":{"allow":["GET"]}}],"collection":[{"href":"https:\/\/pubweb.carnet.hr\/eduinc\/wp-json\/wp\/v2\/pages"}],"about":[{"href":"https:\/\/pubweb.carnet.hr\/eduinc\/wp-json\/wp\/v2\/types\/page"}],"author":[{"embeddable":true,"href":"https:\/\/pubweb.carnet.hr\/eduinc\/wp-json\/wp\/v2\/users\/973"}],"replies":[{"embeddable":true,"href":"https:\/\/pubweb.carnet.hr\/eduinc\/wp-json\/wp\/v2\/comments?post=739"}],"version-history":[{"count":2,"href":"https:\/\/pubweb.carnet.hr\/eduinc\/wp-json\/wp\/v2\/pages\/739\/revisions"}],"predecessor-version":[{"id":758,"href":"https:\/\/pubweb.carnet.hr\/eduinc\/wp-json\/wp\/v2\/pages\/739\/revisions\/758"}],"wp:attachment":[{"href":"https:\/\/pubweb.carnet.hr\/eduinc\/wp-json\/wp\/v2\/media?parent=739"}],"curies":[{"name":"wp","href":"https:\/\/api.w.org\/{rel}","templated":true}]}}

<p><img loading="lazy" decoding="async" class=" wp-image-743 alignright" src="http://pubweb.carnet.hr/eduinc/wp-content/uploads/sites/750/2024/02/guberina-148x300.png" alt="" width="269" height="545" srcset="https://pubweb.carnet.hr/eduinc/wp-content/uploads/sites/750/2024/02/guberina-148x300.png 148w, https://pubweb.carnet.hr/eduinc/wp-content/uploads/sites/750/2024/02/guberina-506x1024.png 506w, https://pubweb.carnet.hr/eduinc/wp-content/uploads/sites/750/2024/02/guberina.png 556w" sizes="auto, (max-width: 269px) 100vw, 269px" /></p>
<p>Poštovani,</p>
<p>pozivamo Vas na prijavu radova za prvi simpozij Fonetika u fokusu: Dijalog o Guberininom naslijeđu</p>
<ol start="22">
<li><strong> svibnja</strong> <strong>2024. na Veleučilištu Šibenik u Šibeniku.</strong></li>
</ol>
<p>Ciljevi simpozija su:</p>
<ul>
<li>istaknuti važnost fonetike kao znanstvene discipline i njezino naslijeđe, posebno u kontekstu doprinosa Petra Guberine.</li>
<li>promovirati razmjenu novih spoznaja, istraživanja i metodologija iz područja rehabilitacije slušanja i govora</li>
<li>istaknuti važnosti Guberininog rada i njegovog utjecaja na suvremenu fonetiku, lingvistiku i medicinu</li>
<li>potaknuti dijalog i suradnju među znanstvenicima, akademskim zajednicama i praktičarima u području fonetike</li>
<li>upoznati se s inovacijama u istraživanju govora i govorne tehnologije</li>
<li>stvoriti platformu za raspravu o aktualnim pitanjima i izazovima s kojima se susreću stručnjaci u području fonetike i srodnih disciplina</li>
</ul>
<p><strong>Prijavom rada do 15. travnja 2024.</strong> možete obogatiti program konferencije.</p>
<p>Veselimo se Vašim prijavama.</p>
<p>Upute se nalaze na <a href="https://pubweb.carnet.hr/eduinc/simpozij-prijave-radova/"><span style="color: #993366">poveznici</span></a></p>
<p>Udruga Edukacijski inkubator</p>

<p>Poštovani, pozivamo Vas na prijavu radova za prvi simpozij Fonetika u fokusu: Dijalog o Guberininom naslijeđu svibnja 2024. na Veleučilištu Šibenik u Šibeniku. Ciljevi simpozija su: istaknuti važnost fonetike kao znanstvene discipline i njezino naslijeđe, posebno u kontekstu doprinosa Petra Guberine. promovirati razmjenu novih spoznaja, istraživanja i metodologija iz područja rehabilitacije slušanja i govora istaknuti [&hellip;]</p>
