{"id":617,"date":"2024-01-21T20:40:39","date_gmt":"2024-01-21T19:40:39","guid":{"rendered":"https:\/\/pubweb.carnet.hr\/eduinc\/?page_id=617"},"modified":"2024-01-30T20:43:44","modified_gmt":"2024-01-30T19:43:44","slug":"itse","status":"publish","type":"page","link":"https:\/\/pubweb.carnet.hr\/eduinc\/itse\/","title":{"rendered":"ITSE"},"content":{"rendered":"<p style=\"text-align: right\"><img loading=\"lazy\" decoding=\"async\" class=\"wp-image-632 alignleft\" src=\"http:\/\/pubweb.carnet.hr\/eduinc\/wp-content\/uploads\/sites\/750\/2024\/01\/cro.png\" alt=\"\" width=\"37\" height=\"36\" \/> <a href=\"https:\/\/pubweb.carnet.hr\/eduinc\/itse-en\/\" target=\"_blank\" rel=\"noopener\"><img loading=\"lazy\" decoding=\"async\" class=\"wp-image-633 alignleft\" src=\"http:\/\/pubweb.carnet.hr\/eduinc\/wp-content\/uploads\/sites\/750\/2024\/01\/english.png\" alt=\"\" width=\"37\" height=\"36\" \/><\/a><\/p>\n<p>&nbsp;<\/p>\n<h2><b>\u00a0 \u00a0 \u00a0 \u00a0 \u00a0 \u00a0 \u00a0 \u00a0 \u00a0 \u00a0 \u00a0 \u00a0 \u00a0POZIV ZA RADOVE<\/b><\/h2>\n<p><img loading=\"lazy\" decoding=\"async\" class=\" wp-image-624 alignright\" src=\"http:\/\/pubweb.carnet.hr\/eduinc\/wp-content\/uploads\/sites\/750\/2024\/01\/cijeli-plakat-184x300.jpg\" alt=\"\" width=\"321\" height=\"523\" srcset=\"https:\/\/pubweb.carnet.hr\/eduinc\/wp-content\/uploads\/sites\/750\/2024\/01\/cijeli-plakat-184x300.jpg 184w, https:\/\/pubweb.carnet.hr\/eduinc\/wp-content\/uploads\/sites\/750\/2024\/01\/cijeli-plakat.jpg 417w\" sizes=\"auto, (max-width: 321px) 100vw, 321px\" \/>Po\u0161tovani,<\/p>\n<p>pozivamo Vas na prijavu radova za prvu Me\u0111unarodnu konferenciju razmjene vje\u0161tina pou\u010davanja \u2013 ITSE, koja \u0107e se odr\u017eati<\/p>\n<p><span style=\"color: #333399\"><strong>12. i 13. travnja<\/strong> <strong>2024. u kampusu Tvr\u0111ave sv. Ivana u \u0160ibeniku.<\/strong><\/span><\/p>\n<p>Cilj ITSE konferencije je razmjena inovacija i primjera dobrih praksi u obrazovanju, unaprje\u0111enje vje\u0161tina pou\u010davanja, poticanje interdisciplinarnog pristupa, stvaranje i ja\u010danje mre\u017ee suradnika, te promoviranje aktivnog u\u010denja.<\/p>\n<p>U vremenu uporabe umjetne inteligencije u u\u010denju i pou\u010davanju te njenom utjecaju na obrazovni sustav, \u017eelimo sagledati postoje\u0107e vje\u0161tine pou\u010davanja, razgovarati o njihovoj u\u010dinkovitosti te istra\u017eiti vje\u0161tine koje su nam potrebne za sada\u0161nje i budu\u0107e obrazovne izazove.<\/p>\n<p><span style=\"color: #333399\"><strong>Prijavom rada do 1. o\u017eujka 2024.<\/strong> <\/span>mo\u017eete obogatiti program konferencije.<\/p>\n<p>Veselimo se Va\u0161im prijavama.<\/p>\n<p>Upute se nalaze na <span style=\"color: #333399\"><a href=\"https:\/\/pubweb.carnet.hr\/eduinc\/itse\/upute\/\"><span style=\"color: #0000ff\">poveznici<\/span><\/a>.<\/span><\/p>\n<p>Udruga Edukacijski inkubator<\/p>\n<p>&nbsp;<\/p>\n","protected":false},"excerpt":{"rendered":"<p>&nbsp; \u00a0 \u00a0 \u00a0 \u00a0 \u00a0 \u00a0 \u00a0 \u00a0 \u00a0 \u00a0 \u00a0 \u00a0 \u00a0POZIV ZA RADOVE Po\u0161tovani, pozivamo Vas na prijavu radova za prvu Me\u0111unarodnu konferenciju razmjene vje\u0161tina pou\u010davanja \u2013 ITSE, koja \u0107e se odr\u017eati 12. i 13. travnja 2024. u kampusu Tvr\u0111ave sv. Ivana u \u0160ibeniku. Cilj ITSE konferencije je razmjena inovacija i primjera [&hellip;]<\/p>\n","protected":false},"author":973,"featured_media":0,"parent":0,"menu_order":0,"comment_status":"closed","ping_status":"closed","template":"","meta":{"footnotes":""},"class_list":["post-617","page","type-page","status-publish","hentry"],"_links":{"self":[{"href":"https:\/\/pubweb.carnet.hr\/eduinc\/wp-json\/wp\/v2\/pages\/617","targetHints":{"allow":["GET"]}}],"collection":[{"href":"https:\/\/pubweb.carnet.hr\/eduinc\/wp-json\/wp\/v2\/pages"}],"about":[{"href":"https:\/\/pubweb.carnet.hr\/eduinc\/wp-json\/wp\/v2\/types\/page"}],"author":[{"embeddable":true,"href":"https:\/\/pubweb.carnet.hr\/eduinc\/wp-json\/wp\/v2\/users\/973"}],"replies":[{"embeddable":true,"href":"https:\/\/pubweb.carnet.hr\/eduinc\/wp-json\/wp\/v2\/comments?post=617"}],"version-history":[{"count":3,"href":"https:\/\/pubweb.carnet.hr\/eduinc\/wp-json\/wp\/v2\/pages\/617\/revisions"}],"predecessor-version":[{"id":713,"href":"https:\/\/pubweb.carnet.hr\/eduinc\/wp-json\/wp\/v2\/pages\/617\/revisions\/713"}],"wp:attachment":[{"href":"https:\/\/pubweb.carnet.hr\/eduinc\/wp-json\/wp\/v2\/media?parent=617"}],"curies":[{"name":"wp","href":"https:\/\/api.w.org\/{rel}","templated":true}]}}