{"id":465,"date":"2023-11-22T12:09:55","date_gmt":"2023-11-22T11:09:55","guid":{"rendered":"https:\/\/pubweb.carnet.hr\/eduinc\/?page_id=465"},"modified":"2024-03-07T19:54:50","modified_gmt":"2024-03-07T18:54:50","slug":"podrska-pripravnicima","status":"publish","type":"page","link":"https:\/\/pubweb.carnet.hr\/eduinc\/projekti\/podrska-pripravnicima\/","title":{"rendered":"Podr\u0161ka"},"content":{"rendered":"<p>EU <a href=\"https:\/\/pubweb.carnet.hr\/eduinc\/projekti\/podrska-pripravnicima\/natura-toolkit\/\" rel=\"attachment wp-att-800\"><img loading=\"lazy\" decoding=\"async\" class=\"size-medium wp-image-800 alignleft\" src=\"http:\/\/pubweb.carnet.hr\/eduinc\/wp-content\/uploads\/sites\/750\/2024\/03\/Natura-toolkit-300x183.jpg\" alt=\"\" width=\"300\" height=\"183\" srcset=\"https:\/\/pubweb.carnet.hr\/eduinc\/wp-content\/uploads\/sites\/750\/2024\/03\/Natura-toolkit-300x183.jpg 300w, https:\/\/pubweb.carnet.hr\/eduinc\/wp-content\/uploads\/sites\/750\/2024\/03\/Natura-toolkit-768x468.jpg 768w, https:\/\/pubweb.carnet.hr\/eduinc\/wp-content\/uploads\/sites\/750\/2024\/03\/Natura-toolkit.jpg 991w\" sizes=\"auto, (max-width: 300px) 100vw, 300px\" \/><\/a>priru\u010dnik za za\u0161titu prirode namijenjen nastavnicima koji pou\u010davaju u\u010denike u dobi od 13 do 16 godina u Europskoj Uniji. Alat je mogu\u0107e upotrebljavati u \u0161kolama kao i u neformalnim institucijama, npr. u prirodoslovnim muzejima ili centrima za obrazovanje o okoli\u0161u, odnosno u posjetiteljskim centrima. Preuzmite ga na poveznicama:<\/p>\n<p><a href=\"https:\/\/learning-corner.learning.europa.eu\/learning-materials\/european-nature-protection-toolkit_hr\" target=\"_blank\" rel=\"noopener\">https:\/\/learning-corner.learning.europa.eu\/learning-materials\/european-nature-protection-toolkit_hr<\/a><\/p>\n<p><a href=\"https:\/\/pubweb.carnet.hr\/eduinc\/projekti\/podrska-pripravnicima\/europski-alat-za-zastitu-prirode-kh0121411hrn\/\" rel=\"attachment wp-att-796\">europski alat za za\u0161titu prirode-KH0121411HRN<\/a><\/p>\n","protected":false},"excerpt":{"rendered":"<p>EU priru\u010dnik za za\u0161titu prirode namijenjen nastavnicima koji pou\u010davaju u\u010denike u dobi od 13 do 16 godina u Europskoj Uniji. Alat je mogu\u0107e upotrebljavati u \u0161kolama kao i u neformalnim institucijama, npr. u prirodoslovnim muzejima ili centrima za obrazovanje o okoli\u0161u, odnosno u posjetiteljskim centrima. Preuzmite ga na poveznicama: https:\/\/learning-corner.learning.europa.eu\/learning-materials\/european-nature-protection-toolkit_hr europski alat za za\u0161titu prirode-KH0121411HRN<\/p>\n","protected":false},"author":973,"featured_media":0,"parent":49,"menu_order":2,"comment_status":"closed","ping_status":"closed","template":"","meta":{"footnotes":""},"class_list":["post-465","page","type-page","status-publish","hentry"],"_links":{"self":[{"href":"https:\/\/pubweb.carnet.hr\/eduinc\/wp-json\/wp\/v2\/pages\/465","targetHints":{"allow":["GET"]}}],"collection":[{"href":"https:\/\/pubweb.carnet.hr\/eduinc\/wp-json\/wp\/v2\/pages"}],"about":[{"href":"https:\/\/pubweb.carnet.hr\/eduinc\/wp-json\/wp\/v2\/types\/page"}],"author":[{"embeddable":true,"href":"https:\/\/pubweb.carnet.hr\/eduinc\/wp-json\/wp\/v2\/users\/973"}],"replies":[{"embeddable":true,"href":"https:\/\/pubweb.carnet.hr\/eduinc\/wp-json\/wp\/v2\/comments?post=465"}],"version-history":[{"count":2,"href":"https:\/\/pubweb.carnet.hr\/eduinc\/wp-json\/wp\/v2\/pages\/465\/revisions"}],"predecessor-version":[{"id":801,"href":"https:\/\/pubweb.carnet.hr\/eduinc\/wp-json\/wp\/v2\/pages\/465\/revisions\/801"}],"up":[{"embeddable":true,"href":"https:\/\/pubweb.carnet.hr\/eduinc\/wp-json\/wp\/v2\/pages\/49"}],"wp:attachment":[{"href":"https:\/\/pubweb.carnet.hr\/eduinc\/wp-json\/wp\/v2\/media?parent=465"}],"curies":[{"name":"wp","href":"https:\/\/api.w.org\/{rel}","templated":true}]}}