{"id":183,"date":"2025-10-29T21:43:29","date_gmt":"2025-10-29T20:43:29","guid":{"rendered":"https:\/\/pubweb.carnet.hr\/czpd\/?page_id=183"},"modified":"2025-10-29T23:50:28","modified_gmt":"2025-10-29T22:50:28","slug":"projekti","status":"publish","type":"page","link":"https:\/\/pubweb.carnet.hr\/czpd\/aktivnosti\/projekti\/","title":{"rendered":"PROJEKTI"},"content":{"rendered":"<h2><strong>2023.\/2024. STEM zona<\/strong><\/h2>\n<p>U \u0161kolskoj godini 2023.\/2024., Zajednica tehni\u010dke kulture Rijeka udru\u017eila je snage s partnerima iz odgojno-obrazovnih ustanova kako bi pokrenula projekt nazvan \u201cSTEM zona\u201d. U suradnji s Osnovnom \u0161kolom \u201cVladimir Gortan\u201d Rijeka, Osnovnom \u0161kolom Kostrena, Elektroindustrijskom i obrtni\u010dkom \u0161kolom Rijeka, \u017deljezni\u010dkom tehni\u010dkom \u0161kolom Moravice, te uz podr\u0161ku Centra tehni\u010dke izvrsnosti \u201cTesla\u201d Rijeka i Centra za poticanje darovitosti Rijeka, projekt je dobio zna\u010dajno priznanje i financiranje od strane Ministarstva znanosti i obrazovanja Republike Hrvatske.<\/p>\n<p>\u201cSTEM zona\u201d je inovativni projekt koji \u0107e obogatiti izvaninstitucionalne obrazovne sadr\u017eaje u podru\u010dju STEM obrazovanja za preko 250 u\u010denika. Glavni cilj ovog projekta je pru\u017eiti u\u010denicima osnovnih i srednjih \u0161kola mogu\u0107nost u\u010denja novih vje\u0161tina kroz inovativne STEM radionice i prakti\u010dan rad na 3D printeru velikog formata. Kroz specijalizirane radionice u podru\u010dju elektrotehnike, elektronike, mehanike i informatike, u\u010denici \u0107e ste\u0107i konkretne kompetencije koje su tra\u017eene na tr\u017ei\u0161tu rada, dok \u0107e rad na 3D printeru omogu\u0107iti primjenu stvorenih proizvoda, poput solarnog automobila.<\/p>\n<p>Ovim projektom, \u017eeli se potaknuti razvoj konkurentnog obrazovanja temeljenog na projektnoj nastavi i pristupu u\u010denja kroz rad, \u010dime se omogu\u0107uje direktna primjena znanja iz podru\u010dja znanosti, tehnologije, in\u017eenjerstva i matematike (STEM).<\/p>\n<p>Vi\u0161e o projektu:\u00a0<a href=\"https:\/\/ztk-rijeka.hr\/kategorija\/stem-zona\">https:\/\/ztk-rijeka.hr\/kategorija\/stem-zona<\/a><\/p>\n<h2><strong>2023.\/2024. KaDAR<\/strong><\/h2>\n<p>Projekta KaDAR, je financiran iz Javnog poziva za sufinanciranje projekata rada s darovitim u\u010denicima u osnovnim i srednjim \u0161kolama u \u0161kolskoj godini 2023.\/2024. Ministarstva znanosti i obrazovanja. Projekt provodi Osnovna \u0161kola Vladimir Gortan Rijeka, a Centar je ponosni partner u ovom projektu.<\/p>\n<p>O\u010dekuje se da \u0107e projekt donijeti pozitivne rezultate, uklju\u010duju\u0107i razvoj vje\u0161tina u video produkciji, unapre\u0111enje kreativnosti i izra\u017eavanja, poticanje suradnje i timskog rada te pove\u0107anje samopouzdanja u\u010denika. Projekt KaDAR ne samo da pru\u017ea priliku za izra\u017eavanje kreativnosti, ve\u0107 i doprinosi oboga\u0107ivanju obrazovnog iskustva na\u0161ih u\u010denika.<\/p>\n<p>Vi\u0161e o projektu i provedenim aktivnostima mo\u017eete saznati na:\u00a0<a href=\"https:\/\/web-arhiva.skole.hr\/os-vgortan-ri\/Projekt_KaDAR.html\">https:\/\/web-arhiva.skole.hr\/os-vgortan-ri\/Projekt_KaDAR.html<\/a><\/p>\n<h2><strong>2022.\/2023. \u0160KOLA KAO \u201cGNIJEZDO\u201d DAROVITOSTI<\/strong><\/h2>\n<p>Centar za poticanje darovitosti zapo\u010deo je s provedbom projekta \u0160KOLA KAO \u201cGNIJEZDO\u201d DAROVITOSTI \u2013 poticajno okru\u017eenje za dobrobit sve djece.<\/p>\n<p><strong>Op\u0107i cilj projekta<\/strong>\u00a0je pove\u0107ati mogu\u0107nosti djeci i mladima da u okviru redovnog odgojno-obrazovnog sustava, ali i izvan redovnog odgojno-obrazovnog sustava steknu znanje, vje\u0161tine i usvoje primjerena stajali\u0161ta te pobolj\u0161aju kvalitetu \u017eivota, a u skladu sa svojim interesima i sposobnostima.<\/p>\n<p>Projekt se provodi u partnerstvu s Osnovnom \u0161kolom Ivana Gorana Kova\u010di\u0107a Vrbovsko i Osnovnom \u0161kolom Drago Gervais, Bre\u0161ca, a financira ga Ministarstvo znanosti i obrazovanja temeljem rezultata Natje\u010daja za dodjelu bespovratnih sredstava projektima udruga u podru\u010dju izvaninstitucionalnoga odgoja i obrazovanja djece i mladih u \u0161kolskoj godini 2022.\/2023.<\/p>\n<p><a href=\"https:\/\/web.archive.org\/web\/20250319133126\/https:\/gnijezdo1.wordpress.com\/obavijesti\/\">O projektu<\/a><\/p>\n<p>Facebook: <a href=\"https:\/\/web.archive.org\/web\/20250319133126\/https:\/www.facebook.com\/gnijezdo1\">https:\/\/www.facebook.com\/gnijezdo1<\/a><\/p>\n<h2><strong>2023.\/2025.Vrti\u0107 za sve, sada i u budu\u0107nosti<\/strong><\/h2>\n<p>\u201cVrti\u0107 za sve, sada i u budu\u0107nosti\u201d projekt je DV Radost, Crikvenica, u kojem su sudjelovale na\u0161e psihologinje svojim predavanjem. Vi\u0161e o projektu mo\u017eete saznati na sljede\u0107em linku: <a href=\"https:\/\/web.archive.org\/web\/20250210064329\/https:\/radost-crikvenica.hr\/erasmus-plus\/\">https:\/\/radost-crikvenica.hr\/erasmus-plus\/<\/a><\/p>\n<h2><strong>2020. Muzej budu\u0107nosti<\/strong><\/h2>\n<p>Centar za poticanje darovitosti je partner\/suradnik u projektu Pomorskog i povijesnog muzeja te u sklopu toga odr\u017eava edukaciju o darovitosti.<\/p>\n<p>Vi\u0161e o projektu mo\u017eete pro\u010ditati na sljede\u0107oj poveznici:\u00a0<a href=\"https:\/\/ppmhp.hr\/muzej-buducnosti\">https:\/\/ppmhp.hr\/muzej-buducnosti<\/a><\/p>\n<p><strong>DAROVITOST \u2013 kako prepoznati, podr\u017eavati i razvijati?<\/strong><\/p>\n<p>Radionica se odr\u017eala u \u010detvrtak, <strong>17. rujna 2020.<\/strong> u 10 sati pod vodstvom psihologinje <strong>Jasne Borbelj \u010ceko<\/strong> iz Centar za poticanje darovitosti\/ Centre for Gifted Children.<\/p>\n<p>Zakonska regulativa RH prepoznaje darovitu djecu kao djecu s posebnim odgojno-obrazovnim potrebama te za njih predvi\u0111a posebne programe, no njihova prakti\u010dna provedba nije zadovoljavaju\u0107a. Uspjesi na\u0161ih darovitih za sada su posljedica prije svega educiranih i posve\u0107enih pojedinaca (u\u010ditelja, profesora i stru\u010dnih djelatnika, kao i roditelja) koji znaju prepoznati darovito dijete i osigurati mu okvir za uspjeh.<\/p>\n<p>Prema J. Renzulliju, poznatom ameri\u010dkom edukacijskom psihologu, udio darovite djece u pojedinom dru\u0161tvu mo\u017ee dosezati i do visokih 20\u201325%. Oni su na\u0161 nevidljivi potencijal. Ukoliko darovitu djecu propustimo prepoznati, poticati i primjereno obrazovati, propu\u0161tamo ulagati u one me\u0111u nama koji imaju najve\u0107i potencijal doprinijeti zajedni\u010dkom razvoju i op\u0107oj dobrobiti. Istovremeno, propu\u0161tamo ulagati u osobnu dobrobit i razvoj svakog nadarenog pojedinca.<\/p>\n<p>Radionice \u0107e se odvijati u Pomorskom i povijesnom muzeju Hrvatskog primorja Rijeka u skladu s epidemiolo\u0161kim preporukama. U slu\u010daju pogor\u0161anja epidemiolo\u0161ke situacije odvijat \u0107e se preko ZOOM platforme.<br \/>\nProgram je dio projekta \u201cMuzej budu\u0107nosti \u2013 gra\u0111ansko muzejsko vije\u0107e kao model sudioni\u010dkog upravljanja\u201d financiranog od strane Europskog socijalnog fonda<\/p>\n<h2><strong>Znanstveni boravak<\/strong><\/h2>\n<p>Projekt Znanstveni boravak, udruge za darovitosti DAR provodi se uz podr\u0161ku Unicredit Fondation, a namijenjen je darovitim i talentiranim u\u010denicima osnovnih \u0161kola, kao i svim zainteresiranim u\u010denicima. Program obuhva\u0107a dodatne aktivnosti, primarno vezane uz znanost, ali i ostala podru\u010dja kao \u0161to su psihologija i sport.<\/p>\n<p>Kao partner projekta, Centar za poticanje darovitosti, odr\u017eati \u0107e radionice za djecu i SENG radionice za roditelje.<\/p>\n<p>Vi\u0161e o projektu mo\u017eete saznati na stranicama\u00a0<a href=\"https:\/\/web.archive.org\/web\/20250319122645\/http:\/www.udrugadar.hr\/2019\/08\/29\/projekt-znanstveni-boravak\/%C5%BD\">Udruge DAR<\/a>.<\/p>\n<p><strong>Arhiva objava<\/strong><\/p>\n<p><strong>Zavr\u0161etak SENG radionica za roditelje\u00a0<\/strong><\/p>\n<p>Na\u0161a dr. sc. Jasna Arrigoni i doc. dr. sc. Danijela Blanu\u0161a Tro\u0161elj odr\u017eale su osam SENG radionica za roditelje darovite djece u okviru projekta Znanstveni boravak Udruge za darovitost DAR.<br \/>\nHvala Vam svima na sudjelovanju i lijepim povratnim komentarima.<\/p>\n<p><strong>Online radionica \u201cZimska pri\u010da\u201d<\/strong><\/p>\n<p>Radi velikog interesa, odr\u017eat \u0107emo jo\u0161 jednu radionicu u sklopu projekta Znanstveni boravak na\u0161ih dragih prijatelja iz Udruga za darovitost DAR.<\/p>\n<p><strong>Odr\u017eana online radionica \u201cTri pra\u0161\u010di\u0107a\u201d<\/strong><\/p>\n<p>Pod voditeljstvom na\u0161e Antonije, razgovarala i znanstveno sagledala pri\u010du Tri pra\u0161\u010di\u0107a.<br \/>\nDjeca su izradila modele ku\u0107ica od razli\u010ditih prirodnih, nestrukturiranih materijala; osmislili hipoteze, testirali ih i zaklju\u010divali o uzro\u010dno-posljedi\u010dnim vezama provedbom pokusa na temu strujanja zraka; izradili i koristili instrumente za mjerenje brzine, smjera i ja\u010dine vjetra (anemometar, vjetrokaz) i jo\u0161 puno drugih stvari.<br \/>\nOnline radionica je odr\u017eana u sklopu projekta Znanstveni boravak Udruge za darovitost DAR uz podr\u0161ku Unicredit Fondation.<\/p>\n<p><strong>Odr\u017eana online radionica \u201c\u010carobna sapunica\u201d<\/strong><\/p>\n<p>Odr\u017eane prva online radionica koju smo nazvali \u010carobna sapunica. To je bila tre\u0107a od ukupno \u010detiri radionice koje se odr\u017eavaju u sklopu projekta\u00a0Znanstveni boravak\u00a0Udruge za darovitost DAR.<\/p>\n<p><strong>Posjet Udruge za darovitost DAR<\/strong><\/p>\n<p>Posjetili su nas prijatelji iz Udruga za darovitost DAR u sklopu projekta Znanstveni boravak u kojem Centar sudjeluje kao partner. Na\u0161a \u010dlanica Antonia \u0106uri\u0107 odr\u017eala je dvije radionice na temu znanosti i znanstvenog mi\u0161ljenja. S djecom smo razgovarali o tome tko su to znanstvenici, kako ih zami\u0161ljamo i \u0161to rade te smo primijenili metodu znanstvenog mi\u0161ljenja kako bi promatrali, bilje\u017eili i vrednovali izra\u0111ene sladolede i izumili nove, nikad vi\u0111ene okuse.<\/p>\n","protected":false},"excerpt":{"rendered":"<p>2023.\/2024. STEM zona U \u0161kolskoj godini 2023.\/2024., Zajednica tehni\u010dke kulture Rijeka udru\u017eila je snage s partnerima iz odgojno-obrazovnih ustanova kako bi pokrenula projekt nazvan \u201cSTEM zona\u201d. U suradnji s Osnovnom \u0161kolom \u201cVladimir Gortan\u201d Rijeka, Osnovnom \u0161kolom Kostrena, Elektroindustrijskom i obrtni\u010dkom \u0161kolom Rijeka, \u017deljezni\u010dkom tehni\u010dkom \u0161kolom Moravice, te uz podr\u0161ku Centra tehni\u010dke izvrsnosti \u201cTesla\u201d Rijeka i &hellip; <a href=\"https:\/\/pubweb.carnet.hr\/czpd\/aktivnosti\/projekti\/\" class=\"more-link\">Nastavi \u010ditati <span class=\"screen-reader-text\">PROJEKTI<\/span> <span class=\"meta-nav\">&rarr;<\/span><\/a><\/p>\n","protected":false},"author":1020,"featured_media":0,"parent":40,"menu_order":4,"comment_status":"closed","ping_status":"closed","template":"","meta":{"footnotes":""},"class_list":["post-183","page","type-page","status-publish","hentry"],"_links":{"self":[{"href":"https:\/\/pubweb.carnet.hr\/czpd\/wp-json\/wp\/v2\/pages\/183","targetHints":{"allow":["GET"]}}],"collection":[{"href":"https:\/\/pubweb.carnet.hr\/czpd\/wp-json\/wp\/v2\/pages"}],"about":[{"href":"https:\/\/pubweb.carnet.hr\/czpd\/wp-json\/wp\/v2\/types\/page"}],"author":[{"embeddable":true,"href":"https:\/\/pubweb.carnet.hr\/czpd\/wp-json\/wp\/v2\/users\/1020"}],"replies":[{"embeddable":true,"href":"https:\/\/pubweb.carnet.hr\/czpd\/wp-json\/wp\/v2\/comments?post=183"}],"version-history":[{"count":2,"href":"https:\/\/pubweb.carnet.hr\/czpd\/wp-json\/wp\/v2\/pages\/183\/revisions"}],"predecessor-version":[{"id":288,"href":"https:\/\/pubweb.carnet.hr\/czpd\/wp-json\/wp\/v2\/pages\/183\/revisions\/288"}],"up":[{"embeddable":true,"href":"https:\/\/pubweb.carnet.hr\/czpd\/wp-json\/wp\/v2\/pages\/40"}],"wp:attachment":[{"href":"https:\/\/pubweb.carnet.hr\/czpd\/wp-json\/wp\/v2\/media?parent=183"}],"curies":[{"name":"wp","href":"https:\/\/api.w.org\/{rel}","templated":true}]}}