{"id":61,"date":"2024-09-15T02:57:47","date_gmt":"2024-09-15T00:57:47","guid":{"rendered":"https:\/\/pubweb.carnet.hr\/centar-integracija-refleksa\/?page_id=61"},"modified":"2024-09-15T06:48:38","modified_gmt":"2024-09-15T04:48:38","slug":"mediji","status":"publish","type":"page","link":"https:\/\/pubweb.carnet.hr\/centar-integracija-refleksa\/mediji\/","title":{"rendered":"Mediji"},"content":{"rendered":"<p>Organizirali smo obilje\u017eavanje Svjetskog dana sindroma Down na Bundeku, dok se ove godine, 2024., doga\u0111anje odr\u017ealo na Zrinjevcu u suradnji sa Svjetskim savezom mladih. Suorganizatori ovog va\u017enog doga\u0111aja bili su Centar za neurorazvojnu integraciju refleksa i Svjetski savez mladih Hrvatska, uz podr\u0161ku Gradskog ureda za socijalnu za\u0161titu i zdravstvo, Ministarstva rada, mirovinskog sustava, obitelji i socijalne politike te Ureda Predsjednika Republike.<br \/>\nPosebno su odu\u0161evili mladi plesa\u010di sa sindromom Down koji su cijelo vrijeme animirali publiku, kako na pozornici tako i me\u0111u prisutnima. Njihova spontanost i veselje ostavili su sna\u017ean dojam na sve sudionike, osobito u zavr\u0161nom dijelu kada su zajedno s Indirom Levak zaplesali uz pjesmu \u201cSvijet voli pobjednike\u201d.<br \/>\nNa doga\u0111anju su nastupili brojni poznati izvo\u0111a\u010di: Indira Levak (ex Colonia), Mia Dim\u0161i\u0107, Meja\u0161i, Detour, Feminnem, Miach, Jure Brklja\u010da, Marija Mirkovi\u0107 (ex Frajle) i David Temelkov, koji su svojim izvedbama pridonijeli stvaranju nezaboravne atmosfere i podr\u0161ke ovom va\u017enom doga\u0111aju.<\/p>\n<blockquote class=\"wp-embedded-content\" data-secret=\"WHPrlPDbtl\"><p><a href=\"https:\/\/zagrebmojgrad.hr\/dobrotvornim-koncertomsuncem-povezani-obiljezen-je-svjetski-dan-sindroma-down\/\">Dobrotvornim\u00a0koncertom \u201eSuncem povezani\u201c\u00a0 obilje\u017een je\u00a0Svjetski dan sindroma Down<\/a><\/p><\/blockquote>\n<p><iframe loading=\"lazy\" class=\"wp-embedded-content\" sandbox=\"allow-scripts\" security=\"restricted\" style=\"position: absolute; visibility: hidden;\" title=\"&#8220;Dobrotvornim\u00a0koncertom \u201eSuncem povezani\u201c\u00a0 obilje\u017een je\u00a0Svjetski dan sindroma Down&#8221; &#8212; Zagreb moj grad\" src=\"https:\/\/zagrebmojgrad.hr\/dobrotvornim-koncertomsuncem-povezani-obiljezen-je-svjetski-dan-sindroma-down\/embed\/#?secret=l3lR73aud2#?secret=WHPrlPDbtl\" data-secret=\"WHPrlPDbtl\" width=\"600\" height=\"338\" frameborder=\"0\" marginwidth=\"0\" marginheight=\"0\" scrolling=\"no\"><\/iframe><\/p>\n<p>https:\/\/magazin.hrt.hr\/mladi\/suncem-povezani-inkluzivni-tulum-za-mlade-sa-sindromom-down-i-ostale-vrsnjake-11430820<\/p>\n<p>https:\/\/laudato.hr\/vijesti\/svjetski-dan-osoba-s-downovim-sindromom-obiljezen-na-zrinjevcuhttps:\/\/www.edusinfo.hr\/aktualno\/iz-obrazovanja\/suncem-povezani-inkluzivni-tulum-za-mlade-sa-sindromom-down-i-ostale-vrsnjake-59347<\/p>\n<p>https:\/\/www.autorizirano.hr\/najave-dogadaja\/u-nedjelju-24-ozujka-u-zagrebackom-parku-zrinjevac-odrzat-ce-se-besplatni-koncert-suncem-povezani-u-trajanju-od-19-do-21-sat-kojim-ce-se-obiljeziti-svjetski-dan-sindroma-down\/<\/p>\n<p>Proslava Svjetskog dana sindroma Down ove nedjelje u parku Zrinjevac<\/p>\n","protected":false},"excerpt":{"rendered":"<p>Organizirali smo obilje\u017eavanje Svjetskog dana sindroma Down na Bundeku, dok se ove godine, 2024., doga\u0111anje odr\u017ealo na Zrinjevcu u suradnji sa Svjetskim savezom mladih. Suorganizatori ovog va\u017enog doga\u0111aja bili su Centar za neurorazvojnu integraciju refleksa i Svjetski savez mladih Hrvatska, &hellip;<\/p>\n<p class=\"read-more\"> <a class=\"more-link\" href=\"https:\/\/pubweb.carnet.hr\/centar-integracija-refleksa\/mediji\/\"> <span class=\"screen-reader-text\">Mediji<\/span> Read More &raquo;<\/a><\/p>\n","protected":false},"author":992,"featured_media":0,"parent":0,"menu_order":0,"comment_status":"closed","ping_status":"closed","template":"","meta":{"footnotes":""},"class_list":["post-61","page","type-page","status-publish","hentry"],"_links":{"self":[{"href":"https:\/\/pubweb.carnet.hr\/centar-integracija-refleksa\/wp-json\/wp\/v2\/pages\/61","targetHints":{"allow":["GET"]}}],"collection":[{"href":"https:\/\/pubweb.carnet.hr\/centar-integracija-refleksa\/wp-json\/wp\/v2\/pages"}],"about":[{"href":"https:\/\/pubweb.carnet.hr\/centar-integracija-refleksa\/wp-json\/wp\/v2\/types\/page"}],"author":[{"embeddable":true,"href":"https:\/\/pubweb.carnet.hr\/centar-integracija-refleksa\/wp-json\/wp\/v2\/users\/992"}],"replies":[{"embeddable":true,"href":"https:\/\/pubweb.carnet.hr\/centar-integracija-refleksa\/wp-json\/wp\/v2\/comments?post=61"}],"version-history":[{"count":2,"href":"https:\/\/pubweb.carnet.hr\/centar-integracija-refleksa\/wp-json\/wp\/v2\/pages\/61\/revisions"}],"predecessor-version":[{"id":126,"href":"https:\/\/pubweb.carnet.hr\/centar-integracija-refleksa\/wp-json\/wp\/v2\/pages\/61\/revisions\/126"}],"wp:attachment":[{"href":"https:\/\/pubweb.carnet.hr\/centar-integracija-refleksa\/wp-json\/wp\/v2\/media?parent=61"}],"curies":[{"name":"wp","href":"https:\/\/api.w.org\/{rel}","templated":true}]}}