{"id":118,"date":"2024-09-15T06:40:30","date_gmt":"2024-09-15T04:40:30","guid":{"rendered":"https:\/\/pubweb.carnet.hr\/centar-integracija-refleksa\/?page_id=118"},"modified":"2024-09-15T06:46:06","modified_gmt":"2024-09-15T04:46:06","slug":"projekti","status":"publish","type":"page","link":"https:\/\/pubweb.carnet.hr\/centar-integracija-refleksa\/projekti\/","title":{"rendered":"Projekti"},"content":{"rendered":"<p>Sudjelujemo u sufinanciranim projektima s Ministarstvom rada, mirovinskog sustava, obitelji i socijalne politike te s Gradom Zagrebom i Zagreba\u010dkom \u017eupanijom.<\/p>\n<p>Izrazito smo zahvalni na podr\u0161ci na\u0161eg Zlatnog sponzora, hrvatske tvrtke Comping, kao i ostalim sponzorima, uklju\u010duju\u0107i Janaf, HBOR, PEVEX, ZAMP i mnoge druge. Njihova potpora klju\u010dna je za realizaciju na\u0161ih programa i aktivnosti te omogu\u0107uje da zajedni\u010dki doprinosimo boljitku na\u0161e zajednice.<\/p>\n<p>Redovito organiziramo panele u suradnji s Edukacijsko-rehabilitacijskim fakultetom na temu kao \u0161to je \u201eZa\u0161tite mentalnog zdravlja kod osoba s intelektualnim te\u0161ko\u0107ama\u201c.<\/p>\n<p>Pokrenuli smo i uspje\u0161no proveli EU projekte financirane sredstvima Europskog socijalnog fonda, pod nazivom \u201cNa Izvoru Znanja\u201d i \u201cPomozi mi u Startu.\u201d<br \/>\nNa izvoru znanja \u2013 ja\u010danje kapaciteta za podr\u0161ku ranjivim skupinama UP.04.2.1.11.0202<br \/>\n\u201cPomozi mi u startu\u201d \u2013 Rana intervencija i sport za osobe s invaliditetom kao va\u017ean \u010dimbenik u prevenciji bolesti i promociji zdravlja UP.02.2.1.08.0183<\/p>\n","protected":false},"excerpt":{"rendered":"<p>Sudjelujemo u sufinanciranim projektima s Ministarstvom rada, mirovinskog sustava, obitelji i socijalne politike te s Gradom Zagrebom i Zagreba\u010dkom \u017eupanijom. Izrazito smo zahvalni na podr\u0161ci na\u0161eg Zlatnog sponzora, hrvatske tvrtke Comping, kao i ostalim sponzorima, uklju\u010duju\u0107i Janaf, HBOR, PEVEX, ZAMP &hellip;<\/p>\n<p class=\"read-more\"> <a class=\"more-link\" href=\"https:\/\/pubweb.carnet.hr\/centar-integracija-refleksa\/projekti\/\"> <span class=\"screen-reader-text\">Projekti<\/span> Read More &raquo;<\/a><\/p>\n","protected":false},"author":992,"featured_media":0,"parent":0,"menu_order":0,"comment_status":"closed","ping_status":"closed","template":"","meta":{"footnotes":""},"class_list":["post-118","page","type-page","status-publish","hentry"],"_links":{"self":[{"href":"https:\/\/pubweb.carnet.hr\/centar-integracija-refleksa\/wp-json\/wp\/v2\/pages\/118","targetHints":{"allow":["GET"]}}],"collection":[{"href":"https:\/\/pubweb.carnet.hr\/centar-integracija-refleksa\/wp-json\/wp\/v2\/pages"}],"about":[{"href":"https:\/\/pubweb.carnet.hr\/centar-integracija-refleksa\/wp-json\/wp\/v2\/types\/page"}],"author":[{"embeddable":true,"href":"https:\/\/pubweb.carnet.hr\/centar-integracija-refleksa\/wp-json\/wp\/v2\/users\/992"}],"replies":[{"embeddable":true,"href":"https:\/\/pubweb.carnet.hr\/centar-integracija-refleksa\/wp-json\/wp\/v2\/comments?post=118"}],"version-history":[{"count":2,"href":"https:\/\/pubweb.carnet.hr\/centar-integracija-refleksa\/wp-json\/wp\/v2\/pages\/118\/revisions"}],"predecessor-version":[{"id":122,"href":"https:\/\/pubweb.carnet.hr\/centar-integracija-refleksa\/wp-json\/wp\/v2\/pages\/118\/revisions\/122"}],"wp:attachment":[{"href":"https:\/\/pubweb.carnet.hr\/centar-integracija-refleksa\/wp-json\/wp\/v2\/media?parent=118"}],"curies":[{"name":"wp","href":"https:\/\/api.w.org\/{rel}","templated":true}]}}